{"id":6564,"date":"2024-09-29T18:23:24","date_gmt":"2024-09-29T16:23:24","guid":{"rendered":"https:\/\/redestudiosafricanos.org\/?post_type=comunicacion&#038;p=6564"},"modified":"2024-10-07T11:33:23","modified_gmt":"2024-10-07T09:33:23","slug":"is-there-a-northern-question-acholiland-a-lalba-de-la-uganda-postcolonial-violencies-en-disputa","status":"publish","type":"comunicacion","link":"https:\/\/redestudiosafricanos.org\/ca\/comunicacion\/is-there-a-northern-question-acholiland-a-lalba-de-la-uganda-postcolonial-violencies-en-disputa\/","title":{"rendered":"Is there a Northern question? Acholiland a l&#8217;alba de la Uganda postcolonial: viol\u00e8ncies en disputa"},"content":{"rendered":"<p>L\u2019any 1987, el soci\u00f2leg A. G. G. Gingyera-Pinycwa es preguntava: \u201cExisteix una q\u00fcesti\u00f3 del Nord?\u201d. Aquesta reflexi\u00f3 va sorgir poc despr\u00e9s de l&#039;arribada de Yoweri Museveni a la presid\u00e8ncia d&#039;Uganda. Gaireb\u00e9 quaranta anys despr\u00e9s, el nord del pa\u00eds encara pateix les conseq\u00fc\u00e8ncies d\u2019aquesta pregunta no resolta. La viol\u00e8ncia del Lord\u2019s Resistance Army i l\u2019ex\u00e8rcit ugand\u00e8s va marcar la vida de la poblaci\u00f3 durant m\u00e9s de 30 anys, deixant un buit hist\u00f2ric i memorial sobre les causes d\u2019aquestes viol\u00e8ncies, i generant la necessitat d\u2019estudiar-les amb profunditat.<br \/>\nEl 1986, Uganda va posar fi a un conflicte armat que havia comen\u00e7at el 1982, quan un grup de rebels es va enfrontar al govern de Milton Obote en la seva segona etapa presidencial. El l\u00edder rebel, Yoweri Museveni, va fundar el National Resistance Army durant el seu exili a Mo\u00e7ambic i Tanz\u00e0nia. Amb la seva vict\u00f2ria, va crear l\u2019Uganda People\u2019s Defence Force (UPDF), destinada a substituir les estructures militars heretades del per\u00edode colonial.<\/p>\n<p>No obstant aix\u00f2, aquest final va marcar l\u2019inici de noves formes de viol\u00e8ncia. Molts dels militars desmobilitzats, especialment d&#039;origen acholi i d&#039;altres regions del nord, van tornar derrotats a les seves llars, ven\u00e7uts no nom\u00e9s militarment, sin\u00f3 tamb\u00e9 pol\u00edticament, socialment, econ\u00f2micament i moralment. Aquesta greu crisi d\u2019adaptaci\u00f3 va portar alguns a reprendre les armes, desencadenant un nou conflicte armat que es va allargar fins al 2009.<\/p>\n<p>Aquesta comunicaci\u00f3 vol reflexionar sobre unes viol\u00e8ncies en un context postcolonial desconegut a Espanya. Ens permet aprofundir en els debats sobre la continu\u00eftat o no d\u2019aquestes viol\u00e8ncies, que a Uganda es connecten amb etapes precolonials i colonials, i es transformen en les din\u00e0miques de lluites d\u2019emancipaci\u00f3 africanes postcolonials.<\/p>\n","protected":false},"author":1327,"featured_media":0,"template":"","meta":{"_acf_changed":false,"_et_pb_use_builder":"","_et_pb_old_content":"","_et_gb_content_width":"","footnotes":""},"ciea":[87],"class_list":["post-6564","comunicacion","type-comunicacion","status-publish","hentry","ciea-ciea12"],"acf":[],"_links":{"self":[{"href":"https:\/\/redestudiosafricanos.org\/ca\/wp-json\/wp\/v2\/comunicacion\/6564","targetHints":{"allow":["GET"]}}],"collection":[{"href":"https:\/\/redestudiosafricanos.org\/ca\/wp-json\/wp\/v2\/comunicacion"}],"about":[{"href":"https:\/\/redestudiosafricanos.org\/ca\/wp-json\/wp\/v2\/types\/comunicacion"}],"author":[{"embeddable":true,"href":"https:\/\/redestudiosafricanos.org\/ca\/wp-json\/wp\/v2\/users\/1327"}],"version-history":[{"count":1,"href":"https:\/\/redestudiosafricanos.org\/ca\/wp-json\/wp\/v2\/comunicacion\/6564\/revisions"}],"predecessor-version":[{"id":6565,"href":"https:\/\/redestudiosafricanos.org\/ca\/wp-json\/wp\/v2\/comunicacion\/6564\/revisions\/6565"}],"wp:attachment":[{"href":"https:\/\/redestudiosafricanos.org\/ca\/wp-json\/wp\/v2\/media?parent=6564"}],"wp:term":[{"taxonomy":"ciea","embeddable":true,"href":"https:\/\/redestudiosafricanos.org\/ca\/wp-json\/wp\/v2\/ciea?post=6564"}],"curies":[{"name":"wp","href":"https:\/\/api.w.org\/{rel}","templated":true}]}}

Is there a Northern question? Acholiland a l&#8217;alba de la Uganda postcolonial: violències en disputa

<p>L’any 1987, el sociòleg A. G. G. Gingyera-Pinycwa es preguntava: “Existeix una qüestió del Nord?”. Aquesta reflexió va sorgir poc després de l&#039;arribada de Yoweri Museveni a la presidència d&#039;Uganda. Gairebé quaranta anys després, el nord del país encara pateix les conseqüències d’aquesta pregunta no resolta. La violència del Lord’s Resistance Army i l’exèrcit ugandès va marcar la vida de la població durant més de 30 anys, deixant un buit històric i memorial sobre les causes d’aquestes violències, i generant la necessitat d’estudiar-les amb profunditat.<br />
El 1986, Uganda va posar fi a un conflicte armat que havia començat el 1982, quan un grup de rebels es va enfrontar al govern de Milton Obote en la seva segona etapa presidencial. El líder rebel, Yoweri Museveni, va fundar el National Resistance Army durant el seu exili a Moçambic i Tanzània. Amb la seva victòria, va crear l’Uganda People’s Defence Force (UPDF), destinada a substituir les estructures militars heretades del període colonial.</p>
<p>No obstant això, aquest final va marcar l’inici de noves formes de violència. Molts dels militars desmobilitzats, especialment d&#039;origen acholi i d&#039;altres regions del nord, van tornar derrotats a les seves llars, vençuts no només militarment, sinó també políticament, socialment, econòmicament i moralment. Aquesta greu crisi d’adaptació va portar alguns a reprendre les armes, desencadenant un nou conflicte armat que es va allargar fins al 2009.</p>
<p>Aquesta comunicació vol reflexionar sobre unes violències en un context postcolonial desconegut a Espanya. Ens permet aprofundir en els debats sobre la continuïtat o no d’aquestes violències, que a Uganda es connecten amb etapes precolonials i colonials, i es transformen en les dinàmiques de lluites d’emancipació africanes postcolonials.</p>
