{"id":6634,"date":"2024-09-30T11:28:24","date_gmt":"2024-09-30T09:28:24","guid":{"rendered":"https:\/\/redestudiosafricanos.org\/?post_type=comunicacion&#038;p=6634"},"modified":"2024-10-07T11:33:23","modified_gmt":"2024-10-07T09:33:23","slug":"guerra-e-violencia-em-mocambique","status":"publish","type":"comunicacion","link":"https:\/\/redestudiosafricanos.org\/ca\/comunicacion\/guerra-e-violencia-em-mocambique\/","title":{"rendered":"Guerra e Viol\u00eancia em Mo\u00e7ambique"},"content":{"rendered":"<p>Quando o Tratado de Berlim e os acordos que se lhe seguiram definiram as fronteiras de Mo\u00e7ambique, Portugal ocupava apenas alguns entrepostos no litoral e a maior parte do territ\u00f3rio constitu\u00eda uma grande e aguerrida base de resist\u00eancia \u00e0 ocupa\u00e7\u00e3o portuguesa. O mais intenso e organizado foco de resist\u00eancia era o do Imp\u00e9rio de Gaza, com capital em Manjacaze, onde reinava o Gungunhana. A ocupa\u00e7\u00e3o do territ\u00f3rio e a chamada \u201cpacifica\u00e7\u00e3o\u201d de Mo\u00e7ambique, com a submiss\u00e3o pela for\u00e7a militar dos imp\u00e9rios e reinos tradicionais, desarticulou os focos de resist\u00eancia, embora n\u00e3o tenha feito desaparecer os sentimentos de contornos nacionalistas, que se desenvolveram pelo ide\u00e1rio da I Rep\u00fablica.<br \/>\nO car\u00e1cter repressivo do regime portugu\u00eas, particularmente brutal e impune nas col\u00f3nias, fez com que as principais organiza\u00e7\u00f5es de inspira\u00e7\u00e3o nacionalista, tenham nascido por iniciativa de mo\u00e7ambicanos imigrados nos pa\u00edses vizinhos. A FRELIMO resultou da uni\u00e3o dessas organiza\u00e7\u00f5es. Esta, deu in\u00edcio \u00e0 luta armada em Setembro de 1964.<br \/>\nFoi forte e massiva a ades\u00e3o ao projecto da FRELIMO entre 1974 e 1975, antes e ap\u00f3s a  independ\u00eancia. Esse ambiente iria ser alterado, pois a FRELIMO, ao querer mudar o discurso do colonizador, falhou e foi come\u00e7ando a ser cada vez mais questionada, desembocando este descontentamento na guerra civil, que tanto fragilizou Mo\u00e7ambique. Esta coloca o problema da sua caracteriza\u00e7\u00e3o, algo complexa, por ser dif\u00edcil estabelecer a separa\u00e7\u00e3o entre uma guerra de agress\u00e3o alimentada por pa\u00edses vizinhos e uma guerra civil que opunha a FRELIMO \u00e0 RENAMO.<br \/>\nPara Carolyn Nordstrom (1997), as guerras s\u00e3o muitas vezes apresentadas como tendo antecedentes hist\u00f3ricos e reproduzindo h\u00e1bitos culturais. E se a guerra \u00e9 um fen\u00f3meno cultural, muitas das estrat\u00e9gias que estiveram na base da guerra civil em Mo\u00e7ambique, incluindo as culturas de resist\u00eancia \u00e0 viol\u00eancia e \u00e0 opress\u00e3o podem muito bem ser encontradas nos conflitos passados.<\/p>\n","protected":false},"author":111,"featured_media":0,"template":"","meta":{"_acf_changed":false,"_et_pb_use_builder":"","_et_pb_old_content":"","_et_gb_content_width":"","footnotes":""},"ciea":[87],"class_list":["post-6634","comunicacion","type-comunicacion","status-publish","hentry","ciea-ciea12"],"acf":[],"_links":{"self":[{"href":"https:\/\/redestudiosafricanos.org\/ca\/wp-json\/wp\/v2\/comunicacion\/6634","targetHints":{"allow":["GET"]}}],"collection":[{"href":"https:\/\/redestudiosafricanos.org\/ca\/wp-json\/wp\/v2\/comunicacion"}],"about":[{"href":"https:\/\/redestudiosafricanos.org\/ca\/wp-json\/wp\/v2\/types\/comunicacion"}],"author":[{"embeddable":true,"href":"https:\/\/redestudiosafricanos.org\/ca\/wp-json\/wp\/v2\/users\/111"}],"version-history":[{"count":1,"href":"https:\/\/redestudiosafricanos.org\/ca\/wp-json\/wp\/v2\/comunicacion\/6634\/revisions"}],"predecessor-version":[{"id":6635,"href":"https:\/\/redestudiosafricanos.org\/ca\/wp-json\/wp\/v2\/comunicacion\/6634\/revisions\/6635"}],"wp:attachment":[{"href":"https:\/\/redestudiosafricanos.org\/ca\/wp-json\/wp\/v2\/media?parent=6634"}],"wp:term":[{"taxonomy":"ciea","embeddable":true,"href":"https:\/\/redestudiosafricanos.org\/ca\/wp-json\/wp\/v2\/ciea?post=6634"}],"curies":[{"name":"wp","href":"https:\/\/api.w.org\/{rel}","templated":true}]}}

Guerra e Violência em Moçambique

<p>Quando o Tratado de Berlim e os acordos que se lhe seguiram definiram as fronteiras de Moçambique, Portugal ocupava apenas alguns entrepostos no litoral e a maior parte do território constituía uma grande e aguerrida base de resistência à ocupação portuguesa. O mais intenso e organizado foco de resistência era o do Império de Gaza, com capital em Manjacaze, onde reinava o Gungunhana. A ocupação do território e a chamada “pacificação” de Moçambique, com a submissão pela força militar dos impérios e reinos tradicionais, desarticulou os focos de resistência, embora não tenha feito desaparecer os sentimentos de contornos nacionalistas, que se desenvolveram pelo ideário da I República.<br />
O carácter repressivo do regime português, particularmente brutal e impune nas colónias, fez com que as principais organizações de inspiração nacionalista, tenham nascido por iniciativa de moçambicanos imigrados nos países vizinhos. A FRELIMO resultou da união dessas organizações. Esta, deu início à luta armada em Setembro de 1964.<br />
Foi forte e massiva a adesão ao projecto da FRELIMO entre 1974 e 1975, antes e após a  independência. Esse ambiente iria ser alterado, pois a FRELIMO, ao querer mudar o discurso do colonizador, falhou e foi começando a ser cada vez mais questionada, desembocando este descontentamento na guerra civil, que tanto fragilizou Moçambique. Esta coloca o problema da sua caracterização, algo complexa, por ser difícil estabelecer a separação entre uma guerra de agressão alimentada por países vizinhos e uma guerra civil que opunha a FRELIMO à RENAMO.<br />
Para Carolyn Nordstrom (1997), as guerras são muitas vezes apresentadas como tendo antecedentes históricos e reproduzindo hábitos culturais. E se a guerra é um fenómeno cultural, muitas das estratégias que estiveram na base da guerra civil em Moçambique, incluindo as culturas de resistência à violência e à opressão podem muito bem ser encontradas nos conflitos passados.</p>
