{"id":6672,"date":"2024-09-30T15:26:41","date_gmt":"2024-09-30T13:26:41","guid":{"rendered":"https:\/\/redestudiosafricanos.org\/?post_type=comunicacion&#038;p=6672"},"modified":"2024-10-07T18:38:10","modified_gmt":"2024-10-07T16:38:10","slug":"consenso-democratico-e-eficacia-politica-subjetiva-em-cabo-verde","status":"publish","type":"comunicacion","link":"https:\/\/redestudiosafricanos.org\/ca\/comunicacion\/consenso-democratico-e-eficacia-politica-subjetiva-em-cabo-verde\/","title":{"rendered":"Consenso Democr\u00e1tico e Efic\u00e1cia Pol\u00edtica Subjetiva em Cabo Verde"},"content":{"rendered":"<p>Cabo Verde \u00e9 um Estado &#8211; na\u00e7\u00e3o arquipel\u00e1gico, coeso e est\u00e1vel, que desde a sua segunda grande transi\u00e7\u00e3o pol\u00edtica, no in\u00edcio dos anos 90, no quadro da 3\u00aa vaga, \u00e9 tido como um caso de democratiza\u00e7\u00e3o bem conseguida e exemplar no contexto africano.<br \/>\nA instala\u00e7\u00e3o e o normal funcionamento do arcabou\u00e7o normativo &#8211; institucional democr\u00e1tico e a realiza\u00e7\u00e3o de v\u00e1rios ciclos eleitorais e altern\u00e2ncias tranquilas s\u00e3o ganhos ineg\u00e1veis deste processo e que denotam uma satisfat\u00f3ria maturidade democr\u00e1tica do pa\u00eds.<br \/>\nContudo, carecem de melhor compreens\u00e3o a profundidade desses ganhos a n\u00edvel societ\u00e1rio e cultural, ou da cultura pol\u00edtica. Assim, atrav\u00e9s desta reflex\u00e3o, pretendemos aferir, de forma mais consistente poss\u00edvel, o grau de apropria\u00e7\u00e3o do sistema no seio da popula\u00e7\u00e3o assim como a efic\u00e1cia pol\u00edtica subjetiva dos cidad\u00e3os, dimens\u00f5es essas que nos permitir\u00e3o ter uma no\u00e7\u00e3o mais clara sobre a interioriza\u00e7\u00e3o, a valoriza\u00e7\u00e3o e a qualidade do funcionamento do sistema democr\u00e1tico em Cabo Verde e a rela\u00e7\u00e3o do cidad\u00e3o comum com o mesmo.<\/p>\n","protected":false},"author":1364,"featured_media":0,"template":"","meta":{"_acf_changed":false,"_et_pb_use_builder":"","_et_pb_old_content":"","_et_gb_content_width":"","footnotes":""},"ciea":[87],"class_list":["post-6672","comunicacion","type-comunicacion","status-publish","hentry","ciea-ciea12"],"acf":[],"_links":{"self":[{"href":"https:\/\/redestudiosafricanos.org\/ca\/wp-json\/wp\/v2\/comunicacion\/6672","targetHints":{"allow":["GET"]}}],"collection":[{"href":"https:\/\/redestudiosafricanos.org\/ca\/wp-json\/wp\/v2\/comunicacion"}],"about":[{"href":"https:\/\/redestudiosafricanos.org\/ca\/wp-json\/wp\/v2\/types\/comunicacion"}],"author":[{"embeddable":true,"href":"https:\/\/redestudiosafricanos.org\/ca\/wp-json\/wp\/v2\/users\/1364"}],"version-history":[{"count":1,"href":"https:\/\/redestudiosafricanos.org\/ca\/wp-json\/wp\/v2\/comunicacion\/6672\/revisions"}],"predecessor-version":[{"id":6673,"href":"https:\/\/redestudiosafricanos.org\/ca\/wp-json\/wp\/v2\/comunicacion\/6672\/revisions\/6673"}],"wp:attachment":[{"href":"https:\/\/redestudiosafricanos.org\/ca\/wp-json\/wp\/v2\/media?parent=6672"}],"wp:term":[{"taxonomy":"ciea","embeddable":true,"href":"https:\/\/redestudiosafricanos.org\/ca\/wp-json\/wp\/v2\/ciea?post=6672"}],"curies":[{"name":"wp","href":"https:\/\/api.w.org\/{rel}","templated":true}]}}

Consenso Democrático e Eficácia Política Subjetiva em Cabo Verde

<p>Cabo Verde é um Estado &#8211; nação arquipelágico, coeso e estável, que desde a sua segunda grande transição política, no início dos anos 90, no quadro da 3ª vaga, é tido como um caso de democratização bem conseguida e exemplar no contexto africano.<br />
A instalação e o normal funcionamento do arcabouço normativo &#8211; institucional democrático e a realização de vários ciclos eleitorais e alternâncias tranquilas são ganhos inegáveis deste processo e que denotam uma satisfatória maturidade democrática do país.<br />
Contudo, carecem de melhor compreensão a profundidade desses ganhos a nível societário e cultural, ou da cultura política. Assim, através desta reflexão, pretendemos aferir, de forma mais consistente possível, o grau de apropriação do sistema no seio da população assim como a eficácia política subjetiva dos cidadãos, dimensões essas que nos permitirão ter uma noção mais clara sobre a interiorização, a valorização e a qualidade do funcionamento do sistema democrático em Cabo Verde e a relação do cidadão comum com o mesmo.</p>
