{"id":6833,"date":"2024-10-01T04:07:50","date_gmt":"2024-10-01T02:07:50","guid":{"rendered":"https:\/\/redestudiosafricanos.org\/?post_type=comunicacion&#038;p=6833"},"modified":"2024-10-07T11:33:23","modified_gmt":"2024-10-07T09:33:23","slug":"a-respeito-da-violencia-colonial-reverberacoes-politicas-e-historicas-em-duas-narrativas-literarias-africanas-de-lingua-portuguesa","status":"publish","type":"comunicacion","link":"https:\/\/redestudiosafricanos.org\/ca\/comunicacion\/a-respeito-da-violencia-colonial-reverberacoes-politicas-e-historicas-em-duas-narrativas-literarias-africanas-de-lingua-portuguesa\/","title":{"rendered":"A RESPEITO DA VIOL\u00caNCIA COLONIAL: REVERBERA\u00c7\u00d5ES POL\u00cdTICAS E HIST\u00d3RICAS EM DUAS NARRATIVAS LITER\u00c1RIAS AFRICANAS DE L\u00cdNGUA PORTUGUESA"},"content":{"rendered":"<p>N\u00e3o h\u00e1 colonialismo que prescinda do exerc\u00edcio da viol\u00eancia. No colonialismo, a viol\u00eancia n\u00e3o \u00e9 circunstancial, epis\u00f3dica, ela \u00e9 essencial, sist\u00eamica, racial, como bem apontou o fil\u00f3sofo e psiquiatra martinicano Frantz Fanon. Diante desse contexto, in\u00fameros escritores de terras colonizadas, em particular da \u00c1frica, interpretaram o sistema e trataram as sequelas desse processo de domina\u00e7\u00e3o em suas sociedades. Propomos, assim, uma an\u00e1lise e leitura interpretativa do tema a partir dos textos liter\u00e1rios \u201cO \u00faltimo pesadelo\u201d, da escritora mo\u00e7ambicana L\u00edlia Mompl\u00e9, presente no livro Ningu\u00e9m matou Suhura, e \u201cA fronteira de asfalto\u201d, um dos que comp\u00f5em o livro A cidade e a inf\u00e2ncia, do escritor angolano Jos\u00e9 Luandino Vieira, considerando o contexto hist\u00f3rico e social ao qual se inserem as obras, bem como a constru\u00e7\u00e3o simb\u00f3lica de suas principais personagens. Os cen\u00e1rios temporais dessas narrativas abarcam justamente o per\u00edodo hist\u00f3rico de segunda metade do s\u00e9culo XX (precisamente entre os anos de 1950 e 1974), o qual circula um imagin\u00e1rio imperialista portugu\u00eas pautado na homogeneidade territorial anacr\u00f4nica, ao mesmo tempo que se desenvolve a luta nacionalista pela independ\u00eancia das suas antigas col\u00f4nias africanas. Para tal, contaremos com as contribui\u00e7\u00f5es te\u00f3rico-cr\u00edticas de autores como Frantz Fanon, Aim\u00e9 C\u00e9saire e Grada Kilomba. Ao expor quest\u00f5es colonialistas com tamanha criticidade, denunciando a viol\u00eancia e brutalidade dos confrontos pela emancipa\u00e7\u00e3o nacional, atrav\u00e9s da literatura, L\u00edlia Mompl\u00e9 e Jos\u00e9 Luandino Vieira constroem um discurso narrativo que mant\u00e9m fortes v\u00ednculos com a Hist\u00f3ria, fazendo com que a literatura reflita dignamente aos conflitos e tens\u00f5es pol\u00edticas vividas por esses povos, assim como mobilizam as mem\u00f3rias sociais que oscilam entre passado e presente. Nesse sentido, os textos se mant\u00eam bastante atuais no que tange \u00e0 an\u00e1lise do que foi o contexto colonial e de como a repress\u00e3o e viol\u00eancia coloniais foram exercidas desde ent\u00e3o.<\/p>\n","protected":false},"author":1403,"featured_media":0,"template":"","meta":{"_acf_changed":false,"_et_pb_use_builder":"","_et_pb_old_content":"","_et_gb_content_width":"","footnotes":""},"ciea":[87],"class_list":["post-6833","comunicacion","type-comunicacion","status-publish","hentry","ciea-ciea12"],"acf":[],"_links":{"self":[{"href":"https:\/\/redestudiosafricanos.org\/ca\/wp-json\/wp\/v2\/comunicacion\/6833","targetHints":{"allow":["GET"]}}],"collection":[{"href":"https:\/\/redestudiosafricanos.org\/ca\/wp-json\/wp\/v2\/comunicacion"}],"about":[{"href":"https:\/\/redestudiosafricanos.org\/ca\/wp-json\/wp\/v2\/types\/comunicacion"}],"author":[{"embeddable":true,"href":"https:\/\/redestudiosafricanos.org\/ca\/wp-json\/wp\/v2\/users\/1403"}],"version-history":[{"count":1,"href":"https:\/\/redestudiosafricanos.org\/ca\/wp-json\/wp\/v2\/comunicacion\/6833\/revisions"}],"predecessor-version":[{"id":6834,"href":"https:\/\/redestudiosafricanos.org\/ca\/wp-json\/wp\/v2\/comunicacion\/6833\/revisions\/6834"}],"wp:attachment":[{"href":"https:\/\/redestudiosafricanos.org\/ca\/wp-json\/wp\/v2\/media?parent=6833"}],"wp:term":[{"taxonomy":"ciea","embeddable":true,"href":"https:\/\/redestudiosafricanos.org\/ca\/wp-json\/wp\/v2\/ciea?post=6833"}],"curies":[{"name":"wp","href":"https:\/\/api.w.org\/{rel}","templated":true}]}}

A RESPEITO DA VIOLÊNCIA COLONIAL: REVERBERAÇÕES POLÍTICAS E HISTÓRICAS EM DUAS NARRATIVAS LITERÁRIAS AFRICANAS DE LÍNGUA PORTUGUESA

<p>Não há colonialismo que prescinda do exercício da violência. No colonialismo, a violência não é circunstancial, episódica, ela é essencial, sistêmica, racial, como bem apontou o filósofo e psiquiatra martinicano Frantz Fanon. Diante desse contexto, inúmeros escritores de terras colonizadas, em particular da África, interpretaram o sistema e trataram as sequelas desse processo de dominação em suas sociedades. Propomos, assim, uma análise e leitura interpretativa do tema a partir dos textos literários “O último pesadelo”, da escritora moçambicana Lília Momplé, presente no livro Ninguém matou Suhura, e “A fronteira de asfalto”, um dos que compõem o livro A cidade e a infância, do escritor angolano José Luandino Vieira, considerando o contexto histórico e social ao qual se inserem as obras, bem como a construção simbólica de suas principais personagens. Os cenários temporais dessas narrativas abarcam justamente o período histórico de segunda metade do século XX (precisamente entre os anos de 1950 e 1974), o qual circula um imaginário imperialista português pautado na homogeneidade territorial anacrônica, ao mesmo tempo que se desenvolve a luta nacionalista pela independência das suas antigas colônias africanas. Para tal, contaremos com as contribuições teórico-críticas de autores como Frantz Fanon, Aimé Césaire e Grada Kilomba. Ao expor questões colonialistas com tamanha criticidade, denunciando a violência e brutalidade dos confrontos pela emancipação nacional, através da literatura, Lília Momplé e José Luandino Vieira constroem um discurso narrativo que mantém fortes vínculos com a História, fazendo com que a literatura reflita dignamente aos conflitos e tensões políticas vividas por esses povos, assim como mobilizam as memórias sociais que oscilam entre passado e presente. Nesse sentido, os textos se mantêm bastante atuais no que tange à análise do que foi o contexto colonial e de como a repressão e violência coloniais foram exercidas desde então.</p>
