{"id":4735,"date":"2024-07-10T03:00:08","date_gmt":"2024-07-10T01:00:08","guid":{"rendered":"https:\/\/redestudiosafricanos.org\/?post_type=comunicacion&#038;p=4735"},"modified":"2024-10-03T18:00:05","modified_gmt":"2024-10-03T16:00:05","slug":"intolerancia-religiosa-no-brasil-contra-religiososas-de-matrizes-africanas","status":"publish","type":"comunicacion","link":"https:\/\/redestudiosafricanos.org\/en\/comunicacion\/intolerancia-religiosa-no-brasil-contra-religiososas-de-matrizes-africanas\/","title":{"rendered":"Intoler\u00e2ncia Religiosa no Brasil contra Religiosos(as) de Matrizes Africanas"},"content":{"rendered":"<p>A intoler\u00e2ncia religiosa \u00e9 um dos maiores desafios sociais e pol\u00edticos na contemporaneidade. No momento atual assistimos uma grande discuss\u00e3o, nos v\u00e1rios nichos sociais, sobre a intoler\u00e2ncia religiosa no pa\u00eds. Tal fen\u00f4meno vem acompanhado de um crescimento dos grupos neopentecostais, que t\u00eam ocupado diferentes esferas pol\u00edticas, sociais e econ\u00f4micas, e com isto t\u00eam propagado os seus discursos intolerantes, cujos principais alvos s\u00e3o os adeptos das religi\u00f5es de matriz africana. Fruto do desenvolvimento da ideologia racista, fomentada entre os s\u00e9culos XVII e XIX, a intoler\u00e2ncia religiosa serviu para justificar a domina\u00e7\u00e3o e a coloniza\u00e7\u00e3o das popula\u00e7\u00f5es negras em \u00c1frica, o traslado e a escravid\u00e3o dos mesmos nas Am\u00e9ricas, principalmente no Brasil. Igualmente \u00e9 tamb\u00e9m objetivo desta comina\u00e7\u00e3o analisar os processos de marginaliza\u00e7\u00e3o social e pol\u00edtica desses sujeitos enquanto subalternizados. Deste modo, para recompor e estruturar as nossas an\u00e1lises, tamb\u00e9m \u00e9 anseio dessa proposta de comunica\u00e7\u00e3o \u00e9 evidenciar os marcos hist\u00f3ricos relevantes desse processo at\u00e9 o acontecer da I Caminhada em defesa da Liberdade Religiosa, realizada em 2008, na cidade do Rio de Janeiro, bem como a sua compara\u00e7\u00e3o com Marcha para Jesus, realizada no mesmo ano.<\/p>\n","protected":false},"author":963,"featured_media":0,"template":"","meta":{"_acf_changed":false,"_et_pb_use_builder":"","_et_pb_old_content":"","_et_gb_content_width":"","footnotes":""},"ciea":[87],"class_list":["post-4735","comunicacion","type-comunicacion","status-publish","hentry","ciea-ciea12"],"acf":[],"_links":{"self":[{"href":"https:\/\/redestudiosafricanos.org\/en\/wp-json\/wp\/v2\/comunicacion\/4735","targetHints":{"allow":["GET"]}}],"collection":[{"href":"https:\/\/redestudiosafricanos.org\/en\/wp-json\/wp\/v2\/comunicacion"}],"about":[{"href":"https:\/\/redestudiosafricanos.org\/en\/wp-json\/wp\/v2\/types\/comunicacion"}],"author":[{"embeddable":true,"href":"https:\/\/redestudiosafricanos.org\/en\/wp-json\/wp\/v2\/users\/963"}],"version-history":[{"count":1,"href":"https:\/\/redestudiosafricanos.org\/en\/wp-json\/wp\/v2\/comunicacion\/4735\/revisions"}],"predecessor-version":[{"id":4736,"href":"https:\/\/redestudiosafricanos.org\/en\/wp-json\/wp\/v2\/comunicacion\/4735\/revisions\/4736"}],"wp:attachment":[{"href":"https:\/\/redestudiosafricanos.org\/en\/wp-json\/wp\/v2\/media?parent=4735"}],"wp:term":[{"taxonomy":"ciea","embeddable":true,"href":"https:\/\/redestudiosafricanos.org\/en\/wp-json\/wp\/v2\/ciea?post=4735"}],"curies":[{"name":"wp","href":"https:\/\/api.w.org\/{rel}","templated":true}]}}

Intolerância Religiosa no Brasil contra Religiosos(as) de Matrizes Africanas

<p>A intolerância religiosa é um dos maiores desafios sociais e políticos na contemporaneidade. No momento atual assistimos uma grande discussão, nos vários nichos sociais, sobre a intolerância religiosa no país. Tal fenômeno vem acompanhado de um crescimento dos grupos neopentecostais, que têm ocupado diferentes esferas políticas, sociais e econômicas, e com isto têm propagado os seus discursos intolerantes, cujos principais alvos são os adeptos das religiões de matriz africana. Fruto do desenvolvimento da ideologia racista, fomentada entre os séculos XVII e XIX, a intolerância religiosa serviu para justificar a dominação e a colonização das populações negras em África, o traslado e a escravidão dos mesmos nas Américas, principalmente no Brasil. Igualmente é também objetivo desta cominação analisar os processos de marginalização social e política desses sujeitos enquanto subalternizados. Deste modo, para recompor e estruturar as nossas análises, também é anseio dessa proposta de comunicação é evidenciar os marcos históricos relevantes desse processo até o acontecer da I Caminhada em defesa da Liberdade Religiosa, realizada em 2008, na cidade do Rio de Janeiro, bem como a sua comparação com Marcha para Jesus, realizada no mesmo ano.</p>
