{"id":5103,"date":"2024-07-24T11:51:06","date_gmt":"2024-07-24T09:51:06","guid":{"rendered":"https:\/\/redestudiosafricanos.org\/?post_type=comunicacion&#038;p=5103"},"modified":"2024-10-07T11:43:31","modified_gmt":"2024-10-07T09:43:31","slug":"reflexoes-e-olhares-esteticos-na-adaptacao-cinematografica-do-romance-os-flagelados-do-vento-leste-de-manuel-lopes","status":"publish","type":"comunicacion","link":"https:\/\/redestudiosafricanos.org\/en\/comunicacion\/reflexoes-e-olhares-esteticos-na-adaptacao-cinematografica-do-romance-os-flagelados-do-vento-leste-de-manuel-lopes\/","title":{"rendered":"Reflex\u00f5es e olhares est\u00e9ticos na adapta\u00e7\u00e3o cinematogr\u00e1fica do romance &#8220;Os Flagelados do Vento Leste&#8221;, de Manuel Lopes"},"content":{"rendered":"<p>A literatura e o cinema s\u00e3o formas de comunica\u00e7\u00e3o expressivas que dialogam constantemente e geram rela\u00e7\u00f5es sem\u00e2nticas, tem\u00e1ticas e intertextuais.<br \/>\nEscolheu-se para esta investiga\u00e7\u00e3o o livro &quot;Os Flagelados do Vento Leste&quot;, de Manuel Lopes (1959), um testemunho fiel da forma de viver nas ilhas de Cabo Verde, e em especial em Santo Ant\u00e3o.<br \/>\nPretende-se estudar o confronto entre as imagens liter\u00e1rias e as cinematogr\u00e1ficas, estabelecer um paralelismo na rela\u00e7\u00e3o dial\u00f3gica entre o texto liter\u00e1rio e a sua adapta\u00e7\u00e3o ao cinema por Ant\u00f3nio Faria em 1987, refletindo na quest\u00e3o da fidelidade liter\u00e1ria, a interpreta\u00e7\u00e3o das diversas personagens, suas tem\u00e1ticas e novos olhares presentes na produ\u00e7\u00e3o f\u00edlmica.<br \/>\nAlguns te\u00f3ricos ser\u00e3o utilizados: Andr\u00e9 Bazin, Robert Stam, Jos\u00e9 Luuis Noriega, Jean Mitry, J. Ranci\u00e8re e outros que forem necess\u00e1rios.<br \/>\nPalavras- chave: Literatura, cinema, adapta\u00e7\u00e3o, Cabo Verde, interpreta\u00e7\u00e3o, o pict\u00f3rico.<\/p>\n","protected":false},"author":708,"featured_media":0,"template":"","meta":{"_acf_changed":false,"_et_pb_use_builder":"","_et_pb_old_content":"","_et_gb_content_width":"","footnotes":""},"ciea":[87],"class_list":["post-5103","comunicacion","type-comunicacion","status-publish","hentry","ciea-ciea12"],"acf":[],"_links":{"self":[{"href":"https:\/\/redestudiosafricanos.org\/en\/wp-json\/wp\/v2\/comunicacion\/5103","targetHints":{"allow":["GET"]}}],"collection":[{"href":"https:\/\/redestudiosafricanos.org\/en\/wp-json\/wp\/v2\/comunicacion"}],"about":[{"href":"https:\/\/redestudiosafricanos.org\/en\/wp-json\/wp\/v2\/types\/comunicacion"}],"author":[{"embeddable":true,"href":"https:\/\/redestudiosafricanos.org\/en\/wp-json\/wp\/v2\/users\/708"}],"version-history":[{"count":1,"href":"https:\/\/redestudiosafricanos.org\/en\/wp-json\/wp\/v2\/comunicacion\/5103\/revisions"}],"predecessor-version":[{"id":5104,"href":"https:\/\/redestudiosafricanos.org\/en\/wp-json\/wp\/v2\/comunicacion\/5103\/revisions\/5104"}],"wp:attachment":[{"href":"https:\/\/redestudiosafricanos.org\/en\/wp-json\/wp\/v2\/media?parent=5103"}],"wp:term":[{"taxonomy":"ciea","embeddable":true,"href":"https:\/\/redestudiosafricanos.org\/en\/wp-json\/wp\/v2\/ciea?post=5103"}],"curies":[{"name":"wp","href":"https:\/\/api.w.org\/{rel}","templated":true}]}}

Reflexões e olhares estéticos na adaptação cinematográfica do romance &#8220;Os Flagelados do Vento Leste&#8221;, de Manuel Lopes

<p>A literatura e o cinema são formas de comunicação expressivas que dialogam constantemente e geram relações semânticas, temáticas e intertextuais.<br />
Escolheu-se para esta investigação o livro &quot;Os Flagelados do Vento Leste&quot;, de Manuel Lopes (1959), um testemunho fiel da forma de viver nas ilhas de Cabo Verde, e em especial em Santo Antão.<br />
Pretende-se estudar o confronto entre as imagens literárias e as cinematográficas, estabelecer um paralelismo na relação dialógica entre o texto literário e a sua adaptação ao cinema por António Faria em 1987, refletindo na questão da fidelidade literária, a interpretação das diversas personagens, suas temáticas e novos olhares presentes na produção fílmica.<br />
Alguns teóricos serão utilizados: André Bazin, Robert Stam, José Luuis Noriega, Jean Mitry, J. Rancière e outros que forem necessários.<br />
Palavras- chave: Literatura, cinema, adaptação, Cabo Verde, interpretação, o pictórico.</p>
