{"id":5135,"date":"2024-08-06T13:31:56","date_gmt":"2024-08-06T11:31:56","guid":{"rendered":"https:\/\/redestudiosafricanos.org\/?post_type=comunicacion&#038;p=5135"},"modified":"2024-10-06T15:11:30","modified_gmt":"2024-10-06T13:11:30","slug":"relaciones-interartisticas-en-el-cine-contemporaneo-del-magreb","status":"publish","type":"comunicacion","link":"https:\/\/redestudiosafricanos.org\/en\/comunicacion\/relaciones-interartisticas-en-el-cine-contemporaneo-del-magreb\/","title":{"rendered":"Relaciones interart\u00edsticas en el cine contempor\u00e1neo del Magreb"},"content":{"rendered":"\n<p class=\"wp-block-paragraph\">En esta presentaci\u00f3n se van a poner a dialogar obras de cineastas de diferentes generaciones que viven y trabajan en el Magreb o entre esta \u00e1rea geogr\u00e1fica y Francia. Cineastas que han entendido el cine como la combinaci\u00f3n de medios pr\u00f3ximos al mismo (v\u00eddeo, fotograf\u00eda), pero tambi\u00e9n a la literatura, la m\u00fasica, las artes visuales y el teatro. Entre ellos nos encontramos a Ahmed Bouanani y Ali Essafi (Marruecos), Azzeddine Meddour y Narimane Mari (Argelia) y Raja Amari y Anissa Daoud (T\u00fanez).<\/p>\n\n\n\n<p class=\"wp-block-paragraph\">Esta presentaci\u00f3n tratar\u00e1 de contestar, al menos de manera incipiente sobre las cuestiones: \u00bfQu\u00e9 perspectivas se abren para los cineastas y el mundo del arte, en t\u00e9rminos de pensamiento art\u00edstico, formas, organizaci\u00f3n y salidas profesionales? \u00bfQu\u00e9 aporta el cine al documental magreb\u00ed -o viceversa- y a la literatura o al teatro?\u00bfQu\u00e9 revelan estas pr\u00e1cticas sobre el estado del cine y las artes en el Magreb?<\/p>\n","protected":false},"author":1041,"featured_media":0,"template":"","meta":{"_acf_changed":false,"_et_pb_use_builder":"","_et_pb_old_content":"","_et_gb_content_width":"","footnotes":""},"ciea":[87],"class_list":["post-5135","comunicacion","type-comunicacion","status-publish","hentry","ciea-ciea12"],"acf":[],"_links":{"self":[{"href":"https:\/\/redestudiosafricanos.org\/en\/wp-json\/wp\/v2\/comunicacion\/5135","targetHints":{"allow":["GET"]}}],"collection":[{"href":"https:\/\/redestudiosafricanos.org\/en\/wp-json\/wp\/v2\/comunicacion"}],"about":[{"href":"https:\/\/redestudiosafricanos.org\/en\/wp-json\/wp\/v2\/types\/comunicacion"}],"author":[{"embeddable":true,"href":"https:\/\/redestudiosafricanos.org\/en\/wp-json\/wp\/v2\/users\/1041"}],"version-history":[{"count":2,"href":"https:\/\/redestudiosafricanos.org\/en\/wp-json\/wp\/v2\/comunicacion\/5135\/revisions"}],"predecessor-version":[{"id":5137,"href":"https:\/\/redestudiosafricanos.org\/en\/wp-json\/wp\/v2\/comunicacion\/5135\/revisions\/5137"}],"wp:attachment":[{"href":"https:\/\/redestudiosafricanos.org\/en\/wp-json\/wp\/v2\/media?parent=5135"}],"wp:term":[{"taxonomy":"ciea","embeddable":true,"href":"https:\/\/redestudiosafricanos.org\/en\/wp-json\/wp\/v2\/ciea?post=5135"}],"curies":[{"name":"wp","href":"https:\/\/api.w.org\/{rel}","templated":true}]}}

Relaciones interartísticas en el cine contemporáneo del Magreb

<p class="wp-block-paragraph">En esta presentación se van a poner a dialogar obras de cineastas de diferentes generaciones que viven y trabajan en el Magreb o entre esta área geográfica y Francia. Cineastas que han entendido el cine como la combinación de medios próximos al mismo (vídeo, fotografía), pero también a la literatura, la música, las artes visuales y el teatro. Entre ellos nos encontramos a Ahmed Bouanani y Ali Essafi (Marruecos), Azzeddine Meddour y Narimane Mari (Argelia) y Raja Amari y Anissa Daoud (Túnez).</p>



<p class="wp-block-paragraph">Esta presentación tratará de contestar, al menos de manera incipiente sobre las cuestiones: ¿Qué perspectivas se abren para los cineastas y el mundo del arte, en términos de pensamiento artístico, formas, organización y salidas profesionales? ¿Qué aporta el cine al documental magrebí -o viceversa- y a la literatura o al teatro?¿Qué revelan estas prácticas sobre el estado del cine y las artes en el Magreb?</p>
