{"id":5918,"date":"2024-08-20T04:54:30","date_gmt":"2024-08-20T02:54:30","guid":{"rendered":"https:\/\/redestudiosafricanos.org\/?post_type=comunicacion&#038;p=5918"},"modified":"2024-10-07T19:22:28","modified_gmt":"2024-10-07T17:22:28","slug":"as-ultimas-eleicoes-do-mocambique-colonial-1973-limitacoes-do-marcelismo-colonial-e-hierarquias-raciais-de-poder","status":"publish","type":"comunicacion","link":"https:\/\/redestudiosafricanos.org\/en\/comunicacion\/as-ultimas-eleicoes-do-mocambique-colonial-1973-limitacoes-do-marcelismo-colonial-e-hierarquias-raciais-de-poder\/","title":{"rendered":"As \u00faltimas elei\u00e7\u00f5es do Mo\u00e7ambique colonial (1973): limita\u00e7\u00f5es do marcelismo colonial e hierarquias raciais de poder"},"content":{"rendered":"<p>Esta comunica\u00e7\u00e3o debru\u00e7a-se sobre as elei\u00e7\u00f5es e a vig\u00eancia da Assembleia Legislativa e da Junta Consultiva de Mo\u00e7ambique: as derradeiras elei\u00e7\u00f5es dos \u00f3rg\u00e3os internos da era colonial em Mo\u00e7ambique e as primeiras ap\u00f3s a entrada em vigor da nova Lei Org\u00e2nica do Ultramar (1972). Esta investiga\u00e7\u00e3o evidencia um microcosmo das limita\u00e7\u00f5es do reformismo colonial do governo de Marcello Caetano, bem como uma pista sobre a hierarquia racial do colonialismo tardio portugu\u00eas na costa leste africana.<br \/>\nRecorrendo aos arquivos do Minist\u00e9rio do Ultramar e do Arquivo Hist\u00f3rico Ultramarino, essencialmente \u00e0 comunica\u00e7\u00e3o interna do regime assim como a fontes hemerogr\u00e1ficas end\u00f3genas e ex\u00f3genas, procuramos provar como a sobrerrepresenta\u00e7\u00e3o das comunidades que existiam entre a \u201cbranquitude\u201d e a \u201cnegritude\u201d, isto \u00e9, as comunidades mesti\u00e7as ou oriundas da \u00c1sia, nos \u00f3rg\u00e3os legislativos estudados assim como o seu papel preponderante entre os vogais n\u00e3o-\u00abbrancos\u00bb aponta para o papel que estas desempenhavam como estrato social interm\u00e9dio entre os colonizadores e os colonizados, em particular as comunidades que podiam tra\u00e7ar a sua ascend\u00eancia ao subcontinente indiano. Para al\u00e9m disso, tornou-se \u00f3bvio que a figura prepotente do Governador-Geral nomeado por Lisboa, que presidia a Assembleia Legislativa e tinha poderes quase absolutos sobre ela, tirou credibilidade e poder ao \u00f3rg\u00e3o, resumindo as limita\u00e7\u00f5es da autonomia ultramarina propagada por Caetano.<br \/>\nAnalisamos a din\u00e2mica interna das estruturas eleitas, procurando sinais de tens\u00f5es no seio da ordem colonial, nomeadamente de pendor independentista, e embora raras, estas, realmente, existiram. Tamb\u00e9m a perce\u00e7\u00e3o e rela\u00e7\u00e3o estabelecida pelos mo\u00e7ambicanos em rela\u00e7\u00e3o a estes \u00f3rg\u00e3os coloniais foi estudada, assim como a capacidade de esta servir como \u201cponta de lan\u00e7a\u201d dos colonos portugueses em Mo\u00e7ambique nas suas demandas autonomistas face a Lisboa. Por fim, foi dissecada a forma como o ato eleitoral, e o esfor\u00e7o de reformismo colonial em curso, era lido na cena internacional.<\/p>\n","protected":false},"author":1076,"featured_media":0,"template":"","meta":{"_acf_changed":false,"_et_pb_use_builder":"","_et_pb_old_content":"","_et_gb_content_width":"","footnotes":""},"ciea":[87],"class_list":["post-5918","comunicacion","type-comunicacion","status-publish","hentry","ciea-ciea12"],"acf":[],"_links":{"self":[{"href":"https:\/\/redestudiosafricanos.org\/en\/wp-json\/wp\/v2\/comunicacion\/5918","targetHints":{"allow":["GET"]}}],"collection":[{"href":"https:\/\/redestudiosafricanos.org\/en\/wp-json\/wp\/v2\/comunicacion"}],"about":[{"href":"https:\/\/redestudiosafricanos.org\/en\/wp-json\/wp\/v2\/types\/comunicacion"}],"author":[{"embeddable":true,"href":"https:\/\/redestudiosafricanos.org\/en\/wp-json\/wp\/v2\/users\/1076"}],"version-history":[{"count":1,"href":"https:\/\/redestudiosafricanos.org\/en\/wp-json\/wp\/v2\/comunicacion\/5918\/revisions"}],"predecessor-version":[{"id":5919,"href":"https:\/\/redestudiosafricanos.org\/en\/wp-json\/wp\/v2\/comunicacion\/5918\/revisions\/5919"}],"wp:attachment":[{"href":"https:\/\/redestudiosafricanos.org\/en\/wp-json\/wp\/v2\/media?parent=5918"}],"wp:term":[{"taxonomy":"ciea","embeddable":true,"href":"https:\/\/redestudiosafricanos.org\/en\/wp-json\/wp\/v2\/ciea?post=5918"}],"curies":[{"name":"wp","href":"https:\/\/api.w.org\/{rel}","templated":true}]}}

As últimas eleições do Moçambique colonial (1973): limitações do marcelismo colonial e hierarquias raciais de poder

<p>Esta comunicação debruça-se sobre as eleições e a vigência da Assembleia Legislativa e da Junta Consultiva de Moçambique: as derradeiras eleições dos órgãos internos da era colonial em Moçambique e as primeiras após a entrada em vigor da nova Lei Orgânica do Ultramar (1972). Esta investigação evidencia um microcosmo das limitações do reformismo colonial do governo de Marcello Caetano, bem como uma pista sobre a hierarquia racial do colonialismo tardio português na costa leste africana.<br />
Recorrendo aos arquivos do Ministério do Ultramar e do Arquivo Histórico Ultramarino, essencialmente à comunicação interna do regime assim como a fontes hemerográficas endógenas e exógenas, procuramos provar como a sobrerrepresentação das comunidades que existiam entre a “branquitude” e a “negritude”, isto é, as comunidades mestiças ou oriundas da Ásia, nos órgãos legislativos estudados assim como o seu papel preponderante entre os vogais não-«brancos» aponta para o papel que estas desempenhavam como estrato social intermédio entre os colonizadores e os colonizados, em particular as comunidades que podiam traçar a sua ascendência ao subcontinente indiano. Para além disso, tornou-se óbvio que a figura prepotente do Governador-Geral nomeado por Lisboa, que presidia a Assembleia Legislativa e tinha poderes quase absolutos sobre ela, tirou credibilidade e poder ao órgão, resumindo as limitações da autonomia ultramarina propagada por Caetano.<br />
Analisamos a dinâmica interna das estruturas eleitas, procurando sinais de tensões no seio da ordem colonial, nomeadamente de pendor independentista, e embora raras, estas, realmente, existiram. Também a perceção e relação estabelecida pelos moçambicanos em relação a estes órgãos coloniais foi estudada, assim como a capacidade de esta servir como “ponta de lança” dos colonos portugueses em Moçambique nas suas demandas autonomistas face a Lisboa. Por fim, foi dissecada a forma como o ato eleitoral, e o esforço de reformismo colonial em curso, era lido na cena internacional.</p>
