{"id":5922,"date":"2024-08-22T11:56:50","date_gmt":"2024-08-22T09:56:50","guid":{"rendered":"https:\/\/redestudiosafricanos.org\/?post_type=comunicacion&#038;p=5922"},"modified":"2024-10-07T18:26:13","modified_gmt":"2024-10-07T16:26:13","slug":"retos-para-la-democratizacion-en-senegal-hacia-una-cooperacion-horizontal-con-espana","status":"publish","type":"comunicacion","link":"https:\/\/redestudiosafricanos.org\/en\/comunicacion\/retos-para-la-democratizacion-en-senegal-hacia-una-cooperacion-horizontal-con-espana\/","title":{"rendered":"Retos para la democratizaci\u00f3n en Senegal: hacia una cooperaci\u00f3n horizontal con Espa\u00f1a"},"content":{"rendered":"<p>En los \u00faltimos a\u00f1os varios pa\u00edses de \u00c1frica Occidental est\u00e1n llevando a cabo cambios importantes que priorizan los intereses africanos frente a los de los pa\u00edses occidentales, pues el afianzamiento del neocolonialismo a trav\u00e9s de distintas f\u00f3rmulas (acuerdos comerciales, programas de ayuda al desarrollo, etc.) han puesto una vez m\u00e1s los recursos naturales y las capacidades humanas africanas al servicio de Europa. <\/p>\n<p>En el caso de Senegal, el ahora ex-presidente Macky Sall lider\u00f3 dos mandatos en los que recibi\u00f3 el apoyo de socios europeos y renov\u00f3 acuerdos comerciales  multilaterales que facilitaron el acceso de compa\u00f1\u00edas internacionales a las aguas senegalesas para el desarrollo de la pesca industrial. La explotaci\u00f3n por parte de actores extranjeros ha perjudicado gravemente a los pescadores locales que ejercen la pesca artesanal, una actividad econ\u00f3mica de subsistencia para muchas familias senegalesas. <\/p>\n<p>Las relaciones bilaterales Senegal-Espa\u00f1a se fundamentan en esta l\u00f3gica neocolonial: Espa\u00f1a es uno de los pa\u00edses beneficiarios de los acuerdos comerciales de pesca responsable del declive econ\u00f3mico de Senegal y del consecuente aumento de las tasas de desempleo. Junto a ello, la denegaci\u00f3n de visados a la ciudadan\u00eda senegalesa dificulta la movilidad en condiciones dignas y seguras a territorio espa\u00f1ol, fomentando las llegadas en embarcaciones no aptas para el traslado de personas y dando lugar a la migraci\u00f3n en situaci\u00f3n de irregularidad, una falta administrativa que merma las posibilidades de desarrollo profesional en Espa\u00f1a.<\/p>\n<p>Contando con el apoyo de la sociedad civil y socios regionales clave, el nuevo gobierno presidido por Bassirou Diomaye Faye se enfrenta a la reformulaci\u00f3n de acuerdos con socios europeos con el fin de establecer una cooperaci\u00f3n verdaderamente horizontal. Esta comunicaci\u00f3n propone explorar la agenda y estrategias de democratizaci\u00f3n empleadas por el nuevo gobierno de coalici\u00f3n Diomaye-Sonko, que antepone un programa pol\u00edtico de independencia integral, relativas a las relaciones Espa\u00f1a-Senegal.<\/p>\n","protected":false},"author":83,"featured_media":0,"template":"","meta":{"_acf_changed":false,"_et_pb_use_builder":"","_et_pb_old_content":"","_et_gb_content_width":"","footnotes":""},"ciea":[87],"class_list":["post-5922","comunicacion","type-comunicacion","status-publish","hentry","ciea-ciea12"],"acf":[],"_links":{"self":[{"href":"https:\/\/redestudiosafricanos.org\/en\/wp-json\/wp\/v2\/comunicacion\/5922","targetHints":{"allow":["GET"]}}],"collection":[{"href":"https:\/\/redestudiosafricanos.org\/en\/wp-json\/wp\/v2\/comunicacion"}],"about":[{"href":"https:\/\/redestudiosafricanos.org\/en\/wp-json\/wp\/v2\/types\/comunicacion"}],"author":[{"embeddable":true,"href":"https:\/\/redestudiosafricanos.org\/en\/wp-json\/wp\/v2\/users\/83"}],"version-history":[{"count":1,"href":"https:\/\/redestudiosafricanos.org\/en\/wp-json\/wp\/v2\/comunicacion\/5922\/revisions"}],"predecessor-version":[{"id":5923,"href":"https:\/\/redestudiosafricanos.org\/en\/wp-json\/wp\/v2\/comunicacion\/5922\/revisions\/5923"}],"wp:attachment":[{"href":"https:\/\/redestudiosafricanos.org\/en\/wp-json\/wp\/v2\/media?parent=5922"}],"wp:term":[{"taxonomy":"ciea","embeddable":true,"href":"https:\/\/redestudiosafricanos.org\/en\/wp-json\/wp\/v2\/ciea?post=5922"}],"curies":[{"name":"wp","href":"https:\/\/api.w.org\/{rel}","templated":true}]}}

Retos para la democratización en Senegal: hacia una cooperación horizontal con España

<p>En los últimos años varios países de África Occidental están llevando a cabo cambios importantes que priorizan los intereses africanos frente a los de los países occidentales, pues el afianzamiento del neocolonialismo a través de distintas fórmulas (acuerdos comerciales, programas de ayuda al desarrollo, etc.) han puesto una vez más los recursos naturales y las capacidades humanas africanas al servicio de Europa. </p>
<p>En el caso de Senegal, el ahora ex-presidente Macky Sall lideró dos mandatos en los que recibió el apoyo de socios europeos y renovó acuerdos comerciales  multilaterales que facilitaron el acceso de compañías internacionales a las aguas senegalesas para el desarrollo de la pesca industrial. La explotación por parte de actores extranjeros ha perjudicado gravemente a los pescadores locales que ejercen la pesca artesanal, una actividad económica de subsistencia para muchas familias senegalesas. </p>
<p>Las relaciones bilaterales Senegal-España se fundamentan en esta lógica neocolonial: España es uno de los países beneficiarios de los acuerdos comerciales de pesca responsable del declive económico de Senegal y del consecuente aumento de las tasas de desempleo. Junto a ello, la denegación de visados a la ciudadanía senegalesa dificulta la movilidad en condiciones dignas y seguras a territorio español, fomentando las llegadas en embarcaciones no aptas para el traslado de personas y dando lugar a la migración en situación de irregularidad, una falta administrativa que merma las posibilidades de desarrollo profesional en España.</p>
<p>Contando con el apoyo de la sociedad civil y socios regionales clave, el nuevo gobierno presidido por Bassirou Diomaye Faye se enfrenta a la reformulación de acuerdos con socios europeos con el fin de establecer una cooperación verdaderamente horizontal. Esta comunicación propone explorar la agenda y estrategias de democratización empleadas por el nuevo gobierno de coalición Diomaye-Sonko, que antepone un programa político de independencia integral, relativas a las relaciones España-Senegal.</p>
