{"id":5953,"date":"2024-08-30T18:38:30","date_gmt":"2024-08-30T16:38:30","guid":{"rendered":"https:\/\/redestudiosafricanos.org\/?post_type=comunicacion&#038;p=5953"},"modified":"2024-10-11T23:50:10","modified_gmt":"2024-10-11T21:50:10","slug":"da-nascente-a-foz-fragilidades-e-desafios-de-ecossistemas-de-transicao-em-sao-tome-e-principe","status":"publish","type":"comunicacion","link":"https:\/\/redestudiosafricanos.org\/en\/comunicacion\/da-nascente-a-foz-fragilidades-e-desafios-de-ecossistemas-de-transicao-em-sao-tome-e-principe\/","title":{"rendered":"Da nascente \u00e0 foz: fragilidades e desafios de ecossistemas de transi\u00e7\u00e3o em S\u00e3o Tom\u00e9 e Pr\u00edncipe"},"content":{"rendered":"<p>S\u00e3o Tom\u00e9 e Pr\u00edncipe \u00e9 um arquip\u00e9lago da \u00c1frica Central localizado no Golfo da Guin\u00e9 que, do ponto de vista clim\u00e1tico, \u00e9 influenciado pelo Equador. O clima, tropical h\u00famido, associado ao solo de vulc\u00e2nico de altitude confere caracter\u00edsticas favor\u00e1veis \u00e0 exist\u00eancia de cursos de \u00e1gua de dimens\u00e3o e caudal diferenciados, que comp\u00f5em uma rede h\u00eddrica densa face \u00e0 pequena dimens\u00e3o deste territ\u00f3rio insular. A popula\u00e7\u00e3o, urbana e rural, vive em estreita depend\u00eancia dos rios, que garantem a subsist\u00eancia orientada pelo consumo direto, a manuten\u00e7\u00e3o familiar e os modelos produtivos, sejam agr\u00edcolas ou energ\u00e9ticos, e econ\u00f3micos. A representa\u00e7\u00e3o social, caracteristicamente tradicional e marcada pela ancestralidade que define as comunidades locais santomenses tem sido mantida com uma base utilitarista, resultando numa reprodu\u00e7\u00e3o de pr\u00e1ticas. O benef\u00edcio que os rios revestem e a utilidade que deles se pode retirar s\u00e3o equacionados sem pondera\u00e7\u00e3o dos preju\u00edzos que o uso n\u00e3o planeado promove.<br \/>\nNesta comunica\u00e7\u00e3o s\u00e3o apresentados os resultados de um estudo centrado num conjunto de rios, ribeiras e cascatas da ilha de S\u00e3o Tom\u00e9, previamente identificados. Sendo centrais na vida comunit\u00e1ria, estes cursos de \u00e1gua sofrem de fragilidades decorrentes do uso n\u00e3o adequado e n\u00e3o planeado, favorecendo a polui\u00e7\u00e3o e a contamina\u00e7\u00e3o das \u00e1guas. Sem uma adapta\u00e7\u00e3o de comportamentos e pr\u00e1ticas comunit\u00e1rias que promovam a preserva\u00e7\u00e3o do ecossistema fluvial e a conserva\u00e7\u00e3o da biodiversidade a perda de recursos tende ao agravamento. Dado que, na ilha de S\u00e3o Tom\u00e9, os rios s\u00e3o definidos como ecossistemas de transi\u00e7\u00e3o entre o florestal e o marinho, com destaque para o mangal, a vulnerabilidade ambiental n\u00e3o \u00e9 exclusiva afetando outros habitats e amea\u00e7ando a biodiversidade. Os desafios s\u00e3o m\u00faltiplos, presentes em projetos conjuntos de \u00e2mbito internacional, seguindo a metodologia de parceria com interven\u00e7\u00e3o por proximidade, orientados para a Educa\u00e7\u00e3o Ambiental complementada por a\u00e7\u00f5es de Educa\u00e7\u00e3o para o Desenvolvimento.<\/p>\n","protected":false},"author":60,"featured_media":0,"template":"","meta":{"_acf_changed":false,"_et_pb_use_builder":"","_et_pb_old_content":"","_et_gb_content_width":"","footnotes":""},"ciea":[87],"class_list":["post-5953","comunicacion","type-comunicacion","status-publish","hentry","ciea-ciea12"],"acf":[],"_links":{"self":[{"href":"https:\/\/redestudiosafricanos.org\/en\/wp-json\/wp\/v2\/comunicacion\/5953","targetHints":{"allow":["GET"]}}],"collection":[{"href":"https:\/\/redestudiosafricanos.org\/en\/wp-json\/wp\/v2\/comunicacion"}],"about":[{"href":"https:\/\/redestudiosafricanos.org\/en\/wp-json\/wp\/v2\/types\/comunicacion"}],"author":[{"embeddable":true,"href":"https:\/\/redestudiosafricanos.org\/en\/wp-json\/wp\/v2\/users\/60"}],"version-history":[{"count":1,"href":"https:\/\/redestudiosafricanos.org\/en\/wp-json\/wp\/v2\/comunicacion\/5953\/revisions"}],"predecessor-version":[{"id":5954,"href":"https:\/\/redestudiosafricanos.org\/en\/wp-json\/wp\/v2\/comunicacion\/5953\/revisions\/5954"}],"wp:attachment":[{"href":"https:\/\/redestudiosafricanos.org\/en\/wp-json\/wp\/v2\/media?parent=5953"}],"wp:term":[{"taxonomy":"ciea","embeddable":true,"href":"https:\/\/redestudiosafricanos.org\/en\/wp-json\/wp\/v2\/ciea?post=5953"}],"curies":[{"name":"wp","href":"https:\/\/api.w.org\/{rel}","templated":true}]}}

Da nascente à foz: fragilidades e desafios de ecossistemas de transição em São Tomé e Príncipe

<p>São Tomé e Príncipe é um arquipélago da África Central localizado no Golfo da Guiné que, do ponto de vista climático, é influenciado pelo Equador. O clima, tropical húmido, associado ao solo de vulcânico de altitude confere características favoráveis à existência de cursos de água de dimensão e caudal diferenciados, que compõem uma rede hídrica densa face à pequena dimensão deste território insular. A população, urbana e rural, vive em estreita dependência dos rios, que garantem a subsistência orientada pelo consumo direto, a manutenção familiar e os modelos produtivos, sejam agrícolas ou energéticos, e económicos. A representação social, caracteristicamente tradicional e marcada pela ancestralidade que define as comunidades locais santomenses tem sido mantida com uma base utilitarista, resultando numa reprodução de práticas. O benefício que os rios revestem e a utilidade que deles se pode retirar são equacionados sem ponderação dos prejuízos que o uso não planeado promove.<br />
Nesta comunicação são apresentados os resultados de um estudo centrado num conjunto de rios, ribeiras e cascatas da ilha de São Tomé, previamente identificados. Sendo centrais na vida comunitária, estes cursos de água sofrem de fragilidades decorrentes do uso não adequado e não planeado, favorecendo a poluição e a contaminação das águas. Sem uma adaptação de comportamentos e práticas comunitárias que promovam a preservação do ecossistema fluvial e a conservação da biodiversidade a perda de recursos tende ao agravamento. Dado que, na ilha de São Tomé, os rios são definidos como ecossistemas de transição entre o florestal e o marinho, com destaque para o mangal, a vulnerabilidade ambiental não é exclusiva afetando outros habitats e ameaçando a biodiversidade. Os desafios são múltiplos, presentes em projetos conjuntos de âmbito internacional, seguindo a metodologia de parceria com intervenção por proximidade, orientados para a Educação Ambiental complementada por ações de Educação para o Desenvolvimento.</p>
