{"id":5955,"date":"2024-08-30T22:55:44","date_gmt":"2024-08-30T20:55:44","guid":{"rendered":"https:\/\/redestudiosafricanos.org\/?post_type=comunicacion&#038;p=5955"},"modified":"2024-10-06T13:53:37","modified_gmt":"2024-10-06T11:53:37","slug":"migracion-senegal-canarias-securitizacion-necropolitica-y-resiliencia-en-el-contexto-transnacional","status":"publish","type":"comunicacion","link":"https:\/\/redestudiosafricanos.org\/en\/comunicacion\/migracion-senegal-canarias-securitizacion-necropolitica-y-resiliencia-en-el-contexto-transnacional\/","title":{"rendered":"Migraci\u00f3n Senegal-Canarias: Securitizaci\u00f3n, Necropol\u00edtica y Resiliencia en el Contexto Transnacional"},"content":{"rendered":"<p>El fen\u00f3meno de la migraci\u00f3n irregular desde Senegal a las Islas Canarias ha despertado un mayor inter\u00e9s acad\u00e9mico en las \u00faltimas d\u00e9cadas, especialmente en el marco de la seguridad de las fronteras europeas y la implementaci\u00f3n de pol\u00edticas migratorias estrictas. Esta comunicaci\u00f3n explora las intrincadas din\u00e1micas que impulsan a las personas senegalesas a migrar a las Islas Canarias, haciendo hincapi\u00e9 en las formas en que las estrategias de control fronterizo y la necropol\u00edtica \u2014conceptualizadas como la gobernanza de la vida y la muerte en las fronteras territoriales\u2014 informan las experiencias de los migrantes.<\/p>\n<p>En particular, se abordar\u00e1 la reciente crisis de los cayucos, que ha intensificado la presi\u00f3n migratoria y expuesto las limitaciones de las pol\u00edticas actuales. A trav\u00e9s de un an\u00e1lisis de la literatura acad\u00e9mica, de entrevistas y de una evaluaci\u00f3n de datos cualitativos, examinaremos los factores que impulsan la migraci\u00f3n desde Senegal a Canarias as\u00ed los obst\u00e1culos que enfrentan y las t\u00e1cticas de resiliencia que adoptan. Veremos las condiciones socioecon\u00f3micas y pol\u00edticas que obligan a numerosos j\u00f3venes a poner en peligro sus vidas a trav\u00e9s de peligrosos viajes mar\u00edtimos, junto con la influencia de las redes transnacionales que facilitan y mantienen estos patrones migratorios.<\/p>\n<p>Asimismo, abordaremos la evoluci\u00f3n de las rutas migratorias y la respuesta de los estados europeos, con un enfoque en el uso de tecnolog\u00edas de vigilancia y acuerdos bilaterales para externalizar el control migratorio. Finalmente, la comunicaci\u00f3n abordar\u00e1 la necesidad de pol\u00edticas m\u00e1s humanitarias que reconozcan la agencia de los migrantes y promuevan soluciones sostenibles tanto en los pa\u00edses de origen como en los de destino.<br \/>\nEste an\u00e1lisis ofrecer\u00e1 una contribuci\u00f3n al debate sobre la migraci\u00f3n irregular y la gesti\u00f3n fronteriza, ilustrando la relevancia de considerar los derechos humanos y las dimensiones \u00e9ticas en el dise\u00f1o de las pol\u00edticas migratorias.<\/p>\n","protected":false},"author":1107,"featured_media":0,"template":"","meta":{"_acf_changed":false,"_et_pb_use_builder":"","_et_pb_old_content":"","_et_gb_content_width":"","footnotes":""},"ciea":[87],"class_list":["post-5955","comunicacion","type-comunicacion","status-publish","hentry","ciea-ciea12"],"acf":[],"_links":{"self":[{"href":"https:\/\/redestudiosafricanos.org\/en\/wp-json\/wp\/v2\/comunicacion\/5955","targetHints":{"allow":["GET"]}}],"collection":[{"href":"https:\/\/redestudiosafricanos.org\/en\/wp-json\/wp\/v2\/comunicacion"}],"about":[{"href":"https:\/\/redestudiosafricanos.org\/en\/wp-json\/wp\/v2\/types\/comunicacion"}],"author":[{"embeddable":true,"href":"https:\/\/redestudiosafricanos.org\/en\/wp-json\/wp\/v2\/users\/1107"}],"version-history":[{"count":1,"href":"https:\/\/redestudiosafricanos.org\/en\/wp-json\/wp\/v2\/comunicacion\/5955\/revisions"}],"predecessor-version":[{"id":5956,"href":"https:\/\/redestudiosafricanos.org\/en\/wp-json\/wp\/v2\/comunicacion\/5955\/revisions\/5956"}],"wp:attachment":[{"href":"https:\/\/redestudiosafricanos.org\/en\/wp-json\/wp\/v2\/media?parent=5955"}],"wp:term":[{"taxonomy":"ciea","embeddable":true,"href":"https:\/\/redestudiosafricanos.org\/en\/wp-json\/wp\/v2\/ciea?post=5955"}],"curies":[{"name":"wp","href":"https:\/\/api.w.org\/{rel}","templated":true}]}}

Migración Senegal-Canarias: Securitización, Necropolítica y Resiliencia en el Contexto Transnacional

<p>El fenómeno de la migración irregular desde Senegal a las Islas Canarias ha despertado un mayor interés académico en las últimas décadas, especialmente en el marco de la seguridad de las fronteras europeas y la implementación de políticas migratorias estrictas. Esta comunicación explora las intrincadas dinámicas que impulsan a las personas senegalesas a migrar a las Islas Canarias, haciendo hincapié en las formas en que las estrategias de control fronterizo y la necropolítica —conceptualizadas como la gobernanza de la vida y la muerte en las fronteras territoriales— informan las experiencias de los migrantes.</p>
<p>En particular, se abordará la reciente crisis de los cayucos, que ha intensificado la presión migratoria y expuesto las limitaciones de las políticas actuales. A través de un análisis de la literatura académica, de entrevistas y de una evaluación de datos cualitativos, examinaremos los factores que impulsan la migración desde Senegal a Canarias así los obstáculos que enfrentan y las tácticas de resiliencia que adoptan. Veremos las condiciones socioeconómicas y políticas que obligan a numerosos jóvenes a poner en peligro sus vidas a través de peligrosos viajes marítimos, junto con la influencia de las redes transnacionales que facilitan y mantienen estos patrones migratorios.</p>
<p>Asimismo, abordaremos la evolución de las rutas migratorias y la respuesta de los estados europeos, con un enfoque en el uso de tecnologías de vigilancia y acuerdos bilaterales para externalizar el control migratorio. Finalmente, la comunicación abordará la necesidad de políticas más humanitarias que reconozcan la agencia de los migrantes y promuevan soluciones sostenibles tanto en los países de origen como en los de destino.<br />
Este análisis ofrecerá una contribución al debate sobre la migración irregular y la gestión fronteriza, ilustrando la relevancia de considerar los derechos humanos y las dimensiones éticas en el diseño de las políticas migratorias.</p>
