{"id":5963,"date":"2024-09-01T08:30:28","date_gmt":"2024-09-01T06:30:28","guid":{"rendered":"https:\/\/redestudiosafricanos.org\/?post_type=comunicacion&#038;p=5963"},"modified":"2024-10-07T10:52:41","modified_gmt":"2024-10-07T08:52:41","slug":"las-identidades-linguisticas-desde-el-aula-translinguistica","status":"publish","type":"comunicacion","link":"https:\/\/redestudiosafricanos.org\/en\/comunicacion\/las-identidades-linguisticas-desde-el-aula-translinguistica\/","title":{"rendered":"Las Identidades Ling\u00fcisticas desde el aula transling\u00fc\u00edstica"},"content":{"rendered":"<p>Cada vez son m\u00e1s los estudios que recogen las realidades ling\u00fc\u00edsticas no solamente en los espacios informales de adquisici\u00f3n de las lenguas y las identidades en los contextos africanos multiling\u00fces. Esto se debe a la falta de soberan\u00eda ling\u00fc\u00edstica que no adquirieron los estados africanos que iniciaron su camino despu\u00e9s de la colonizaci\u00f3n. <br \/>\nNuestra comunicaci\u00f3n se centrar\u00e1 en los pa\u00edses del \u00c1frica Central en relaci\u00f3n a sus identidades ling\u00fc\u00edsticas y ser\u00e1 el resultado de nuestra investigaci\u00f3n en torno al desempoderamiento de las lenguas africanas y al no reconocimiento oficial de \u00e9stas en todos los niveles y espacios oficiales como la escuela, la administraci\u00f3n, el trabajo en el sector privado, etc. Esto es el resultado del no reconocimiento de la diversidad de los pueblos que conforman cada uno de los Estados africanos.<\/p>\n","protected":false},"author":1117,"featured_media":0,"template":"","meta":{"_acf_changed":false,"_et_pb_use_builder":"","_et_pb_old_content":"","_et_gb_content_width":"","footnotes":""},"ciea":[87],"class_list":["post-5963","comunicacion","type-comunicacion","status-publish","hentry","ciea-ciea12"],"acf":[],"_links":{"self":[{"href":"https:\/\/redestudiosafricanos.org\/en\/wp-json\/wp\/v2\/comunicacion\/5963","targetHints":{"allow":["GET"]}}],"collection":[{"href":"https:\/\/redestudiosafricanos.org\/en\/wp-json\/wp\/v2\/comunicacion"}],"about":[{"href":"https:\/\/redestudiosafricanos.org\/en\/wp-json\/wp\/v2\/types\/comunicacion"}],"author":[{"embeddable":true,"href":"https:\/\/redestudiosafricanos.org\/en\/wp-json\/wp\/v2\/users\/1117"}],"version-history":[{"count":1,"href":"https:\/\/redestudiosafricanos.org\/en\/wp-json\/wp\/v2\/comunicacion\/5963\/revisions"}],"predecessor-version":[{"id":5964,"href":"https:\/\/redestudiosafricanos.org\/en\/wp-json\/wp\/v2\/comunicacion\/5963\/revisions\/5964"}],"wp:attachment":[{"href":"https:\/\/redestudiosafricanos.org\/en\/wp-json\/wp\/v2\/media?parent=5963"}],"wp:term":[{"taxonomy":"ciea","embeddable":true,"href":"https:\/\/redestudiosafricanos.org\/en\/wp-json\/wp\/v2\/ciea?post=5963"}],"curies":[{"name":"wp","href":"https:\/\/api.w.org\/{rel}","templated":true}]}}

Las Identidades Lingüisticas desde el aula translingüística

<p>Cada vez son más los estudios que recogen las realidades lingüísticas no solamente en los espacios informales de adquisición de las lenguas y las identidades en los contextos africanos multilingües. Esto se debe a la falta de soberanía lingüística que no adquirieron los estados africanos que iniciaron su camino después de la colonización. <br />
Nuestra comunicación se centrará en los países del África Central en relación a sus identidades lingüísticas y será el resultado de nuestra investigación en torno al desempoderamiento de las lenguas africanas y al no reconocimiento oficial de éstas en todos los niveles y espacios oficiales como la escuela, la administración, el trabajo en el sector privado, etc. Esto es el resultado del no reconocimiento de la diversidad de los pueblos que conforman cada uno de los Estados africanos.</p>
