{"id":5979,"date":"2024-09-02T21:54:50","date_gmt":"2024-09-02T19:54:50","guid":{"rendered":"https:\/\/redestudiosafricanos.org\/?post_type=comunicacion&#038;p=5979"},"modified":"2024-10-11T00:41:12","modified_gmt":"2024-10-10T22:41:12","slug":"de-alliees-a-ennemies-la-question-de-la-femme-en-algerie-depuis-la-guerre-dindependance-jusqua-la-guerre-civile","status":"publish","type":"comunicacion","link":"https:\/\/redestudiosafricanos.org\/en\/comunicacion\/de-alliees-a-ennemies-la-question-de-la-femme-en-algerie-depuis-la-guerre-dindependance-jusqua-la-guerre-civile\/","title":{"rendered":"De alli\u00e9es \u00e0 ennemies : la question de la femme en Alg\u00e9rie depuis la Guerre d\u2019Ind\u00e9pendance jusqu\u2019\u00e0 la Guerre Civile"},"content":{"rendered":"<p>L\u2019histoire d\u2019Alg\u00e9rie est marqu\u00e9e par les racines coloniales laiss\u00e9s soit par l\u2019empire Ottoman, soit par les Fran\u00e7ais \u00e0 partir de 1830. \u00c0 l\u2019occasion de ce qu\u2019aujourd\u2019hui on appelle l\u2019Orientalisme \u2013 terme diffus\u00e9 par Edward W. Said depuis 1993 -, les colonisateurs ont mobilis\u00e9 les pouvoirs politiques, intellectuelles et morales pour imposer la stigmatisation que les peuples de l\u2019Orient seraient des individus inf\u00e9rieurs. La mission civilisatrice, pr\u00e9texte utilis\u00e9 par l\u2019empire fran\u00e7ais pour justifier son entreprise coloniale commenc\u00e9e au VXIIIe si\u00e8cle, a introduit la pens\u00e9e coloniale qui a transform\u00e9 profond\u00e9ment les soci\u00e9t\u00e9s victimes de ce contact. Dans le cas de l\u2019Alg\u00e9rie, la violence coloniale est, au premier moment, tr\u00e8s centr\u00e9 dans l\u2019image de la femme musulmane bas\u00e9 sur la croyance qu\u2019elle \u00e9tait le centre de la culture alg\u00e9rienne. L\u2019enjeu de la femme dans l\u2019islam a attir\u00e9 l\u2019attention des discussions colonialistes qui ont propag\u00e9 l\u2019image de la femme soumise qui soutenait les id\u00e9aux de l\u2019Autre subordonn\u00e9 culturellement, \u00e9conomiquement et socialement par ses diff\u00e9rences. En raison de cette marginalisation, plus tard, les femmes sont alors devenues des grandes alli\u00e9es de la r\u00e9sistance alg\u00e9rienne \u00e0 l\u2019\u00e9poque de la Guerre d\u2019Ind\u00e9pendance, participant activement aux batailles contre les Fran\u00e7ais jusqu\u2019en 1962. \u00c9tant donn\u00e9 ce contexte, le but de ce travail est de proposer une analyse du r\u00f4le de la femme dans l\u2019histoire alg\u00e9rienne en nous basant sur les th\u00e9ories et pens\u00e9es f\u00e9ministes de Chandra Talpade Mohanty, Marnia Lazreg, Dani\u00e8le Amrane-Minne, Deepika Bahri, entre autres. Compte tenu des mouvements f\u00e9ministes qui ont \u00e9merg\u00e9 avant le d\u00e9but de la guerre et les politiques de r\u00e9pression des femmes adopt\u00e9es apr\u00e8s le conflit (comme le Code de la Famille, en 1984), nous construirons un panorama des influences f\u00e9minines et f\u00e9ministes en Alg\u00e9rie jusqu\u2019\u00e0 la guerre civile qui a commenc\u00e9 en 1992.<\/p>\n","protected":false},"author":1038,"featured_media":0,"template":"","meta":{"_acf_changed":false,"_et_pb_use_builder":"","_et_pb_old_content":"","_et_gb_content_width":"","footnotes":""},"ciea":[87],"class_list":["post-5979","comunicacion","type-comunicacion","status-publish","hentry","ciea-ciea12"],"acf":[],"_links":{"self":[{"href":"https:\/\/redestudiosafricanos.org\/en\/wp-json\/wp\/v2\/comunicacion\/5979","targetHints":{"allow":["GET"]}}],"collection":[{"href":"https:\/\/redestudiosafricanos.org\/en\/wp-json\/wp\/v2\/comunicacion"}],"about":[{"href":"https:\/\/redestudiosafricanos.org\/en\/wp-json\/wp\/v2\/types\/comunicacion"}],"author":[{"embeddable":true,"href":"https:\/\/redestudiosafricanos.org\/en\/wp-json\/wp\/v2\/users\/1038"}],"version-history":[{"count":1,"href":"https:\/\/redestudiosafricanos.org\/en\/wp-json\/wp\/v2\/comunicacion\/5979\/revisions"}],"predecessor-version":[{"id":5980,"href":"https:\/\/redestudiosafricanos.org\/en\/wp-json\/wp\/v2\/comunicacion\/5979\/revisions\/5980"}],"wp:attachment":[{"href":"https:\/\/redestudiosafricanos.org\/en\/wp-json\/wp\/v2\/media?parent=5979"}],"wp:term":[{"taxonomy":"ciea","embeddable":true,"href":"https:\/\/redestudiosafricanos.org\/en\/wp-json\/wp\/v2\/ciea?post=5979"}],"curies":[{"name":"wp","href":"https:\/\/api.w.org\/{rel}","templated":true}]}}

De alliées à ennemies : la question de la femme en Algérie depuis la Guerre d’Indépendance jusqu’à la Guerre Civile

<p>L’histoire d’Algérie est marquée par les racines coloniales laissés soit par l’empire Ottoman, soit par les Français à partir de 1830. À l’occasion de ce qu’aujourd’hui on appelle l’Orientalisme – terme diffusé par Edward W. Said depuis 1993 -, les colonisateurs ont mobilisé les pouvoirs politiques, intellectuelles et morales pour imposer la stigmatisation que les peuples de l’Orient seraient des individus inférieurs. La mission civilisatrice, prétexte utilisé par l’empire français pour justifier son entreprise coloniale commencée au VXIIIe siècle, a introduit la pensée coloniale qui a transformé profondément les sociétés victimes de ce contact. Dans le cas de l’Algérie, la violence coloniale est, au premier moment, très centré dans l’image de la femme musulmane basé sur la croyance qu’elle était le centre de la culture algérienne. L’enjeu de la femme dans l’islam a attiré l’attention des discussions colonialistes qui ont propagé l’image de la femme soumise qui soutenait les idéaux de l’Autre subordonné culturellement, économiquement et socialement par ses différences. En raison de cette marginalisation, plus tard, les femmes sont alors devenues des grandes alliées de la résistance algérienne à l’époque de la Guerre d’Indépendance, participant activement aux batailles contre les Français jusqu’en 1962. Étant donné ce contexte, le but de ce travail est de proposer une analyse du rôle de la femme dans l’histoire algérienne en nous basant sur les théories et pensées féministes de Chandra Talpade Mohanty, Marnia Lazreg, Danièle Amrane-Minne, Deepika Bahri, entre autres. Compte tenu des mouvements féministes qui ont émergé avant le début de la guerre et les politiques de répression des femmes adoptées après le conflit (comme le Code de la Famille, en 1984), nous construirons un panorama des influences féminines et féministes en Algérie jusqu’à la guerre civile qui a commencé en 1992.</p>
