{"id":6034,"date":"2024-09-04T11:48:50","date_gmt":"2024-09-04T09:48:50","guid":{"rendered":"https:\/\/redestudiosafricanos.org\/?post_type=comunicacion&#038;p=6034"},"modified":"2025-01-24T22:21:48","modified_gmt":"2025-01-24T21:21:48","slug":"el-resorgiment-feminista-en-la-ultima-revolta-del-rif-hirak-rif","status":"publish","type":"comunicacion","link":"https:\/\/redestudiosafricanos.org\/en\/comunicacion\/el-resorgiment-feminista-en-la-ultima-revolta-del-rif-hirak-rif\/","title":{"rendered":"La literatura oral amaziga, com a arma de resist\u00e8ncia, el cas dels &#8220;izran&#8221;."},"content":{"rendered":"<p>La dona rifenya sempre ha jugat un paper important en les lluites per la llibertat i la just\u00edcia, sigui durant el colonialisme o m\u00e9s enll\u00e0. Sovint aquest paper ha restat silenciat perqu\u00e8 la hist\u00f2ria ha estat escrita des d&#8217;una perspectiva androc\u00e8ntrica.<br \/>\nEn diferents etapes hist\u00f2riques del postcolonialisme, dones de diferents sectors de la societat han destacat per la seva implicaci\u00f3 singular en la lluita social i pol\u00edtica, donant lloc al naixement d&#8217;un feminisme incipient que va anar conquerint veu i espais cada cop m\u00e9s, per\u00f2 sempre amb una empremta el\u00b7litista.<br \/>\nEl Hirak (o Moviment Popular del Rif), la revolta que va tenir lloc al Rif entre l&#8217;octubre del 2016 i el 2019 aproximadament va representar un punt d&#8217;inflexi\u00f3 en aquesta participaci\u00f3.<br \/>\nTant a nivell de diversitat (edats, situaci\u00f3 laboral, estudis, estat civil, diversitat funcional, etc.) com a nivell de tipus d&#8217;implicaci\u00f3 (des de la mera participaci\u00f3 en les mobilitzacions fins al lideratge i organitzaci\u00f3), aquesta nova cara de la participaci\u00f3 de la dona en la vida pol\u00edtica, marca un abans i un despr\u00e9s en la hist\u00f2ria del feminsime al Rif.<br \/>\nI com \u00e9s el cas per tot el moviment popular del Rif, aquesta nova participaci\u00f3 transcendeix les fronteres del Rif, abarcant la di\u00e0spora rifenya a Europa.<br \/>\n\u00c9s interessant analitzar aquesta evoluci\u00f3 en el paper de la dona en la vida social i pol\u00edtica al Rif, veure quin discurs o marc conceptual l&#8217;emmarca, quins fites aconsegueix i quines barreres no ha pogut trencar, posant especial \u00e8mfasi en la \u00faltima revolta del Rif i l&#8217;impacte que aquesta implicaci\u00f3 ha tingut en el foment de la cultura de la igualtat dins la societat en general i com es veu el lloc actual de la dona en la mateixa.<\/p>\n","protected":false},"author":33,"featured_media":0,"template":"","meta":{"_acf_changed":false,"_et_pb_use_builder":"","_et_pb_old_content":"","_et_gb_content_width":"","footnotes":""},"ciea":[87],"class_list":["post-6034","comunicacion","type-comunicacion","status-publish","hentry","ciea-ciea12"],"acf":[],"_links":{"self":[{"href":"https:\/\/redestudiosafricanos.org\/en\/wp-json\/wp\/v2\/comunicacion\/6034","targetHints":{"allow":["GET"]}}],"collection":[{"href":"https:\/\/redestudiosafricanos.org\/en\/wp-json\/wp\/v2\/comunicacion"}],"about":[{"href":"https:\/\/redestudiosafricanos.org\/en\/wp-json\/wp\/v2\/types\/comunicacion"}],"author":[{"embeddable":true,"href":"https:\/\/redestudiosafricanos.org\/en\/wp-json\/wp\/v2\/users\/33"}],"version-history":[{"count":3,"href":"https:\/\/redestudiosafricanos.org\/en\/wp-json\/wp\/v2\/comunicacion\/6034\/revisions"}],"predecessor-version":[{"id":8912,"href":"https:\/\/redestudiosafricanos.org\/en\/wp-json\/wp\/v2\/comunicacion\/6034\/revisions\/8912"}],"wp:attachment":[{"href":"https:\/\/redestudiosafricanos.org\/en\/wp-json\/wp\/v2\/media?parent=6034"}],"wp:term":[{"taxonomy":"ciea","embeddable":true,"href":"https:\/\/redestudiosafricanos.org\/en\/wp-json\/wp\/v2\/ciea?post=6034"}],"curies":[{"name":"wp","href":"https:\/\/api.w.org\/{rel}","templated":true}]}}

La literatura oral amaziga, com a arma de resistència, el cas dels &#8220;izran&#8221;.

<p>La dona rifenya sempre ha jugat un paper important en les lluites per la llibertat i la justícia, sigui durant el colonialisme o més enllà. Sovint aquest paper ha restat silenciat perquè la història ha estat escrita des d&#8217;una perspectiva androcèntrica.<br />
En diferents etapes històriques del postcolonialisme, dones de diferents sectors de la societat han destacat per la seva implicació singular en la lluita social i política, donant lloc al naixement d&#8217;un feminisme incipient que va anar conquerint veu i espais cada cop més, però sempre amb una empremta el·litista.<br />
El Hirak (o Moviment Popular del Rif), la revolta que va tenir lloc al Rif entre l&#8217;octubre del 2016 i el 2019 aproximadament va representar un punt d&#8217;inflexió en aquesta participació.<br />
Tant a nivell de diversitat (edats, situació laboral, estudis, estat civil, diversitat funcional, etc.) com a nivell de tipus d&#8217;implicació (des de la mera participació en les mobilitzacions fins al lideratge i organització), aquesta nova cara de la participació de la dona en la vida política, marca un abans i un després en la història del feminsime al Rif.<br />
I com és el cas per tot el moviment popular del Rif, aquesta nova participació transcendeix les fronteres del Rif, abarcant la diàspora rifenya a Europa.<br />
És interessant analitzar aquesta evolució en el paper de la dona en la vida social i política al Rif, veure quin discurs o marc conceptual l&#8217;emmarca, quins fites aconsegueix i quines barreres no ha pogut trencar, posant especial èmfasi en la última revolta del Rif i l&#8217;impacte que aquesta implicació ha tingut en el foment de la cultura de la igualtat dins la societat en general i com es veu el lloc actual de la dona en la mateixa.</p>
