{"id":6060,"date":"2024-09-06T17:30:29","date_gmt":"2024-09-06T15:30:29","guid":{"rendered":"https:\/\/redestudiosafricanos.org\/?post_type=comunicacion&#038;p=6060"},"modified":"2024-10-08T12:51:21","modified_gmt":"2024-10-08T10:51:21","slug":"de-identidades-adimensionales-a-identidades-multidimensionales-resignificando-y-dignificando-identidades-sudafricanas-empobrecidas","status":"publish","type":"comunicacion","link":"https:\/\/redestudiosafricanos.org\/en\/comunicacion\/de-identidades-adimensionales-a-identidades-multidimensionales-resignificando-y-dignificando-identidades-sudafricanas-empobrecidas\/","title":{"rendered":"De identidades adimensionales a identidades multidimensionales: resignificando y dignificando identidades sudafricanas empobrecidas."},"content":{"rendered":"<p>La experiencia del apartheid brinda a la realidad postapartheid la oportunidad para reflexionar y aprender del pasado para as\u00ed redefinir y reconstruir un futuro de reconocimiento y aceptaci\u00f3n del otro. Hab\u00eda conseguido implementar todo un aparato que girase, principalmente, en torno al criterio racial. Se establecieron clasificaciones que adscrib\u00edan la identidad a un color, una raza, una etnia. Dichas clasificaciones eran sustancialmente inciertas e inconsistentes y dieron paso al asentamiento en el imaginario colectivo de identidades empobrecidas y de relaciones sociales basadas esencialmente en este criterio. Fueron impactando, es m\u00e1s, las vidas de las personas, y de sus colectivos ocasionando tremendo sufrimiento humano. Tan cierto era entonces como lo es hoy pese a haber desmantelado formalmente el apartheid y haber instaurado un gobierno de la mayor\u00eda negra. Se perpet\u00faa una l\u00f3gica y dial\u00e9ctica colonial adem\u00e1s de una segregacionista: el africano, en general, y el sudafricano, en particular, son de un modo determinado, y se retratan tal como se retrata una naturaleza muerta. Lo mismo es cierto para las relaciones sociales en tanto que el opresor y el oprimido son un tipo dado. Las diferentes identidades reclaman su lugar en el orden postapartheid. Necesitan ser reconocidas y respetadas en su multidimensionalidad y temporalidad. Se requiere, por tanto, un reajuste de enfoque que se estima puede contribuir a derribar barreras y estigmas que reproducen l\u00f3gicas y din\u00e1micas discriminatorias. A partir de una instant\u00e1nea de la que se suponen es una identidad sudafricana, adimensional y atemporal, se mostrar\u00e1n, desde sus percepciones, las identidades multifac\u00e9ticas e interseccionadas, din\u00e1micas y cambiantes inmergidos en contextos igualmente tornadizos. Permite, asimismo, reflexionar sobre la \u00e9tica de las pol\u00edticas de clasificaci\u00f3n implementadas al ser humano y su necesaria despolitizaci\u00f3n. Se opina que dando cuenta de esta complejidad se consiga apelar a la humanidad que nos acomuna.<\/p>\n","protected":false},"author":959,"featured_media":0,"template":"","meta":{"_acf_changed":false,"_et_pb_use_builder":"","_et_pb_old_content":"","_et_gb_content_width":"","footnotes":""},"ciea":[87],"class_list":["post-6060","comunicacion","type-comunicacion","status-publish","hentry","ciea-ciea12"],"acf":[],"_links":{"self":[{"href":"https:\/\/redestudiosafricanos.org\/en\/wp-json\/wp\/v2\/comunicacion\/6060","targetHints":{"allow":["GET"]}}],"collection":[{"href":"https:\/\/redestudiosafricanos.org\/en\/wp-json\/wp\/v2\/comunicacion"}],"about":[{"href":"https:\/\/redestudiosafricanos.org\/en\/wp-json\/wp\/v2\/types\/comunicacion"}],"author":[{"embeddable":true,"href":"https:\/\/redestudiosafricanos.org\/en\/wp-json\/wp\/v2\/users\/959"}],"version-history":[{"count":1,"href":"https:\/\/redestudiosafricanos.org\/en\/wp-json\/wp\/v2\/comunicacion\/6060\/revisions"}],"predecessor-version":[{"id":6061,"href":"https:\/\/redestudiosafricanos.org\/en\/wp-json\/wp\/v2\/comunicacion\/6060\/revisions\/6061"}],"wp:attachment":[{"href":"https:\/\/redestudiosafricanos.org\/en\/wp-json\/wp\/v2\/media?parent=6060"}],"wp:term":[{"taxonomy":"ciea","embeddable":true,"href":"https:\/\/redestudiosafricanos.org\/en\/wp-json\/wp\/v2\/ciea?post=6060"}],"curies":[{"name":"wp","href":"https:\/\/api.w.org\/{rel}","templated":true}]}}

<p>La experiencia del apartheid brinda a la realidad postapartheid la oportunidad para reflexionar y aprender del pasado para así redefinir y reconstruir un futuro de reconocimiento y aceptación del otro. Había conseguido implementar todo un aparato que girase, principalmente, en torno al criterio racial. Se establecieron clasificaciones que adscribían la identidad a un color, una raza, una etnia. Dichas clasificaciones eran sustancialmente inciertas e inconsistentes y dieron paso al asentamiento en el imaginario colectivo de identidades empobrecidas y de relaciones sociales basadas esencialmente en este criterio. Fueron impactando, es más, las vidas de las personas, y de sus colectivos ocasionando tremendo sufrimiento humano. Tan cierto era entonces como lo es hoy pese a haber desmantelado formalmente el apartheid y haber instaurado un gobierno de la mayoría negra. Se perpetúa una lógica y dialéctica colonial además de una segregacionista: el africano, en general, y el sudafricano, en particular, son de un modo determinado, y se retratan tal como se retrata una naturaleza muerta. Lo mismo es cierto para las relaciones sociales en tanto que el opresor y el oprimido son un tipo dado. Las diferentes identidades reclaman su lugar en el orden postapartheid. Necesitan ser reconocidas y respetadas en su multidimensionalidad y temporalidad. Se requiere, por tanto, un reajuste de enfoque que se estima puede contribuir a derribar barreras y estigmas que reproducen lógicas y dinámicas discriminatorias. A partir de una instantánea de la que se suponen es una identidad sudafricana, adimensional y atemporal, se mostrarán, desde sus percepciones, las identidades multifacéticas e interseccionadas, dinámicas y cambiantes inmergidos en contextos igualmente tornadizos. Permite, asimismo, reflexionar sobre la ética de las políticas de clasificación implementadas al ser humano y su necesaria despolitización. Se opina que dando cuenta de esta complejidad se consiga apelar a la humanidad que nos acomuna.</p>
