{"id":6092,"date":"2024-09-10T16:15:23","date_gmt":"2024-09-10T14:15:23","guid":{"rendered":"https:\/\/redestudiosafricanos.org\/?post_type=comunicacion&#038;p=6092"},"modified":"2024-10-07T10:22:54","modified_gmt":"2024-10-07T08:22:54","slug":"sao-paulo-1920-estudos-linguisticos-a-presenca-indigena-e-a-invisibilizacao-africana","status":"publish","type":"comunicacion","link":"https:\/\/redestudiosafricanos.org\/en\/comunicacion\/sao-paulo-1920-estudos-linguisticos-a-presenca-indigena-e-a-invisibilizacao-africana\/","title":{"rendered":"S\u00c3O PAULO, 1920 \u2013 ESTUDOS LINGU\u00cdSTICOS: A PRESEN\u00c7A IND\u00cdGENA E A INVISIBILIZA\u00c7\u00c3O AFRICANA"},"content":{"rendered":"<p>Esta comunica\u00e7\u00e3o compreende uma vis\u00e3o sociolingu\u00edstica diacr\u00f4nica da regi\u00e3o de S\u00e3o Paulo na d\u00e9cada de 1920 no contexto dos estudos lingu\u00edsticos, bem como no contexto correlacionado das produ\u00e7\u00f5es art\u00edsticas e eventos culturais que colocam em evid\u00eancia a variedade lingu\u00edstica paulista do Portugu\u00eas Brasileiro (PB), o olhar social da \u00e9poca sobre essa forma\u00e7\u00e3o lingu\u00edstica e os personagens que transitam pela linguagem e a sociedade do per\u00edodo, um marco no cen\u00e1rio paulista e no cen\u00e1rio brasileiro em geral. O objetivo \u00e9 identificar a presen\u00e7a do ind\u00edgena e destacar a presen\u00e7a africana e afrodescendente, bem como denunciar as tentativas de invisibiliza\u00e7\u00e3o dessas presen\u00e7as no cen\u00e1rio, valendo-nos, para isso, dos olhares especializados lan\u00e7ados por representantes dos estudos lingu\u00edsticos, liter\u00e1rios e geogr\u00e1ficos sobre a S\u00e3o Paulo de 1920. Nessa busca, promoveremos intera\u00e7\u00e3o das interfaces da Lingu\u00edstica, da Literatura e da Geografia com as bases da Sociolingu\u00edstica Hist\u00f3rica, vertente que procura estudar fen\u00f4menos diacr\u00f4nicos de varia\u00e7\u00e3o e mudan\u00e7a com base no m\u00e9todo quantitativo. Ressaltamos, entretanto que, aqui, para atender ao prop\u00f3sitos da nossa pesquisa bibliogr\u00e1fica e discursiva, a perspectiva ser\u00e1 qualitativa. Para tanto, o estudo estar\u00e1 centrado em elementos da obra do jornalista e fil\u00f3logo autodidata Amadeu Amaral, O Dialeto Caipira (1920), do romance modernista do escritor e m\u00fasico Mario de Andrade, Macuna\u00edma (1928), de algumas produ\u00e7\u00f5es art\u00edsticas da Semana de Arte Moderna (1922), incluindo romances, poemas e quadros alusivos \u00e0 rela\u00e7\u00e3o entre a l\u00edngua, a literatura e seus personagens\/agentes no Brasil, e no quarto Censo Demogr\u00e1fico de 1920, do Instituto Brasileiro de Geografia e Estat\u00edstico (IBGE). <\/p>\n<p>Palavras-Chave: Sociolingu\u00edstica; S\u00e3o Paulo; Ind\u00edgena; Africano; 1920.<\/p>\n","protected":false},"author":1157,"featured_media":0,"template":"","meta":{"_acf_changed":false,"_et_pb_use_builder":"","_et_pb_old_content":"","_et_gb_content_width":"","footnotes":""},"ciea":[87],"class_list":["post-6092","comunicacion","type-comunicacion","status-publish","hentry","ciea-ciea12"],"acf":[],"_links":{"self":[{"href":"https:\/\/redestudiosafricanos.org\/en\/wp-json\/wp\/v2\/comunicacion\/6092","targetHints":{"allow":["GET"]}}],"collection":[{"href":"https:\/\/redestudiosafricanos.org\/en\/wp-json\/wp\/v2\/comunicacion"}],"about":[{"href":"https:\/\/redestudiosafricanos.org\/en\/wp-json\/wp\/v2\/types\/comunicacion"}],"author":[{"embeddable":true,"href":"https:\/\/redestudiosafricanos.org\/en\/wp-json\/wp\/v2\/users\/1157"}],"version-history":[{"count":1,"href":"https:\/\/redestudiosafricanos.org\/en\/wp-json\/wp\/v2\/comunicacion\/6092\/revisions"}],"predecessor-version":[{"id":6093,"href":"https:\/\/redestudiosafricanos.org\/en\/wp-json\/wp\/v2\/comunicacion\/6092\/revisions\/6093"}],"wp:attachment":[{"href":"https:\/\/redestudiosafricanos.org\/en\/wp-json\/wp\/v2\/media?parent=6092"}],"wp:term":[{"taxonomy":"ciea","embeddable":true,"href":"https:\/\/redestudiosafricanos.org\/en\/wp-json\/wp\/v2\/ciea?post=6092"}],"curies":[{"name":"wp","href":"https:\/\/api.w.org\/{rel}","templated":true}]}}

SÃO PAULO, 1920 – ESTUDOS LINGUÍSTICOS: A PRESENÇA INDÍGENA E A INVISIBILIZAÇÃO AFRICANA

<p>Esta comunicação compreende uma visão sociolinguística diacrônica da região de São Paulo na década de 1920 no contexto dos estudos linguísticos, bem como no contexto correlacionado das produções artísticas e eventos culturais que colocam em evidência a variedade linguística paulista do Português Brasileiro (PB), o olhar social da época sobre essa formação linguística e os personagens que transitam pela linguagem e a sociedade do período, um marco no cenário paulista e no cenário brasileiro em geral. O objetivo é identificar a presença do indígena e destacar a presença africana e afrodescendente, bem como denunciar as tentativas de invisibilização dessas presenças no cenário, valendo-nos, para isso, dos olhares especializados lançados por representantes dos estudos linguísticos, literários e geográficos sobre a São Paulo de 1920. Nessa busca, promoveremos interação das interfaces da Linguística, da Literatura e da Geografia com as bases da Sociolinguística Histórica, vertente que procura estudar fenômenos diacrônicos de variação e mudança com base no método quantitativo. Ressaltamos, entretanto que, aqui, para atender ao propósitos da nossa pesquisa bibliográfica e discursiva, a perspectiva será qualitativa. Para tanto, o estudo estará centrado em elementos da obra do jornalista e filólogo autodidata Amadeu Amaral, O Dialeto Caipira (1920), do romance modernista do escritor e músico Mario de Andrade, Macunaíma (1928), de algumas produções artísticas da Semana de Arte Moderna (1922), incluindo romances, poemas e quadros alusivos à relação entre a língua, a literatura e seus personagens/agentes no Brasil, e no quarto Censo Demográfico de 1920, do Instituto Brasileiro de Geografia e Estatístico (IBGE). </p>
<p>Palavras-Chave: Sociolinguística; São Paulo; Indígena; Africano; 1920.</p>
