{"id":6219,"date":"2024-09-11T22:37:48","date_gmt":"2024-09-11T20:37:48","guid":{"rendered":"https:\/\/redestudiosafricanos.org\/?post_type=comunicacion&#038;p=6219"},"modified":"2024-10-07T11:42:01","modified_gmt":"2024-10-07T09:42:01","slug":"medicina-magia-religion-y-locura-en-senegal","status":"publish","type":"comunicacion","link":"https:\/\/redestudiosafricanos.org\/en\/comunicacion\/medicina-magia-religion-y-locura-en-senegal\/","title":{"rendered":"Medicina, Magia, Religi\u00f3n y locura en Senegal."},"content":{"rendered":"<p>El concepto de enfermedad mental viene determinado por el contexto sociocultural y ambiental en el que se vive. En Senegal existen sistemas etiol\u00f3gicos espec\u00edficos y las opciones terap\u00e9uticas dependen de la accesibilidad a los servicios de salud y del poder adquisitivo, pero tambi\u00e9n de aspectos culturales.<\/p>\n<p>El Sistema de Salud oficial cuenta con una desigual oferta de servicios en Salud Mental. A pesar de su importancia, la medicina tradicional ocupa un lugar marginal en su estructura. El estado ha mostrado voluntad pol\u00edtica en promoverla sin embargo se ha encontrado con m\u00faltiples obst\u00e1culos. <\/p>\n<p>Diversas influencias culturales han posibilitado que varios sistemas terap\u00e9uticos coexistan aportando diferentes respuestas a las m\u00faltiples dimensiones de la enfermedad mental. Esta se sit\u00faa en un contexto donde su interpretaci\u00f3n est\u00e1 estrechamente vinculada con factores m\u00e1gico-religiosos, el grupo, las plantas medicinales y el poder simb\u00f3lico de ciertos rituales. <\/p>\n<p>En 1959 se cre\u00f3 el primer centro psiqui\u00e1trico (Hospital de Fann), dirigido por un equipo multidisciplinar compuesto por profesionales de diferentes disciplinas (psiquiatr\u00eda, psicoan\u00e1lisis, etnolog\u00eda, antropolog\u00eda, sociolog\u00eda) que trabajaron con sanadores tradicionales para entender la representaci\u00f3n de la enfermedad mental de las poblaciones. La cultura marc\u00f3 el funcionamiento del centro lo que implic\u00f3 la adopci\u00f3n de medidas novedosas (Escuela de Dakar) que romp\u00edan con la medicina colonial.<\/p>\n<p>En la actualidad la mediaci\u00f3n intercultural en la etnopsicoterapia se considera fundamental para crear una hibridaci\u00f3n entre la psiquiatr\u00eda convencional y los rituales terap\u00e9uticos tradicionales. <\/p>\n<p>La implementaci\u00f3n del Plan de Acci\u00f3n de Salud Mental refleja una situaci\u00f3n de d\u00e9ficit de estructuras, financiaci\u00f3n, investigaci\u00f3n y profesionales, as\u00ed como la prevalencia de las diferentes patolog\u00edas.<\/p>\n<p>Hablar de Salud Mental en Senegal, no es f\u00e1cil. Sigue siendo un tema tab\u00fa y m\u00faltiples representaciones socioculturales promueven el estigma social. Para abordarlo de forma eficiente, es fundamental establecer un di\u00e1logo intercultural entre los diferentes sistemas m\u00e9dicos.<\/p>\n","protected":false},"author":1174,"featured_media":0,"template":"","meta":{"_acf_changed":false,"_et_pb_use_builder":"","_et_pb_old_content":"","_et_gb_content_width":"","footnotes":""},"ciea":[87],"class_list":["post-6219","comunicacion","type-comunicacion","status-publish","hentry","ciea-ciea12"],"acf":[],"_links":{"self":[{"href":"https:\/\/redestudiosafricanos.org\/en\/wp-json\/wp\/v2\/comunicacion\/6219","targetHints":{"allow":["GET"]}}],"collection":[{"href":"https:\/\/redestudiosafricanos.org\/en\/wp-json\/wp\/v2\/comunicacion"}],"about":[{"href":"https:\/\/redestudiosafricanos.org\/en\/wp-json\/wp\/v2\/types\/comunicacion"}],"author":[{"embeddable":true,"href":"https:\/\/redestudiosafricanos.org\/en\/wp-json\/wp\/v2\/users\/1174"}],"version-history":[{"count":1,"href":"https:\/\/redestudiosafricanos.org\/en\/wp-json\/wp\/v2\/comunicacion\/6219\/revisions"}],"predecessor-version":[{"id":6220,"href":"https:\/\/redestudiosafricanos.org\/en\/wp-json\/wp\/v2\/comunicacion\/6219\/revisions\/6220"}],"wp:attachment":[{"href":"https:\/\/redestudiosafricanos.org\/en\/wp-json\/wp\/v2\/media?parent=6219"}],"wp:term":[{"taxonomy":"ciea","embeddable":true,"href":"https:\/\/redestudiosafricanos.org\/en\/wp-json\/wp\/v2\/ciea?post=6219"}],"curies":[{"name":"wp","href":"https:\/\/api.w.org\/{rel}","templated":true}]}}

Medicina, Magia, Religión y locura en Senegal.

<p>El concepto de enfermedad mental viene determinado por el contexto sociocultural y ambiental en el que se vive. En Senegal existen sistemas etiológicos específicos y las opciones terapéuticas dependen de la accesibilidad a los servicios de salud y del poder adquisitivo, pero también de aspectos culturales.</p>
<p>El Sistema de Salud oficial cuenta con una desigual oferta de servicios en Salud Mental. A pesar de su importancia, la medicina tradicional ocupa un lugar marginal en su estructura. El estado ha mostrado voluntad política en promoverla sin embargo se ha encontrado con múltiples obstáculos. </p>
<p>Diversas influencias culturales han posibilitado que varios sistemas terapéuticos coexistan aportando diferentes respuestas a las múltiples dimensiones de la enfermedad mental. Esta se sitúa en un contexto donde su interpretación está estrechamente vinculada con factores mágico-religiosos, el grupo, las plantas medicinales y el poder simbólico de ciertos rituales. </p>
<p>En 1959 se creó el primer centro psiquiátrico (Hospital de Fann), dirigido por un equipo multidisciplinar compuesto por profesionales de diferentes disciplinas (psiquiatría, psicoanálisis, etnología, antropología, sociología) que trabajaron con sanadores tradicionales para entender la representación de la enfermedad mental de las poblaciones. La cultura marcó el funcionamiento del centro lo que implicó la adopción de medidas novedosas (Escuela de Dakar) que rompían con la medicina colonial.</p>
<p>En la actualidad la mediación intercultural en la etnopsicoterapia se considera fundamental para crear una hibridación entre la psiquiatría convencional y los rituales terapéuticos tradicionales. </p>
<p>La implementación del Plan de Acción de Salud Mental refleja una situación de déficit de estructuras, financiación, investigación y profesionales, así como la prevalencia de las diferentes patologías.</p>
<p>Hablar de Salud Mental en Senegal, no es fácil. Sigue siendo un tema tabú y múltiples representaciones socioculturales promueven el estigma social. Para abordarlo de forma eficiente, es fundamental establecer un diálogo intercultural entre los diferentes sistemas médicos.</p>
