{"id":6228,"date":"2024-09-12T12:24:51","date_gmt":"2024-09-12T10:24:51","guid":{"rendered":"https:\/\/redestudiosafricanos.org\/?post_type=comunicacion&#038;p=6228"},"modified":"2024-10-08T11:44:35","modified_gmt":"2024-10-08T09:44:35","slug":"droit-coutumier-amazighe-apparition-transcription-diffusion-et-conformite-avec-la-jurisprudence-islamique","status":"publish","type":"comunicacion","link":"https:\/\/redestudiosafricanos.org\/en\/comunicacion\/droit-coutumier-amazighe-apparition-transcription-diffusion-et-conformite-avec-la-jurisprudence-islamique\/","title":{"rendered":"Droit coutumier amazighe : apparition, transcription, diffusion et conformit\u00e9 avec la jurisprudence islamique"},"content":{"rendered":"<p>Droit coutumier amazighe : apparition, transcription, diffusion et conformit\u00e9 avec la jurisprudence islamique<br \/>\nRamou, Asmhri et Ait Addi, <br \/>\nL\u2019azerf est le droit coutumier amazigh. Les auteurs de la p\u00e9riode coloniale (Meunier1949, Montagne 1924,1929, Monteil 1989, Adam 1948 ) et d\u2019autres contemporains (Bouqdouri 2000, Al Athmanie 2004, Ramou et al. 2013, Yassine 2015, Hoffman 2013,  Di Tolla 2016, , Ramou et al. 2024, etc.) s\u2019accordent sur une origine unique ; L\u2019ensemble des llouh (manuscrits du droit coutumier) du sud marocain sont copi\u00e9es du llouh d\u2019Ajarif. Ce p\u00e8re des llouh est une charte exceptionnelle (Meunier 1967) a donn\u00e9 naissance \u00e0 des g\u00e9n\u00e9rations de manuscrits de droit coutumier (Yassine 2015). Tous les droits coutumiers de gestion des greniers collectifs, et par la suite les autres institutions commentaires (souk, moussem, zaouiya, etc.) sont des r\u00e9pliques de la charte d\u2019Ajarif . D\u2019apr\u00e8s Meuniers (1944) et Montagne (1929), cet ancien recueil existait \u00e0 l\u2019\u00e9tat oral produit par les inflass, Jmaa  ou Ayt Rbaine, puis transcrit au d\u00e9but du XVe si\u00e8cle.<br \/>\nPeu d\u2019\u00e9tudes se sont consacr\u00e9es \u00e0 cette transition de l\u2019oral \u00e0 l\u2019\u00e9crit. Une transition qui pose plusieurs questions et questionnements : d\u2019abord sur les conditions politiques de la r\u00e9daction des r\u00e8gles juridiques orales, puis sur les causes ayant incit\u00e9 les tribus amazighes (souvent situ\u00e9es dans la zone de Siba \/dissidence) \u00e0 la r\u00e9daction de leurs droits coutumiers, ensuite, sur le choix de l\u2019arabe comme langue de r\u00e9daction. Enfin, quels sont les facteurs de cette forte diffusion de la charte d\u2019Ajarif par rapport \u00e0 d\u2019autres chartes ?<br \/>\nMais la grande question \u00e0 poser est celle relative au contenu de la charte. Rappelons que les pratiques coutumi\u00e8res des soci\u00e9t\u00e9s rurales nord-africaines sont, principalement fond\u00e9es sur l\u2019oral et sont consid\u00e9r\u00e9es comme des pratiques anti-islam (Di Tolla 2016) et comportent des contradictions avec la jurisprudence islamique. La r\u00e9daction de ces<\/p>\n","protected":false},"author":1198,"featured_media":0,"template":"","meta":{"_acf_changed":false,"_et_pb_use_builder":"","_et_pb_old_content":"","_et_gb_content_width":"","footnotes":""},"ciea":[87],"class_list":["post-6228","comunicacion","type-comunicacion","status-publish","hentry","ciea-ciea12"],"acf":[],"_links":{"self":[{"href":"https:\/\/redestudiosafricanos.org\/en\/wp-json\/wp\/v2\/comunicacion\/6228","targetHints":{"allow":["GET"]}}],"collection":[{"href":"https:\/\/redestudiosafricanos.org\/en\/wp-json\/wp\/v2\/comunicacion"}],"about":[{"href":"https:\/\/redestudiosafricanos.org\/en\/wp-json\/wp\/v2\/types\/comunicacion"}],"author":[{"embeddable":true,"href":"https:\/\/redestudiosafricanos.org\/en\/wp-json\/wp\/v2\/users\/1198"}],"version-history":[{"count":1,"href":"https:\/\/redestudiosafricanos.org\/en\/wp-json\/wp\/v2\/comunicacion\/6228\/revisions"}],"predecessor-version":[{"id":6229,"href":"https:\/\/redestudiosafricanos.org\/en\/wp-json\/wp\/v2\/comunicacion\/6228\/revisions\/6229"}],"wp:attachment":[{"href":"https:\/\/redestudiosafricanos.org\/en\/wp-json\/wp\/v2\/media?parent=6228"}],"wp:term":[{"taxonomy":"ciea","embeddable":true,"href":"https:\/\/redestudiosafricanos.org\/en\/wp-json\/wp\/v2\/ciea?post=6228"}],"curies":[{"name":"wp","href":"https:\/\/api.w.org\/{rel}","templated":true}]}}

Droit coutumier amazighe : apparition, transcription, diffusion et conformité avec la jurisprudence islamique

<p>Droit coutumier amazighe : apparition, transcription, diffusion et conformité avec la jurisprudence islamique<br />
Ramou, Asmhri et Ait Addi, <br />
L’azerf est le droit coutumier amazigh. Les auteurs de la période coloniale (Meunier1949, Montagne 1924,1929, Monteil 1989, Adam 1948 ) et d’autres contemporains (Bouqdouri 2000, Al Athmanie 2004, Ramou et al. 2013, Yassine 2015, Hoffman 2013,  Di Tolla 2016, , Ramou et al. 2024, etc.) s’accordent sur une origine unique ; L’ensemble des llouh (manuscrits du droit coutumier) du sud marocain sont copiées du llouh d’Ajarif. Ce père des llouh est une charte exceptionnelle (Meunier 1967) a donné naissance à des générations de manuscrits de droit coutumier (Yassine 2015). Tous les droits coutumiers de gestion des greniers collectifs, et par la suite les autres institutions commentaires (souk, moussem, zaouiya, etc.) sont des répliques de la charte d’Ajarif . D’après Meuniers (1944) et Montagne (1929), cet ancien recueil existait à l’état oral produit par les inflass, Jmaa  ou Ayt Rbaine, puis transcrit au début du XVe siècle.<br />
Peu d’études se sont consacrées à cette transition de l’oral à l’écrit. Une transition qui pose plusieurs questions et questionnements : d’abord sur les conditions politiques de la rédaction des règles juridiques orales, puis sur les causes ayant incité les tribus amazighes (souvent situées dans la zone de Siba /dissidence) à la rédaction de leurs droits coutumiers, ensuite, sur le choix de l’arabe comme langue de rédaction. Enfin, quels sont les facteurs de cette forte diffusion de la charte d’Ajarif par rapport à d’autres chartes ?<br />
Mais la grande question à poser est celle relative au contenu de la charte. Rappelons que les pratiques coutumières des sociétés rurales nord-africaines sont, principalement fondées sur l’oral et sont considérées comme des pratiques anti-islam (Di Tolla 2016) et comportent des contradictions avec la jurisprudence islamique. La rédaction de ces</p>
