{"id":6230,"date":"2024-09-12T12:55:42","date_gmt":"2024-09-12T10:55:42","guid":{"rendered":"https:\/\/redestudiosafricanos.org\/?post_type=comunicacion&#038;p=6230"},"modified":"2024-10-08T11:44:35","modified_gmt":"2024-10-08T09:44:35","slug":"soufisme-et-savoir-islamique-entre-oralite-et-culture-manuscrite-dans-le-sahara-effet-dechange-entre-le-sahel-et-le-sud-du-maghreb","status":"publish","type":"comunicacion","link":"https:\/\/redestudiosafricanos.org\/en\/comunicacion\/soufisme-et-savoir-islamique-entre-oralite-et-culture-manuscrite-dans-le-sahara-effet-dechange-entre-le-sahel-et-le-sud-du-maghreb\/","title":{"rendered":"Soufisme et savoir islamique entre oralit\u00e9 et culture manuscrite dans le Sahara :effet d\u2019\u00e9change entre le sahel et le sud du Maghreb"},"content":{"rendered":"<p>Soufisme et savoir islamique entre oralit\u00e9 et culture manuscrite dans le Sahara :effet d\u2019\u00e9change entre le sahel et le sud du Maghreb<br \/>\nRachid Chehmi &amp; Hassan RAMOU<br \/>\nLes \u00e9crits sur les \u00e9changes entre le Maghreb et le sahel se sont focalis\u00e9s sur les influences \u00e0 caract\u00e8re vertical du nord vers le sud. Peu d\u2019\u00e9tudes ont \u00e9t\u00e9 consacr\u00e9es aux \u00e9changes horizontaux entre les diff\u00e9rentes composantes de l\u2019espace saharien ou les influences d\u2019origine sah\u00e9lienne sur le malikisme maghr\u00e9bin. Selon plusieurs autres, le d\u00e9veloppement du savoir islamique dans le Sahara est li\u00e9 \u00e0 l\u2019activisme des confr\u00e9ries religieuses dans le Sahara surtout apr\u00e8s le 15eme si\u00e8cle. (Choukri, sans date) et plus particuli\u00e8rement au niveau du bassin de Saquia el Hamra  (Bouzenkad 2018). Plusieurs questions se posent sur les conditions de d\u00e9veloppement de ces zaouia dans cet espace, et sur les r\u00f4les de ces institutions d\u2019abord dans l\u2019organisation de l\u2019espace, la gestion des affaires publics, et surtout dans la transition vers une culture manuscrite (Ammalek, sans date).<br \/>\nIbn haouqel \u00e9voque l\u2019existence des \u00e9crits et des manuscrits au 10 ieme si\u00e8cle\/4ieme si\u00e8cle, mais limit\u00e9s au domaine commercial (Azaykou 1995). Tandis que Meunier (1982) a d\u00e9crit dans son travail le trait\u00e9 conclu entre le royaume Boutata et les espagnoles et qui datait de 1499.<br \/>\nPlusieurs auteurs \u00e9voquent que le passage du savoir du son \u00e9tat oral \u00e0 l\u2019\u00e9crit s\u2019est amplifi\u00e9 avec les Saadiens et ce gr\u00e2ce aux zaouia (par ex. zaouia sidi Mohammed Ben Ameur). Les recherches d\u00e9montrent aussi que l\u2019\u00e9tendu des \u00e9crits et des manuscrits permet de distinguer entre deux espaces : celui au nord de Saquia el Hamra, plus proche \u00e0 la r\u00e9alit\u00e9 du Souss et qui appartient au syst\u00e8me du louh jazoual (Boubrik 2012) et l\u2019autre au sud le long des routes commerciales (Adrar, Tires, Chenguit, etc.). <br \/>\nEnfin, l\u2019existence d\u2019une culture savante \u00e9crite dans<\/p>\n","protected":false},"author":1204,"featured_media":0,"template":"","meta":{"_acf_changed":false,"_et_pb_use_builder":"","_et_pb_old_content":"","_et_gb_content_width":"","footnotes":""},"ciea":[87],"class_list":["post-6230","comunicacion","type-comunicacion","status-publish","hentry","ciea-ciea12"],"acf":[],"_links":{"self":[{"href":"https:\/\/redestudiosafricanos.org\/en\/wp-json\/wp\/v2\/comunicacion\/6230","targetHints":{"allow":["GET"]}}],"collection":[{"href":"https:\/\/redestudiosafricanos.org\/en\/wp-json\/wp\/v2\/comunicacion"}],"about":[{"href":"https:\/\/redestudiosafricanos.org\/en\/wp-json\/wp\/v2\/types\/comunicacion"}],"author":[{"embeddable":true,"href":"https:\/\/redestudiosafricanos.org\/en\/wp-json\/wp\/v2\/users\/1204"}],"version-history":[{"count":1,"href":"https:\/\/redestudiosafricanos.org\/en\/wp-json\/wp\/v2\/comunicacion\/6230\/revisions"}],"predecessor-version":[{"id":6231,"href":"https:\/\/redestudiosafricanos.org\/en\/wp-json\/wp\/v2\/comunicacion\/6230\/revisions\/6231"}],"wp:attachment":[{"href":"https:\/\/redestudiosafricanos.org\/en\/wp-json\/wp\/v2\/media?parent=6230"}],"wp:term":[{"taxonomy":"ciea","embeddable":true,"href":"https:\/\/redestudiosafricanos.org\/en\/wp-json\/wp\/v2\/ciea?post=6230"}],"curies":[{"name":"wp","href":"https:\/\/api.w.org\/{rel}","templated":true}]}}

Soufisme et savoir islamique entre oralité et culture manuscrite dans le Sahara :effet d’échange entre le sahel et le sud du Maghreb

<p>Soufisme et savoir islamique entre oralité et culture manuscrite dans le Sahara :effet d’échange entre le sahel et le sud du Maghreb<br />
Rachid Chehmi &amp; Hassan RAMOU<br />
Les écrits sur les échanges entre le Maghreb et le sahel se sont focalisés sur les influences à caractère vertical du nord vers le sud. Peu d’études ont été consacrées aux échanges horizontaux entre les différentes composantes de l’espace saharien ou les influences d’origine sahélienne sur le malikisme maghrébin. Selon plusieurs autres, le développement du savoir islamique dans le Sahara est lié à l’activisme des confréries religieuses dans le Sahara surtout après le 15eme siècle. (Choukri, sans date) et plus particulièrement au niveau du bassin de Saquia el Hamra  (Bouzenkad 2018). Plusieurs questions se posent sur les conditions de développement de ces zaouia dans cet espace, et sur les rôles de ces institutions d’abord dans l’organisation de l’espace, la gestion des affaires publics, et surtout dans la transition vers une culture manuscrite (Ammalek, sans date).<br />
Ibn haouqel évoque l’existence des écrits et des manuscrits au 10 ieme siècle/4ieme siècle, mais limités au domaine commercial (Azaykou 1995). Tandis que Meunier (1982) a décrit dans son travail le traité conclu entre le royaume Boutata et les espagnoles et qui datait de 1499.<br />
Plusieurs auteurs évoquent que le passage du savoir du son état oral à l’écrit s’est amplifié avec les Saadiens et ce grâce aux zaouia (par ex. zaouia sidi Mohammed Ben Ameur). Les recherches démontrent aussi que l’étendu des écrits et des manuscrits permet de distinguer entre deux espaces : celui au nord de Saquia el Hamra, plus proche à la réalité du Souss et qui appartient au système du louh jazoual (Boubrik 2012) et l’autre au sud le long des routes commerciales (Adrar, Tires, Chenguit, etc.). <br />
Enfin, l’existence d’une culture savante écrite dans</p>
