{"id":6296,"date":"2024-09-17T11:24:01","date_gmt":"2024-09-17T09:24:01","guid":{"rendered":"https:\/\/redestudiosafricanos.org\/?post_type=comunicacion&#038;p=6296"},"modified":"2024-10-07T10:52:41","modified_gmt":"2024-10-07T08:52:41","slug":"aproximacion-critica-a-las-epistemologias-y-la-produccion-de-conocimiento-en-lenguas-multilinguismo-y-sociedad-en-marruecos","status":"publish","type":"comunicacion","link":"https:\/\/redestudiosafricanos.org\/en\/comunicacion\/aproximacion-critica-a-las-epistemologias-y-la-produccion-de-conocimiento-en-lenguas-multilinguismo-y-sociedad-en-marruecos\/","title":{"rendered":"Aproximaci\u00f3n cr\u00edtica a las epistemolog\u00edas y la producci\u00f3n de conocimiento en lenguas, multiling\u00fcismo y sociedad en Marruecos"},"content":{"rendered":"<p>En esta comunicaci\u00f3n intentar\u00e9 situar la investigaci\u00f3n llevada a cabo por socioling\u00fcistas marroqu\u00edes locales, que no s\u00f3lo pretend\u00edan examinar los fen\u00f3menos socioling\u00fc\u00edsticos relacionados con el multiling\u00fcismo en Marruecos, sino tambi\u00e9n teorizar, desarrollar y apropiarse de m\u00e9todos para obtener datos emp\u00edricos y apoyar sus agendas intelectuales y pol\u00edticas decoloniales. En este sentido, mi objetivo tambi\u00e9n es reflexionar sobre la literatura fundacional e investigaciones en la socioling\u00fc\u00edstica marroqu\u00ed producida por investigadore-as locales durante las d\u00e9cadas de los setenta, ochenta y noventa (Moustaoui, 2024). La comunicaci\u00f3n intenta dar respuesta por tanto a una serie de preguntas. \u00bfCu\u00e1les han sido las condiciones hist\u00f3ricas, coloniales, pol\u00edticas, ideol\u00f3gicas y econ\u00f3micas que han provocado problemas de desigualdad y exclusi\u00f3n en las complejas relaciones entre lengua y sociedad como disciplina y conocimiento en Marruecos? \u00bfCu\u00e1l es el papel de lo-as socioling\u00fcistas locales marroqu\u00edes en el proceso de fundaci\u00f3n y decolonizaci\u00f3n del campo? \u00bfQu\u00e9 nuevas epistemolog\u00edas en el campo de la socioling\u00fc\u00edstica se sugieren desde el Sur global? \u00bfC\u00f3mo pueden estas epistemolog\u00edas invertir y cambiar la jerarquizaci\u00f3n en la producci\u00f3n de conocimientos en el marco de la colonialidad del hacer, del saber, del sentir y del pensar? Esta comunicaci\u00f3n nace as\u00ed de la necesidad de desarrollar nuevas narrativas -como ejercicio decolonial de la memoria- en la investigaci\u00f3n sobre el multiling\u00fcismo y c\u00f3mo esto se ha logrado desde una teor\u00eda desde el Sur y decolonial (Deumert y Sikoni, 2022) en un pa\u00eds como Marruecos. Y por \u00faltimo, mi locus de enunciaci\u00f3n se sit\u00faa en lo que Otsuji y Pennycook (2010, 243) denominan \u201cel paso de lo fijo hacia lo fluido\u201d al considerar las lenguas y el multiling\u00fcismo como un proceso continuo de transformaci\u00f3n social y no como algo que se sit\u00faa en un territorio o instituci\u00f3n fija.<\/p>\n","protected":false},"author":1123,"featured_media":0,"template":"","meta":{"_acf_changed":false,"_et_pb_use_builder":"","_et_pb_old_content":"","_et_gb_content_width":"","footnotes":""},"ciea":[87],"class_list":["post-6296","comunicacion","type-comunicacion","status-publish","hentry","ciea-ciea12"],"acf":[],"_links":{"self":[{"href":"https:\/\/redestudiosafricanos.org\/en\/wp-json\/wp\/v2\/comunicacion\/6296","targetHints":{"allow":["GET"]}}],"collection":[{"href":"https:\/\/redestudiosafricanos.org\/en\/wp-json\/wp\/v2\/comunicacion"}],"about":[{"href":"https:\/\/redestudiosafricanos.org\/en\/wp-json\/wp\/v2\/types\/comunicacion"}],"author":[{"embeddable":true,"href":"https:\/\/redestudiosafricanos.org\/en\/wp-json\/wp\/v2\/users\/1123"}],"version-history":[{"count":1,"href":"https:\/\/redestudiosafricanos.org\/en\/wp-json\/wp\/v2\/comunicacion\/6296\/revisions"}],"predecessor-version":[{"id":6297,"href":"https:\/\/redestudiosafricanos.org\/en\/wp-json\/wp\/v2\/comunicacion\/6296\/revisions\/6297"}],"wp:attachment":[{"href":"https:\/\/redestudiosafricanos.org\/en\/wp-json\/wp\/v2\/media?parent=6296"}],"wp:term":[{"taxonomy":"ciea","embeddable":true,"href":"https:\/\/redestudiosafricanos.org\/en\/wp-json\/wp\/v2\/ciea?post=6296"}],"curies":[{"name":"wp","href":"https:\/\/api.w.org\/{rel}","templated":true}]}}

Aproximación crítica a las epistemologías y la producción de conocimiento en lenguas, multilingüismo y sociedad en Marruecos

<p>En esta comunicación intentaré situar la investigación llevada a cabo por sociolingüistas marroquíes locales, que no sólo pretendían examinar los fenómenos sociolingüísticos relacionados con el multilingüismo en Marruecos, sino también teorizar, desarrollar y apropiarse de métodos para obtener datos empíricos y apoyar sus agendas intelectuales y políticas decoloniales. En este sentido, mi objetivo también es reflexionar sobre la literatura fundacional e investigaciones en la sociolingüística marroquí producida por investigadore-as locales durante las décadas de los setenta, ochenta y noventa (Moustaoui, 2024). La comunicación intenta dar respuesta por tanto a una serie de preguntas. ¿Cuáles han sido las condiciones históricas, coloniales, políticas, ideológicas y económicas que han provocado problemas de desigualdad y exclusión en las complejas relaciones entre lengua y sociedad como disciplina y conocimiento en Marruecos? ¿Cuál es el papel de lo-as sociolingüistas locales marroquíes en el proceso de fundación y decolonización del campo? ¿Qué nuevas epistemologías en el campo de la sociolingüística se sugieren desde el Sur global? ¿Cómo pueden estas epistemologías invertir y cambiar la jerarquización en la producción de conocimientos en el marco de la colonialidad del hacer, del saber, del sentir y del pensar? Esta comunicación nace así de la necesidad de desarrollar nuevas narrativas -como ejercicio decolonial de la memoria- en la investigación sobre el multilingüismo y cómo esto se ha logrado desde una teoría desde el Sur y decolonial (Deumert y Sikoni, 2022) en un país como Marruecos. Y por último, mi locus de enunciación se sitúa en lo que Otsuji y Pennycook (2010, 243) denominan “el paso de lo fijo hacia lo fluido” al considerar las lenguas y el multilingüismo como un proceso continuo de transformación social y no como algo que se sitúa en un territorio o institución fija.</p>
