{"id":6317,"date":"2024-09-18T19:37:07","date_gmt":"2024-09-18T17:37:07","guid":{"rendered":"https:\/\/redestudiosafricanos.org\/?post_type=comunicacion&#038;p=6317"},"modified":"2024-10-07T11:42:01","modified_gmt":"2024-10-07T09:42:01","slug":"ecologia-social-de-axe-praticas-religiosas-afro-brasileiras-no-rio-de-janeiro","status":"publish","type":"comunicacion","link":"https:\/\/redestudiosafricanos.org\/en\/comunicacion\/ecologia-social-de-axe-praticas-religiosas-afro-brasileiras-no-rio-de-janeiro\/","title":{"rendered":"Ecologia social de ax\u00e9: pr\u00e1ticas religiosas afro-brasileiras no Rio de Janeiro"},"content":{"rendered":"<p>Nos \u00faltimos anos, uma sensibilidade etnogr\u00e1fica atenta \u00e0 constru\u00e7\u00e3o social e decolonial de tramas ecol\u00f3gicas de significado tem se destacado, apresentando alternativas aos desvios securit\u00e1rios e divisionistas da pol\u00edtica internacional. \u00c9 nessa perspectiva que se enquadra o trabalho etnogr\u00e1fico sobre a forma\u00e7\u00e3o de uma Rede de A\u00e7\u00e3o Territorial de Matriz Africana que atua na Zona Oeste do Rio de Janeiro. A Rede MAR (Matrizes Africanas Reunidas) \u00e9 composta por Institutos Socioculturais nascidos em locais de culto de de matriz africana (terreiros). O trabalho realizado por esses Institutos tem como objetivo construir comunidades por meio do conhecimento local e ancestral de matriz afro-ind\u00edgena, promovendo rela\u00e7\u00f5es conscientes e de cuidado. Tradicionalmente, os terreiros representam um espa\u00e7o restaurador de culturas fragmentadas para corpos perif\u00e9ricos, negros e pobres: s\u00e3o espa\u00e7os de reterritorializa\u00e7\u00e3o de formas sociais desterritorializadas com a di\u00e1spora. Hoje, o trabalho social dos terreiros \u00e9 voltado tanto para os filhos espirituais quanto para os moradores do bairro: s\u00e3o pr\u00e1ticas que levam ao empoderamento \u00e9tnico e de g\u00eanero dos participantes, permitindo a circula\u00e7\u00e3o do ax\u00e9, poder de realiza\u00e7\u00e3o de cada um. No Rio, os terreiros est\u00e3o distribu\u00eddos em \u00e1reas pobres e perif\u00e9ricas, com condi\u00e7\u00f5es sociossanit\u00e1rias desastrosas, onde n\u00e3o h\u00e1 centros de agrega\u00e7\u00e3o. Assim, uma rede territorial atesta a possibilidade de um caminho de ecologia social decolonial sustentado por uma imagina\u00e7\u00e3o\/a\u00e7\u00e3o pol\u00edtica que, partindo de um universo religioso espec\u00edfico, conseguiu, por um lado, expressar as necessidades \u00eamicas de diferentes grupos sociais e, por outro, responder \u00e0s necessidades coletivas, desde a precariedade econ\u00f4mica at\u00e9 as desigualdades de g\u00eanero, o isolamento territorial etc. Assim, a Rede MAR se apresenta como uma tentativa de superar as divis\u00f5es dos Povos afro-ind\u00edgenas ampliadas pelas pol\u00edticas estatais, fortalecendo a consci\u00eancia \u00e9tnica contra as fronteiras urbanas da desigualdade e da viol\u00eancia.<\/p>\n","protected":false},"author":1227,"featured_media":0,"template":"","meta":{"_acf_changed":false,"_et_pb_use_builder":"","_et_pb_old_content":"","_et_gb_content_width":"","footnotes":""},"ciea":[87],"class_list":["post-6317","comunicacion","type-comunicacion","status-publish","hentry","ciea-ciea12"],"acf":[],"_links":{"self":[{"href":"https:\/\/redestudiosafricanos.org\/en\/wp-json\/wp\/v2\/comunicacion\/6317","targetHints":{"allow":["GET"]}}],"collection":[{"href":"https:\/\/redestudiosafricanos.org\/en\/wp-json\/wp\/v2\/comunicacion"}],"about":[{"href":"https:\/\/redestudiosafricanos.org\/en\/wp-json\/wp\/v2\/types\/comunicacion"}],"author":[{"embeddable":true,"href":"https:\/\/redestudiosafricanos.org\/en\/wp-json\/wp\/v2\/users\/1227"}],"version-history":[{"count":1,"href":"https:\/\/redestudiosafricanos.org\/en\/wp-json\/wp\/v2\/comunicacion\/6317\/revisions"}],"predecessor-version":[{"id":6318,"href":"https:\/\/redestudiosafricanos.org\/en\/wp-json\/wp\/v2\/comunicacion\/6317\/revisions\/6318"}],"wp:attachment":[{"href":"https:\/\/redestudiosafricanos.org\/en\/wp-json\/wp\/v2\/media?parent=6317"}],"wp:term":[{"taxonomy":"ciea","embeddable":true,"href":"https:\/\/redestudiosafricanos.org\/en\/wp-json\/wp\/v2\/ciea?post=6317"}],"curies":[{"name":"wp","href":"https:\/\/api.w.org\/{rel}","templated":true}]}}

Ecologia social de axé: práticas religiosas afro-brasileiras no Rio de Janeiro

<p>Nos últimos anos, uma sensibilidade etnográfica atenta à construção social e decolonial de tramas ecológicas de significado tem se destacado, apresentando alternativas aos desvios securitários e divisionistas da política internacional. É nessa perspectiva que se enquadra o trabalho etnográfico sobre a formação de uma Rede de Ação Territorial de Matriz Africana que atua na Zona Oeste do Rio de Janeiro. A Rede MAR (Matrizes Africanas Reunidas) é composta por Institutos Socioculturais nascidos em locais de culto de de matriz africana (terreiros). O trabalho realizado por esses Institutos tem como objetivo construir comunidades por meio do conhecimento local e ancestral de matriz afro-indígena, promovendo relações conscientes e de cuidado. Tradicionalmente, os terreiros representam um espaço restaurador de culturas fragmentadas para corpos periféricos, negros e pobres: são espaços de reterritorialização de formas sociais desterritorializadas com a diáspora. Hoje, o trabalho social dos terreiros é voltado tanto para os filhos espirituais quanto para os moradores do bairro: são práticas que levam ao empoderamento étnico e de gênero dos participantes, permitindo a circulação do axé, poder de realização de cada um. No Rio, os terreiros estão distribuídos em áreas pobres e periféricas, com condições sociossanitárias desastrosas, onde não há centros de agregação. Assim, uma rede territorial atesta a possibilidade de um caminho de ecologia social decolonial sustentado por uma imaginação/ação política que, partindo de um universo religioso específico, conseguiu, por um lado, expressar as necessidades êmicas de diferentes grupos sociais e, por outro, responder às necessidades coletivas, desde a precariedade econômica até as desigualdades de gênero, o isolamento territorial etc. Assim, a Rede MAR se apresenta como uma tentativa de superar as divisões dos Povos afro-indígenas ampliadas pelas políticas estatais, fortalecendo a consciência étnica contra as fronteiras urbanas da desigualdade e da violência.</p>
