{"id":6319,"date":"2024-09-19T21:44:39","date_gmt":"2024-09-19T19:44:39","guid":{"rendered":"https:\/\/redestudiosafricanos.org\/?post_type=comunicacion&#038;p=6319"},"modified":"2024-10-08T11:44:35","modified_gmt":"2024-10-08T09:44:35","slug":"repertorios-biograficos-ifriqies-e-iba%e1%b8%8dies-para-el-conocimiento-de-las-relaciones-comerciales-intra-africanas-en-epoca-medieval","status":"publish","type":"comunicacion","link":"https:\/\/redestudiosafricanos.org\/en\/comunicacion\/repertorios-biograficos-ifriqies-e-iba%e1%b8%8dies-para-el-conocimiento-de-las-relaciones-comerciales-intra-africanas-en-epoca-medieval\/","title":{"rendered":"Repertorios biogr\u00e1ficos ifr\u012bq\u00edes e ib\u0101\u1e0d\u00edes para el conocimiento de las relaciones comerciales intra-africanas en \u00e9poca medieval"},"content":{"rendered":"<p>Partiendo de la premisa de que en el mundo isl\u00e1mico el \u00e1mbito intelectual est\u00e1 ligado al comercial desde los inicios del proceso de transmisi\u00f3n del conocimiento, nos proponemos en esta comunicaci\u00f3n analizar el papel de los ulemas en los intercambios humanos y comerciales que se establecieron entre el Magreb y la zona del Sahel en \u00e9poca medieval. Ya Lewicki dej\u00f3 constancia de la importancia de las rutas comerciales entre el Sud\u00e1n central y occidental y el norte del continente en los primeros siglos de expansi\u00f3n del islam. M\u00e1s recientemente, Nobili (\u201cReinterpreting\u2026\u201d, 2020) ha incidido en la necesidad de estudiar al colectivo de los ulemas, contemplando al islam africano no desde la perspectiva de sociedades o comunidades pasivas que \u201creciben\u201d un credo ajeno y externo, sino considerando un proceso de conversi\u00f3n donde las poblaciones locales protagonizan una apropiaci\u00f3n de ritos y creencias. Desde este punto de vista, seguiremos el rastro de sabios cuya onom\u00e1stica refleja la vinculaci\u00f3n con las rutas comerciales que un\u00edan el interior del continente con Ifriq\u012bya y el reino rustum\u00ed de Tahert, fundamentalmente dos: una pasaba por Si\u0177ilmasa y la otra por T\u0101dimekka. Las fuentes de informaci\u00f3n de referencia ser\u00e1n repertorios biogr\u00e1ficos ifr\u012bq\u00edes m\u0101lik\u00edes y repertorios ib\u0101\u1e0d\u00edes, que ofrecen datos muy interesantes y precisos. Pretendemos contribuir as\u00ed al estudio de la formaci\u00f3n de las comunidades musulmanas africanas en el per\u00edodo medieval, tomando en consideraci\u00f3n el hecho de que el comercio permit\u00eda en ocasiones al colectivo de los ulemas desarrollar sus labores intelectuales. Se rastrear\u00e1 la motivaci\u00f3n de los viajes entre Ifr\u012bqiya y el Sahel, as\u00ed como noticias sobre los productos que se transportaban, los detalles materiales de los traslados y la posible presencia de mujeres en los viajes y su papel en el proceso comercial.<\/p>\n","protected":false},"author":940,"featured_media":0,"template":"","meta":{"_acf_changed":false,"_et_pb_use_builder":"","_et_pb_old_content":"","_et_gb_content_width":"","footnotes":""},"ciea":[87],"class_list":["post-6319","comunicacion","type-comunicacion","status-publish","hentry","ciea-ciea12"],"acf":[],"_links":{"self":[{"href":"https:\/\/redestudiosafricanos.org\/en\/wp-json\/wp\/v2\/comunicacion\/6319","targetHints":{"allow":["GET"]}}],"collection":[{"href":"https:\/\/redestudiosafricanos.org\/en\/wp-json\/wp\/v2\/comunicacion"}],"about":[{"href":"https:\/\/redestudiosafricanos.org\/en\/wp-json\/wp\/v2\/types\/comunicacion"}],"author":[{"embeddable":true,"href":"https:\/\/redestudiosafricanos.org\/en\/wp-json\/wp\/v2\/users\/940"}],"version-history":[{"count":1,"href":"https:\/\/redestudiosafricanos.org\/en\/wp-json\/wp\/v2\/comunicacion\/6319\/revisions"}],"predecessor-version":[{"id":6320,"href":"https:\/\/redestudiosafricanos.org\/en\/wp-json\/wp\/v2\/comunicacion\/6319\/revisions\/6320"}],"wp:attachment":[{"href":"https:\/\/redestudiosafricanos.org\/en\/wp-json\/wp\/v2\/media?parent=6319"}],"wp:term":[{"taxonomy":"ciea","embeddable":true,"href":"https:\/\/redestudiosafricanos.org\/en\/wp-json\/wp\/v2\/ciea?post=6319"}],"curies":[{"name":"wp","href":"https:\/\/api.w.org\/{rel}","templated":true}]}}

Repertorios biográficos ifrīqíes e ibāḍíes para el conocimiento de las relaciones comerciales intra-africanas en época medieval

<p>Partiendo de la premisa de que en el mundo islámico el ámbito intelectual está ligado al comercial desde los inicios del proceso de transmisión del conocimiento, nos proponemos en esta comunicación analizar el papel de los ulemas en los intercambios humanos y comerciales que se establecieron entre el Magreb y la zona del Sahel en época medieval. Ya Lewicki dejó constancia de la importancia de las rutas comerciales entre el Sudán central y occidental y el norte del continente en los primeros siglos de expansión del islam. Más recientemente, Nobili (“Reinterpreting…”, 2020) ha incidido en la necesidad de estudiar al colectivo de los ulemas, contemplando al islam africano no desde la perspectiva de sociedades o comunidades pasivas que “reciben” un credo ajeno y externo, sino considerando un proceso de conversión donde las poblaciones locales protagonizan una apropiación de ritos y creencias. Desde este punto de vista, seguiremos el rastro de sabios cuya onomástica refleja la vinculación con las rutas comerciales que unían el interior del continente con Ifriqīya y el reino rustumí de Tahert, fundamentalmente dos: una pasaba por Siŷilmasa y la otra por Tādimekka. Las fuentes de información de referencia serán repertorios biográficos ifrīqíes mālikíes y repertorios ibāḍíes, que ofrecen datos muy interesantes y precisos. Pretendemos contribuir así al estudio de la formación de las comunidades musulmanas africanas en el período medieval, tomando en consideración el hecho de que el comercio permitía en ocasiones al colectivo de los ulemas desarrollar sus labores intelectuales. Se rastreará la motivación de los viajes entre Ifrīqiya y el Sahel, así como noticias sobre los productos que se transportaban, los detalles materiales de los traslados y la posible presencia de mujeres en los viajes y su papel en el proceso comercial.</p>
