{"id":6345,"date":"2024-09-22T12:50:24","date_gmt":"2024-09-22T10:50:24","guid":{"rendered":"https:\/\/redestudiosafricanos.org\/?post_type=comunicacion&#038;p=6345"},"modified":"2024-10-07T11:04:44","modified_gmt":"2024-10-07T09:04:44","slug":"en-torno-a-guillem-defak-discursos-sobre-la-negritud-de-un-artista-de-color-mallorquin","status":"publish","type":"comunicacion","link":"https:\/\/redestudiosafricanos.org\/en\/comunicacion\/en-torno-a-guillem-defak-discursos-sobre-la-negritud-de-un-artista-de-color-mallorquin\/","title":{"rendered":"En torno a Guillem d\u2019Efak. Discursos sobre la negritud de un artista \u201cde color mallorqu\u00edn\u201d"},"content":{"rendered":"<p>Guillem d\u2019Efak ha sido, desde su desaparici\u00f3n en 1994, un artista proclive al homenaje reconfortante, aquel que nos devuelve la imagen de una cultura catalana inclusiva y pionera que combati\u00f3 vehementemente la represi\u00f3n ideol\u00f3gica e identitaria del Franquismo. El documental \u201cL\u2019\u00e0nima negra de l\u2019illa\u201d (2018) y, anteriormente, la premiada biograf\u00eda de Mestre i Sureda (1997) \u2012 complementada con una largu\u00edsima enumeraci\u00f3n de los conciertos, actos de reconocimiento, publicaciones, etc. que se sucedieron tras la muerte del autor en honor a su memoria (2010:229\u2014250)\u2012, han contribuido a consolidar el estatus patrimonial de d\u2019Efak en Catalunya. Exponente at\u00edpico de una \u201cnegritud en catal\u00e1n\u201d (Ner\u00edn:2018) tambi\u00e9n at\u00edpica, Guillem d\u2019Efak, nacido en R\u00edo Muni de una pretendida princesa pamue y de un guardia colonial de Manacor, ocup\u00f3 un merecido lugar central en la Nova Can\u00e7\u00f3 con una producci\u00f3n discogr\u00e1fica m\u00e1s que notable, public\u00f3 numerosos libros (poes\u00eda, teatro, literatura infantil), de los que apenas se habla, y ejerci\u00f3 la agitaci\u00f3n cultural desde la \u201cCova del Drac\u201d, el local que regent\u00f3 en la calle Tuset de Barcelona. La heterogeneidad de los discursos raciales del propio autor y sobre este, objeto de este trabajo, contrastan, sin embargo, con el consenso institucional. La omnipresencia de la raza como reclamo comercial en la prensa y el uso m\u00e1s o menos humor\u00edstico que hizo d\u2019Efak de clich\u00e9s raciales (pereza, falta de ambici\u00f3n, hipersexualidad, etc.), por un lado, y la mallorquinidad y catalanidad que nutre su creaci\u00f3n literaria y musical y que d\u2019Efak convirti\u00f3 en cruzada personal, sin olvidar otras reflexiones en las que este parece anticiparse a la Cr\u00edtica de la raz\u00f3n negra (Mbembe:2013) y su forma de entender la existencia y la creaci\u00f3n, m\u00e1s cerca del \u201cdevenir-negro-del-mundo que de consideraciones epid\u00e9rmicas, configuran un ensamblaje racializante (Weheliye:2014) del que emergen tensiones, zonas de fricci\u00f3n y espacios ciegos.<\/p>\n","protected":false},"author":41,"featured_media":0,"template":"","meta":{"_acf_changed":false,"_et_pb_use_builder":"","_et_pb_old_content":"","_et_gb_content_width":"","footnotes":""},"ciea":[87],"class_list":["post-6345","comunicacion","type-comunicacion","status-publish","hentry","ciea-ciea12"],"acf":[],"_links":{"self":[{"href":"https:\/\/redestudiosafricanos.org\/en\/wp-json\/wp\/v2\/comunicacion\/6345","targetHints":{"allow":["GET"]}}],"collection":[{"href":"https:\/\/redestudiosafricanos.org\/en\/wp-json\/wp\/v2\/comunicacion"}],"about":[{"href":"https:\/\/redestudiosafricanos.org\/en\/wp-json\/wp\/v2\/types\/comunicacion"}],"author":[{"embeddable":true,"href":"https:\/\/redestudiosafricanos.org\/en\/wp-json\/wp\/v2\/users\/41"}],"version-history":[{"count":1,"href":"https:\/\/redestudiosafricanos.org\/en\/wp-json\/wp\/v2\/comunicacion\/6345\/revisions"}],"predecessor-version":[{"id":6346,"href":"https:\/\/redestudiosafricanos.org\/en\/wp-json\/wp\/v2\/comunicacion\/6345\/revisions\/6346"}],"wp:attachment":[{"href":"https:\/\/redestudiosafricanos.org\/en\/wp-json\/wp\/v2\/media?parent=6345"}],"wp:term":[{"taxonomy":"ciea","embeddable":true,"href":"https:\/\/redestudiosafricanos.org\/en\/wp-json\/wp\/v2\/ciea?post=6345"}],"curies":[{"name":"wp","href":"https:\/\/api.w.org\/{rel}","templated":true}]}}

En torno a Guillem d’Efak. Discursos sobre la negritud de un artista “de color mallorquín”

<p>Guillem d’Efak ha sido, desde su desaparición en 1994, un artista proclive al homenaje reconfortante, aquel que nos devuelve la imagen de una cultura catalana inclusiva y pionera que combatió vehementemente la represión ideológica e identitaria del Franquismo. El documental “L’ànima negra de l’illa” (2018) y, anteriormente, la premiada biografía de Mestre i Sureda (1997) ‒ complementada con una larguísima enumeración de los conciertos, actos de reconocimiento, publicaciones, etc. que se sucedieron tras la muerte del autor en honor a su memoria (2010:229—250)‒, han contribuido a consolidar el estatus patrimonial de d’Efak en Catalunya. Exponente atípico de una “negritud en catalán” (Nerín:2018) también atípica, Guillem d’Efak, nacido en Río Muni de una pretendida princesa pamue y de un guardia colonial de Manacor, ocupó un merecido lugar central en la Nova Cançó con una producción discográfica más que notable, publicó numerosos libros (poesía, teatro, literatura infantil), de los que apenas se habla, y ejerció la agitación cultural desde la “Cova del Drac”, el local que regentó en la calle Tuset de Barcelona. La heterogeneidad de los discursos raciales del propio autor y sobre este, objeto de este trabajo, contrastan, sin embargo, con el consenso institucional. La omnipresencia de la raza como reclamo comercial en la prensa y el uso más o menos humorístico que hizo d’Efak de clichés raciales (pereza, falta de ambición, hipersexualidad, etc.), por un lado, y la mallorquinidad y catalanidad que nutre su creación literaria y musical y que d’Efak convirtió en cruzada personal, sin olvidar otras reflexiones en las que este parece anticiparse a la Crítica de la razón negra (Mbembe:2013) y su forma de entender la existencia y la creación, más cerca del “devenir-negro-del-mundo que de consideraciones epidérmicas, configuran un ensamblaje racializante (Weheliye:2014) del que emergen tensiones, zonas de fricción y espacios ciegos.</p>
