{"id":6353,"date":"2024-09-22T21:38:25","date_gmt":"2024-09-22T19:38:25","guid":{"rendered":"https:\/\/redestudiosafricanos.org\/?post_type=comunicacion&#038;p=6353"},"modified":"2024-10-06T08:02:50","modified_gmt":"2024-10-06T06:02:50","slug":"medicina-na-fraternidade-politica-e-medicina-tropical-nas-relacoes-brasil-portugal-em-tempos-de-descolonizacao-na-africa-decadas-de-1960-70","status":"publish","type":"comunicacion","link":"https:\/\/redestudiosafricanos.org\/en\/comunicacion\/medicina-na-fraternidade-politica-e-medicina-tropical-nas-relacoes-brasil-portugal-em-tempos-de-descolonizacao-na-africa-decadas-de-1960-70\/","title":{"rendered":"Medicina na Fraternidade: pol\u00edtica e medicina tropical nas rela\u00e7\u00f5es Brasil-Portugal em tempos de descoloniza\u00e7\u00e3o na \u00c1frica, d\u00e9cadas de 1960-70"},"content":{"rendered":"<p>Esta proposta de comunica\u00e7\u00e3o prop\u00f5e abordar os contatos entre institui\u00e7\u00f5es cient\u00edficas e m\u00e9dicos tropicalistas do Brasil e de Portugal durante as d\u00e9cadas de 1960 e 1970 a partir de dois eixos tem\u00e1ticos: 1. Os debates sobre medicina tropical e tropicologia promovidos pela Associa\u00e7\u00e3o M\u00e9dica de L\u00edngua Portuguesa (AMELPO) \u2013 associa\u00e7\u00e3o criada em 1964 para promover o interc\u00e2mbio m\u00e9dico luso-brasileiro, cujos trabalhos foram veiculados por dois peri\u00f3dicos: o \u201cJornal Brasileiro de Medicina\u201d e \u201cO M\u00e9dico\u201d \u2013 2. O envio de doses de vacina antiamar\u00edlica, produzidas nos laborat\u00f3rios do Instituto Oswaldo Cruz, no Rio de Janeiro, para o Instituto de Medicina Tropical de Lisboa a fim de que fossem aplicadas em colonos portugueses com destino \u00e0 \u00c1frica e nas campanhas de vacina\u00e7\u00e3o para controlar a febre amarela nas col\u00f4nias portuguesas. O contexto hist\u00f3rico em quest\u00e3o ficou marcado pelas guerras de independ\u00eancia em Angola, Guin\u00e9 e Mo\u00e7ambique, pelas crescentes press\u00f5es internacionais para que Portugal reconhecesse o direito \u00e0 autodetermina\u00e7\u00e3o de suas col\u00f4nias e pelas hesita\u00e7\u00f5es do apoio oficial do governo brasileiro \u00e0 pol\u00edtica ultramarina defendida por Lisboa. A partir de um conjunto diversificado de fontes \u2013 como documentos diplom\u00e1ticos, peri\u00f3dicos m\u00e9dicos, relat\u00f3rios sanit\u00e1rios e registros de produ\u00e7\u00e3o e movimento de vacinas \u2013 dispon\u00edvel em arquivos brasileiros e portugueses, pretende-se aqui compreender como os contatos m\u00e9dicos entre os dois pa\u00edses foram usados para promover no Brasil o colonialismo portugu\u00eas praticado em \u00c1frica, o que interessava \u00e0 ditatura salazarista\/marcelista, mas tamb\u00e9m perceber se esses mesmos contatos atuaram para promover a influ\u00eancia do Brasil no continente africano, o que atendia aos interesses de v\u00e1rios setores da sociedade brasileira.<\/p>\n","protected":false},"author":990,"featured_media":0,"template":"","meta":{"_acf_changed":false,"_et_pb_use_builder":"","_et_pb_old_content":"","_et_gb_content_width":"","footnotes":""},"ciea":[87],"class_list":["post-6353","comunicacion","type-comunicacion","status-publish","hentry","ciea-ciea12"],"acf":[],"_links":{"self":[{"href":"https:\/\/redestudiosafricanos.org\/en\/wp-json\/wp\/v2\/comunicacion\/6353","targetHints":{"allow":["GET"]}}],"collection":[{"href":"https:\/\/redestudiosafricanos.org\/en\/wp-json\/wp\/v2\/comunicacion"}],"about":[{"href":"https:\/\/redestudiosafricanos.org\/en\/wp-json\/wp\/v2\/types\/comunicacion"}],"author":[{"embeddable":true,"href":"https:\/\/redestudiosafricanos.org\/en\/wp-json\/wp\/v2\/users\/990"}],"version-history":[{"count":1,"href":"https:\/\/redestudiosafricanos.org\/en\/wp-json\/wp\/v2\/comunicacion\/6353\/revisions"}],"predecessor-version":[{"id":6354,"href":"https:\/\/redestudiosafricanos.org\/en\/wp-json\/wp\/v2\/comunicacion\/6353\/revisions\/6354"}],"wp:attachment":[{"href":"https:\/\/redestudiosafricanos.org\/en\/wp-json\/wp\/v2\/media?parent=6353"}],"wp:term":[{"taxonomy":"ciea","embeddable":true,"href":"https:\/\/redestudiosafricanos.org\/en\/wp-json\/wp\/v2\/ciea?post=6353"}],"curies":[{"name":"wp","href":"https:\/\/api.w.org\/{rel}","templated":true}]}}

Medicina na Fraternidade: política e medicina tropical nas relações Brasil-Portugal em tempos de descolonização na África, décadas de 1960-70

<p>Esta proposta de comunicação propõe abordar os contatos entre instituições científicas e médicos tropicalistas do Brasil e de Portugal durante as décadas de 1960 e 1970 a partir de dois eixos temáticos: 1. Os debates sobre medicina tropical e tropicologia promovidos pela Associação Médica de Língua Portuguesa (AMELPO) – associação criada em 1964 para promover o intercâmbio médico luso-brasileiro, cujos trabalhos foram veiculados por dois periódicos: o “Jornal Brasileiro de Medicina” e “O Médico” – 2. O envio de doses de vacina antiamarílica, produzidas nos laboratórios do Instituto Oswaldo Cruz, no Rio de Janeiro, para o Instituto de Medicina Tropical de Lisboa a fim de que fossem aplicadas em colonos portugueses com destino à África e nas campanhas de vacinação para controlar a febre amarela nas colônias portuguesas. O contexto histórico em questão ficou marcado pelas guerras de independência em Angola, Guiné e Moçambique, pelas crescentes pressões internacionais para que Portugal reconhecesse o direito à autodeterminação de suas colônias e pelas hesitações do apoio oficial do governo brasileiro à política ultramarina defendida por Lisboa. A partir de um conjunto diversificado de fontes – como documentos diplomáticos, periódicos médicos, relatórios sanitários e registros de produção e movimento de vacinas – disponível em arquivos brasileiros e portugueses, pretende-se aqui compreender como os contatos médicos entre os dois países foram usados para promover no Brasil o colonialismo português praticado em África, o que interessava à ditatura salazarista/marcelista, mas também perceber se esses mesmos contatos atuaram para promover a influência do Brasil no continente africano, o que atendia aos interesses de vários setores da sociedade brasileira.</p>
