{"id":6369,"date":"2024-09-23T11:56:30","date_gmt":"2024-09-23T09:56:30","guid":{"rendered":"https:\/\/redestudiosafricanos.org\/?post_type=comunicacion&#038;p=6369"},"modified":"2024-10-07T11:04:44","modified_gmt":"2024-10-07T09:04:44","slug":"o-racismo-em-portugal-na-primeira-metade-do-seculo-xx-a-producao-literaria-de-mario-domingues","status":"publish","type":"comunicacion","link":"https:\/\/redestudiosafricanos.org\/en\/comunicacion\/o-racismo-em-portugal-na-primeira-metade-do-seculo-xx-a-producao-literaria-de-mario-domingues\/","title":{"rendered":"O racismo em Portugal na primeira metade do s\u00e9culo XX: a produ\u00e7\u00e3o liter\u00e1ria de M\u00e1rio Domingues"},"content":{"rendered":"<p>Recentes estudos de cariz historiogr\u00e1fico, realizados por investigadoras e investigadores ligados ao atual movimento antirracista em Portugal e outros, t\u00eam vindo a recuperar a atua\u00e7\u00e3o de uma figura esquecida pela historiografia e pelos estudos liter\u00e1rios e culturais: a de M\u00e1rio Domingues (1899-1977), jornalista, ativista, escritor e tradutor negro nascido em S\u00e3o Tom\u00e9 e Pr\u00edncipe e radicado em Portugal. <br \/>\nAutor de uma vasta obra jornal\u00edstica e liter\u00e1ria, Domingues defendeu, sobretudo na imprensa, mas tamb\u00e9m em romances e novelas, posi\u00e7\u00f5es anticoloniais e antirracistas e faz parte de uma gera\u00e7\u00e3o marcante do movimento negro em Portugal da primeira metade do s\u00e9culo XX.<br \/>\nEsta comunica\u00e7\u00e3o debru\u00e7a-se sobre algumas das suas obras liter\u00e1rias que retratam e criticam o racismo em Portugal, interrogando estas narrativas enquanto parte de um arquivo negro e antirracista.<\/p>\n","protected":false},"author":42,"featured_media":0,"template":"","meta":{"_acf_changed":false,"_et_pb_use_builder":"","_et_pb_old_content":"","_et_gb_content_width":"","footnotes":""},"ciea":[87],"class_list":["post-6369","comunicacion","type-comunicacion","status-publish","hentry","ciea-ciea12"],"acf":[],"_links":{"self":[{"href":"https:\/\/redestudiosafricanos.org\/en\/wp-json\/wp\/v2\/comunicacion\/6369","targetHints":{"allow":["GET"]}}],"collection":[{"href":"https:\/\/redestudiosafricanos.org\/en\/wp-json\/wp\/v2\/comunicacion"}],"about":[{"href":"https:\/\/redestudiosafricanos.org\/en\/wp-json\/wp\/v2\/types\/comunicacion"}],"author":[{"embeddable":true,"href":"https:\/\/redestudiosafricanos.org\/en\/wp-json\/wp\/v2\/users\/42"}],"version-history":[{"count":1,"href":"https:\/\/redestudiosafricanos.org\/en\/wp-json\/wp\/v2\/comunicacion\/6369\/revisions"}],"predecessor-version":[{"id":6370,"href":"https:\/\/redestudiosafricanos.org\/en\/wp-json\/wp\/v2\/comunicacion\/6369\/revisions\/6370"}],"wp:attachment":[{"href":"https:\/\/redestudiosafricanos.org\/en\/wp-json\/wp\/v2\/media?parent=6369"}],"wp:term":[{"taxonomy":"ciea","embeddable":true,"href":"https:\/\/redestudiosafricanos.org\/en\/wp-json\/wp\/v2\/ciea?post=6369"}],"curies":[{"name":"wp","href":"https:\/\/api.w.org\/{rel}","templated":true}]}}

O racismo em Portugal na primeira metade do século XX: a produção literária de Mário Domingues

<p>Recentes estudos de cariz historiográfico, realizados por investigadoras e investigadores ligados ao atual movimento antirracista em Portugal e outros, têm vindo a recuperar a atuação de uma figura esquecida pela historiografia e pelos estudos literários e culturais: a de Mário Domingues (1899-1977), jornalista, ativista, escritor e tradutor negro nascido em São Tomé e Príncipe e radicado em Portugal. <br />
Autor de uma vasta obra jornalística e literária, Domingues defendeu, sobretudo na imprensa, mas também em romances e novelas, posições anticoloniais e antirracistas e faz parte de uma geração marcante do movimento negro em Portugal da primeira metade do século XX.<br />
Esta comunicação debruça-se sobre algumas das suas obras literárias que retratam e criticam o racismo em Portugal, interrogando estas narrativas enquanto parte de um arquivo negro e antirracista.</p>
