{"id":6380,"date":"2024-09-23T19:16:41","date_gmt":"2024-09-23T17:16:41","guid":{"rendered":"https:\/\/redestudiosafricanos.org\/?post_type=comunicacion&#038;p=6380"},"modified":"2024-10-07T11:41:51","modified_gmt":"2024-10-07T09:41:51","slug":"oralidades-e-escritas-do-crioulo-cabo-verdiano","status":"publish","type":"comunicacion","link":"https:\/\/redestudiosafricanos.org\/en\/comunicacion\/oralidades-e-escritas-do-crioulo-cabo-verdiano\/","title":{"rendered":"ORALIDADES E ESCRITAS DO CRIOULO CABO-VERDIANO"},"content":{"rendered":"<p>Esta comunica\u00e7\u00e3o contempla um projeto conjunto de pesquisadoras da Universidade de Bras\u00edlia (UnB) e da Universidade de Cabo Verde (Uni-CV), vinculadas ao Grupo de Pesquisa ALEA, que tem como objetivo prec\u00edpuo trabalhar a varia\u00e7\u00e3o lingu\u00edstica nas ilhas, visando focalizar as oralidades e as escritas do Crioulo Cabo-Verdiano em todo o Arquip\u00e9lago e sua rela\u00e7\u00e3o com a L\u00edngua Portuguesa. O projeto nasce da constata\u00e7\u00e3o de que  a luta pela oficializa\u00e7\u00e3o e padroniza\u00e7\u00e3o do Crioulo passa por a\u00e7\u00f5es concretas que incidam no entendimento e na conscientiza\u00e7\u00e3o dos falantes na escola, na universidade, nas m\u00eddias sociais e na sociedade, em diferentes n\u00edveis de letramento escolar e social, sobre a realidade da sua l\u00edngua materna: sua hist\u00f3ria, sua riqueza, sua dinamicidade tanto na oralidade como na escrita que j\u00e1 \u00e9 manipulada pela popula\u00e7\u00e3o na vida di\u00e1ria e nas m\u00eddias. As perspectivas te\u00f3ricas est\u00e3o na Crioul\u00edstica, na Lingu\u00edstica do Contato, na Sociolingu\u00edstica em interface com a Lingu\u00edstica Textual e a Lingu\u00edstica Aplicada. O  trabalho estar\u00e1 embasado em g\u00eaneros textuais e digitais, escrita e reescrita textual, como Marcuschi (2004), Koch  (2011), Semedo; Moreira (2023), Rodrigues et al (2024). O p\u00fablico-alvo ser\u00e3o alunos do ensino m\u00e9dio e da gradua\u00e7\u00e3o,  grupos sociais nas ilhas e na di\u00e1spora, visando a\u00e7\u00f5es como cursos e simp\u00f3sios on-line. A unidade na variedade preconizada pela escrita poder\u00e1 resguardar o crioulo, seu ensino e sua preserva\u00e7\u00e3o como l\u00edngua aparentada, mas distinta do Portugu\u00eas. E esse movimento  pela visibilidade e autonomia escrita do crioulo \u00e9 altamente decolonial, justificando a inser\u00e7\u00e3o deste projeto neste painel.<\/p>\n","protected":false},"author":117,"featured_media":0,"template":"","meta":{"_acf_changed":false,"_et_pb_use_builder":"","_et_pb_old_content":"","_et_gb_content_width":"","footnotes":""},"ciea":[87],"class_list":["post-6380","comunicacion","type-comunicacion","status-publish","hentry","ciea-ciea12"],"acf":[],"_links":{"self":[{"href":"https:\/\/redestudiosafricanos.org\/en\/wp-json\/wp\/v2\/comunicacion\/6380","targetHints":{"allow":["GET"]}}],"collection":[{"href":"https:\/\/redestudiosafricanos.org\/en\/wp-json\/wp\/v2\/comunicacion"}],"about":[{"href":"https:\/\/redestudiosafricanos.org\/en\/wp-json\/wp\/v2\/types\/comunicacion"}],"author":[{"embeddable":true,"href":"https:\/\/redestudiosafricanos.org\/en\/wp-json\/wp\/v2\/users\/117"}],"version-history":[{"count":1,"href":"https:\/\/redestudiosafricanos.org\/en\/wp-json\/wp\/v2\/comunicacion\/6380\/revisions"}],"predecessor-version":[{"id":6381,"href":"https:\/\/redestudiosafricanos.org\/en\/wp-json\/wp\/v2\/comunicacion\/6380\/revisions\/6381"}],"wp:attachment":[{"href":"https:\/\/redestudiosafricanos.org\/en\/wp-json\/wp\/v2\/media?parent=6380"}],"wp:term":[{"taxonomy":"ciea","embeddable":true,"href":"https:\/\/redestudiosafricanos.org\/en\/wp-json\/wp\/v2\/ciea?post=6380"}],"curies":[{"name":"wp","href":"https:\/\/api.w.org\/{rel}","templated":true}]}}

<p>Esta comunicação contempla um projeto conjunto de pesquisadoras da Universidade de Brasília (UnB) e da Universidade de Cabo Verde (Uni-CV), vinculadas ao Grupo de Pesquisa ALEA, que tem como objetivo precípuo trabalhar a variação linguística nas ilhas, visando focalizar as oralidades e as escritas do Crioulo Cabo-Verdiano em todo o Arquipélago e sua relação com a Língua Portuguesa. O projeto nasce da constatação de que  a luta pela oficialização e padronização do Crioulo passa por ações concretas que incidam no entendimento e na conscientização dos falantes na escola, na universidade, nas mídias sociais e na sociedade, em diferentes níveis de letramento escolar e social, sobre a realidade da sua língua materna: sua história, sua riqueza, sua dinamicidade tanto na oralidade como na escrita que já é manipulada pela população na vida diária e nas mídias. As perspectivas teóricas estão na Crioulística, na Linguística do Contato, na Sociolinguística em interface com a Linguística Textual e a Linguística Aplicada. O  trabalho estará embasado em gêneros textuais e digitais, escrita e reescrita textual, como Marcuschi (2004), Koch  (2011), Semedo; Moreira (2023), Rodrigues et al (2024). O público-alvo serão alunos do ensino médio e da graduação,  grupos sociais nas ilhas e na diáspora, visando ações como cursos e simpósios on-line. A unidade na variedade preconizada pela escrita poderá resguardar o crioulo, seu ensino e sua preservação como língua aparentada, mas distinta do Português. E esse movimento  pela visibilidade e autonomia escrita do crioulo é altamente decolonial, justificando a inserção deste projeto neste painel.</p>
