{"id":6382,"date":"2024-09-23T19:20:36","date_gmt":"2024-09-23T17:20:36","guid":{"rendered":"https:\/\/redestudiosafricanos.org\/?post_type=comunicacion&#038;p=6382"},"modified":"2024-10-07T11:41:51","modified_gmt":"2024-10-07T09:41:51","slug":"o-crioulo-caboverdiano-como-lingua-de-imigracao-e-como-lingua-de-heranca","status":"publish","type":"comunicacion","link":"https:\/\/redestudiosafricanos.org\/en\/comunicacion\/o-crioulo-caboverdiano-como-lingua-de-imigracao-e-como-lingua-de-heranca\/","title":{"rendered":"O CRIOULO CABOVERDIANO COMO L\u00cdNGUA DE IMIGRA\u00c7\u00c3O E COMO L\u00cdNGUA DE HERAN\u00c7A"},"content":{"rendered":"<p>Esta comunica\u00e7\u00e3o compreende um projeto vinculado ao Grupo de Pesquisa ALEA para consolida\u00e7\u00e3o da rede de coopera\u00e7\u00e3o acad\u00eamica internacional entre Cabo Verde, Brasil e Portugal, envolvendo pesquisadoras da Universidade de Cabo Verde (Uni-CV), da  Faculdade de Letras de Coimbra (FLUC), da Universidade do Centro-Oeste do Paran\u00e1 (UNICENTRO) e a Universidade de Bras\u00edlia (UnB). Este projeto est\u00e1 ambientado, naturalmente, nas \u00e1reas da Crioul\u00edstica e do Contato Lingu\u00edstico, operando na interface da Sociolingu\u00edstica, da L\u00edngua de Heran\u00e7a e da Aquisi\u00e7\u00e3o de Linguagem. De modo geral, o projeto prev\u00ea desenvolvimento de pesquisas bibliogr\u00e1ficas, digitais, quantitativas, qualitativas e quali-quanti em busca do entendimento dos processos de aquisi\u00e7\u00e3o, varia\u00e7\u00e3o e mudan\u00e7a do crioulo pelos falantes na di\u00e1spora no Brasil e em Portugal. As pesquisas compreender\u00e3o investiga\u00e7\u00e3o da aquisi\u00e7\u00e3o do Portugu\u00eas na di\u00e1spora  e aquisi\u00e7\u00e3o do crioulo por seus filhos como l\u00edngua de heran\u00e7a,  descri\u00e7\u00e3o dos contextos de uso, especifica\u00e7\u00e3o desses falantes do crioulo como L\u00edngua de Imigra\u00e7\u00e3o (L1) ou L\u00edngua Adicional e como  L\u00edngua de Heran\u00e7a (L2), quest\u00f5es sobre atitudes e avalia\u00e7\u00e3o social: consci\u00eancia sociolingu\u00edstica cr\u00edtica e o impacto do uso do crioulo no mundo atual, real e virtual, necessidade da luta pelo seu reconhecimento como l\u00edngua oficial nas ilhas, visando sua preserva\u00e7\u00e3o na di\u00e1spora. Isso posto, neste painel, pretendemos dar a conhecer o projeto e seus objetivos, as quest\u00f5es de pesquisa, as \u00e1reas e teorias de base, as rotas e as metodologias das pesquisas, eventos e produ\u00e7\u00f5es propostos pela rede. Justifica-se a pertin\u00eancia desta proposta neste painel que contempla a decolonialidade por tratar-se de um projeto centrado em proposic\u00f5es cr\u00edticas e positivas a favor da autonomia do crioulo caboverdiano contrariando posturas de aceita\u00e7\u00e3o e continuismo do crioulo como l\u00edngua secund\u00e1ria ao longo processo de coloniza\u00e7\u00e3o das ilhas. As refer\u00eancias inicias s\u00e3o Labov (1972), Lima-Hernandes (2016), Semedo; Moreira (2023), Poplack (1980).<\/p>\n","protected":false},"author":117,"featured_media":0,"template":"","meta":{"_acf_changed":false,"_et_pb_use_builder":"","_et_pb_old_content":"","_et_gb_content_width":"","footnotes":""},"ciea":[87],"class_list":["post-6382","comunicacion","type-comunicacion","status-publish","hentry","ciea-ciea12"],"acf":[],"_links":{"self":[{"href":"https:\/\/redestudiosafricanos.org\/en\/wp-json\/wp\/v2\/comunicacion\/6382","targetHints":{"allow":["GET"]}}],"collection":[{"href":"https:\/\/redestudiosafricanos.org\/en\/wp-json\/wp\/v2\/comunicacion"}],"about":[{"href":"https:\/\/redestudiosafricanos.org\/en\/wp-json\/wp\/v2\/types\/comunicacion"}],"author":[{"embeddable":true,"href":"https:\/\/redestudiosafricanos.org\/en\/wp-json\/wp\/v2\/users\/117"}],"version-history":[{"count":2,"href":"https:\/\/redestudiosafricanos.org\/en\/wp-json\/wp\/v2\/comunicacion\/6382\/revisions"}],"predecessor-version":[{"id":7151,"href":"https:\/\/redestudiosafricanos.org\/en\/wp-json\/wp\/v2\/comunicacion\/6382\/revisions\/7151"}],"wp:attachment":[{"href":"https:\/\/redestudiosafricanos.org\/en\/wp-json\/wp\/v2\/media?parent=6382"}],"wp:term":[{"taxonomy":"ciea","embeddable":true,"href":"https:\/\/redestudiosafricanos.org\/en\/wp-json\/wp\/v2\/ciea?post=6382"}],"curies":[{"name":"wp","href":"https:\/\/api.w.org\/{rel}","templated":true}]}}

O CRIOULO CABOVERDIANO COMO LÍNGUA DE IMIGRAÇÃO E COMO LÍNGUA DE HERANÇA

<p>Esta comunicação compreende um projeto vinculado ao Grupo de Pesquisa ALEA para consolidação da rede de cooperação acadêmica internacional entre Cabo Verde, Brasil e Portugal, envolvendo pesquisadoras da Universidade de Cabo Verde (Uni-CV), da  Faculdade de Letras de Coimbra (FLUC), da Universidade do Centro-Oeste do Paraná (UNICENTRO) e a Universidade de Brasília (UnB). Este projeto está ambientado, naturalmente, nas áreas da Crioulística e do Contato Linguístico, operando na interface da Sociolinguística, da Língua de Herança e da Aquisição de Linguagem. De modo geral, o projeto prevê desenvolvimento de pesquisas bibliográficas, digitais, quantitativas, qualitativas e quali-quanti em busca do entendimento dos processos de aquisição, variação e mudança do crioulo pelos falantes na diáspora no Brasil e em Portugal. As pesquisas compreenderão investigação da aquisição do Português na diáspora  e aquisição do crioulo por seus filhos como língua de herança,  descrição dos contextos de uso, especificação desses falantes do crioulo como Língua de Imigração (L1) ou Língua Adicional e como  Língua de Herança (L2), questões sobre atitudes e avaliação social: consciência sociolinguística crítica e o impacto do uso do crioulo no mundo atual, real e virtual, necessidade da luta pelo seu reconhecimento como língua oficial nas ilhas, visando sua preservação na diáspora. Isso posto, neste painel, pretendemos dar a conhecer o projeto e seus objetivos, as questões de pesquisa, as áreas e teorias de base, as rotas e as metodologias das pesquisas, eventos e produções propostos pela rede. Justifica-se a pertinência desta proposta neste painel que contempla a decolonialidade por tratar-se de um projeto centrado em proposicões críticas e positivas a favor da autonomia do crioulo caboverdiano contrariando posturas de aceitação e continuismo do crioulo como língua secundária ao longo processo de colonização das ilhas. As referências inicias são Labov (1972), Lima-Hernandes (2016), Semedo; Moreira (2023), Poplack (1980).</p>
