{"id":6384,"date":"2024-09-23T19:25:50","date_gmt":"2024-09-23T17:25:50","guid":{"rendered":"https:\/\/redestudiosafricanos.org\/?post_type=comunicacion&#038;p=6384"},"modified":"2024-10-07T11:41:58","modified_gmt":"2024-10-07T09:41:58","slug":"entre-aringas-e-quilombos-experiencias-e-comunidades-de-trabalhadores-no-norte-de-mocambique-no-seculo-xix","status":"publish","type":"comunicacion","link":"https:\/\/redestudiosafricanos.org\/en\/comunicacion\/entre-aringas-e-quilombos-experiencias-e-comunidades-de-trabalhadores-no-norte-de-mocambique-no-seculo-xix\/","title":{"rendered":"Entre \u201caringas\u201d e \u201cquilombos\u201d: experi\u00eancias e comunidades de trabalhadores no norte de Mo\u00e7ambique no s\u00e9culo XIX"},"content":{"rendered":"<p>O objetivo desta comunica\u00e7\u00e3o \u00e9  apresentar como  as  experi\u00eancias  de  trabalhadores  e  as  m\u00faltiplas  formas  de  organiza\u00e7\u00e3o  do  trabalho  existentes  no  norte  de  Mo\u00e7ambique  (atual prov\u00edncia de Nampula) influenciaram a forma\u00e7\u00e3o de comunidades, nomeadas nas fontes  de  \u201caringas\u201d  e  \u201cquilombos\u201d,  no  s\u00e9culo  XIX.  Num  primeiro  momento,  apresentarei  duas  povoa\u00e7\u00f5es  compostas  originalmente  por  escravizados  fugidos,  ou  \u201cde  ganho\u201d,  e  libertos  denominadas  Missanga  e  Ampapa,  e  a  rela\u00e7\u00e3o  com  as  formas  de  trabalho  marcadas  pelo  sistema  escravista  europeu  e  com  as  din\u00e2micas  locais  africanas,  como  os  processos  de  migra\u00e7\u00e3o  e  o  com\u00e9rcio  de  longa  dist\u00e2ncia.  Num  segundo  momento,  mostrarei a forma\u00e7\u00e3o de uma terceira comunidade conhecida como a \u201caringa de Farelay\u201d e a sua liga\u00e7\u00e3o com novas formas de rela\u00e7\u00f5es de trabalho advindas da implementa\u00e7\u00e3o do colonialismo europeu.  E,  por fim problematizarei  a  utiliza\u00e7\u00e3o  dos  termos  \u201caringas\u201d  e  \u201cquilombos\u201d  para identificar essas  comunidades  e  tecerei  aproxima\u00e7\u00f5es  entre  os  sentidos  dados \u00e0s experi\u00eancias de trabalhadores dessas tr\u00eas comunidades de Mo\u00e7ambique e as encontradas em outros espa\u00e7os geogr\u00e1ficos, como os quilombos no Brasil. Nesse eixo de an\u00e1lise, influenciada  principalmente  pela  historiografia  brasileira  sobre  resist\u00eancia  escrava, associarei  a  ideia  de  \u201ccultura  pol\u00edtica\u201d  ao  sentido  comum  dado  \u00e0  forma\u00e7\u00e3o  dessas  comunidades. \u201cCultura pol\u00edtica\u201d aqui entendida como uma forma de organiza\u00e7\u00e3o, inclus\u00e3o social e prote\u00e7\u00e3o de indiv\u00edduos ou grupos que estariam \u00e0 margem da sociedade colonial, por serem trabalhadores escravizados ou \u201cde ganho\u201d e libertos, ou das linhagens africanas mais antigas no territ\u00f3rio estudado.<\/p>\n","protected":false},"author":1114,"featured_media":0,"template":"","meta":{"_acf_changed":false,"_et_pb_use_builder":"","_et_pb_old_content":"","_et_gb_content_width":"","footnotes":""},"ciea":[87],"class_list":["post-6384","comunicacion","type-comunicacion","status-publish","hentry","ciea-ciea12"],"acf":[],"_links":{"self":[{"href":"https:\/\/redestudiosafricanos.org\/en\/wp-json\/wp\/v2\/comunicacion\/6384","targetHints":{"allow":["GET"]}}],"collection":[{"href":"https:\/\/redestudiosafricanos.org\/en\/wp-json\/wp\/v2\/comunicacion"}],"about":[{"href":"https:\/\/redestudiosafricanos.org\/en\/wp-json\/wp\/v2\/types\/comunicacion"}],"author":[{"embeddable":true,"href":"https:\/\/redestudiosafricanos.org\/en\/wp-json\/wp\/v2\/users\/1114"}],"version-history":[{"count":1,"href":"https:\/\/redestudiosafricanos.org\/en\/wp-json\/wp\/v2\/comunicacion\/6384\/revisions"}],"predecessor-version":[{"id":6385,"href":"https:\/\/redestudiosafricanos.org\/en\/wp-json\/wp\/v2\/comunicacion\/6384\/revisions\/6385"}],"wp:attachment":[{"href":"https:\/\/redestudiosafricanos.org\/en\/wp-json\/wp\/v2\/media?parent=6384"}],"wp:term":[{"taxonomy":"ciea","embeddable":true,"href":"https:\/\/redestudiosafricanos.org\/en\/wp-json\/wp\/v2\/ciea?post=6384"}],"curies":[{"name":"wp","href":"https:\/\/api.w.org\/{rel}","templated":true}]}}

Entre “aringas” e “quilombos”: experiências e comunidades de trabalhadores no norte de Moçambique no século XIX

<p>O objetivo desta comunicação é  apresentar como  as  experiências  de  trabalhadores  e  as  múltiplas  formas  de  organização  do  trabalho  existentes  no  norte  de  Moçambique  (atual província de Nampula) influenciaram a formação de comunidades, nomeadas nas fontes  de  “aringas”  e  “quilombos”,  no  século  XIX.  Num  primeiro  momento,  apresentarei  duas  povoações  compostas  originalmente  por  escravizados  fugidos,  ou  “de  ganho”,  e  libertos  denominadas  Missanga  e  Ampapa,  e  a  relação  com  as  formas  de  trabalho  marcadas  pelo  sistema  escravista  europeu  e  com  as  dinâmicas  locais  africanas,  como  os  processos  de  migração  e  o  comércio  de  longa  distância.  Num  segundo  momento,  mostrarei a formação de uma terceira comunidade conhecida como a “aringa de Farelay” e a sua ligação com novas formas de relações de trabalho advindas da implementação do colonialismo europeu.  E,  por fim problematizarei  a  utilização  dos  termos  “aringas”  e  “quilombos”  para identificar essas  comunidades  e  tecerei  aproximações  entre  os  sentidos  dados às experiências de trabalhadores dessas três comunidades de Moçambique e as encontradas em outros espaços geográficos, como os quilombos no Brasil. Nesse eixo de análise, influenciada  principalmente  pela  historiografia  brasileira  sobre  resistência  escrava, associarei  a  ideia  de  “cultura  política”  ao  sentido  comum  dado  à  formação  dessas  comunidades. “Cultura política” aqui entendida como uma forma de organização, inclusão social e proteção de indivíduos ou grupos que estariam à margem da sociedade colonial, por serem trabalhadores escravizados ou “de ganho” e libertos, ou das linhagens africanas mais antigas no território estudado.</p>
