{"id":6454,"date":"2024-09-26T19:34:33","date_gmt":"2024-09-26T17:34:33","guid":{"rendered":"https:\/\/redestudiosafricanos.org\/?post_type=comunicacion&#038;p=6454"},"modified":"2024-10-07T11:41:51","modified_gmt":"2024-10-07T09:41:51","slug":"narrativas-e-interfaces-em-terras-africanas-afrodescendentes-amerindias-e-afroamerindias","status":"publish","type":"comunicacion","link":"https:\/\/redestudiosafricanos.org\/en\/comunicacion\/narrativas-e-interfaces-em-terras-africanas-afrodescendentes-amerindias-e-afroamerindias\/","title":{"rendered":"Narrativas e Interfaces em Terras Africanas, Afrodescendentes, Amer\u00edndias e Afroamer\u00edndias"},"content":{"rendered":"<p>Essa comunica\u00e7\u00e3o compreende um projeto que integra as \u00e1reas da Lingu\u00edstica, da Literatura, da Educa\u00e7\u00e3o, da Estat\u00edstica, da Antropologia e das Artes, vinculado ao Grupo de Pesquisa ALEA. Ele amplia a defini\u00e7\u00e3o de \u201cnarrativas\u201d para al\u00e9m da tipologia textual, agregando ao conceito a no\u00e7\u00e3o de expoente semi\u00f3tico atemporal e multimodal do homem por meio da linguagem, porque tudo o que existe conta uma hist\u00f3ria: desde palavras a pessoas, desde acontecimentos a objetos. O objetivo geral do projeto \u00e9 realizar pesquisas em interface e multidisciplinares, por meio de bibliografias e incurs\u00f5es etnogr\u00e1ficas, para coletar e estudar contos, cantos, encantos, prov\u00e9rbios, conhecimentos tradicionais,  relatos, documentos, document\u00e1rios, livros, artesanatos, quadros, obras de arte e m\u00fasicas entre outros produtos relativos \u00e0 riqueza cultural e lingu\u00edstica dos pa\u00edses que passaram por processos colonizat\u00f3rios, recebendo l\u00ednguas oficiais europ\u00e9ias por imposi\u00e7\u00e3o, mas que reagiram, proativamente, gerando novas l\u00ednguas e variedades ou mantendo l\u00ednguas locais como s\u00edmbolos de resist\u00eancia e de identidade.  Entre esses pa\u00edses, inicialmente, inclu\u00edmos Brasil e Col\u00f4mbia, que t\u00eam em sua constitui\u00e7\u00e3o a decisiva contribui\u00e7\u00e3o amer\u00edndia e africana, al\u00e9m da europeia, e pa\u00edses como Benin e \u00c1frica do Sul, Cabo Verde e S\u00e3o Tom\u00e9, que t\u00eam matrizes africanas ancestrais na sua composi\u00e7\u00e3o etnolingu\u00edstica. O objetivo espec\u00edfico \u00e9 reunir amostras significativas das produ\u00e7\u00f5es lingu\u00edsticas e culturais para embasar estudos lingu\u00edsticos e sociolingu\u00edsticos nas vertentes hist\u00f3rica, do contato, variacionista, interacional, educacional, cr\u00edtica e param\u00e9trica, estudos antropol\u00f3gicos e estudos educacionais, visando a produ\u00e7\u00e3o e divulga\u00e7\u00e3o de conhecimento cient\u00edfico sob a forma de materiais paradid\u00e1ticos e did\u00e1ticos, mirando no despertar da consci\u00eancia sociolingu\u00edstica, do fortalecimento identit\u00e1rio e no aumento da autoestima lingu\u00edstica das comunidades. Assim, acreditamos colaborar  ativamente na luta por pol\u00edticas lingu\u00edsticas equivalentes aos direitos lingu\u00edsticos dos falantes das l\u00ednguas envolvidas. Entre outras refer\u00eancias, neste projeto, encontram-se Reis (2008), Rodrigues (2014) e Pessoa de Castro (2022).<\/p>\n","protected":false},"author":1177,"featured_media":0,"template":"","meta":{"_acf_changed":false,"_et_pb_use_builder":"","_et_pb_old_content":"","_et_gb_content_width":"","footnotes":""},"ciea":[87],"class_list":["post-6454","comunicacion","type-comunicacion","status-publish","hentry","ciea-ciea12"],"acf":[],"_links":{"self":[{"href":"https:\/\/redestudiosafricanos.org\/en\/wp-json\/wp\/v2\/comunicacion\/6454","targetHints":{"allow":["GET"]}}],"collection":[{"href":"https:\/\/redestudiosafricanos.org\/en\/wp-json\/wp\/v2\/comunicacion"}],"about":[{"href":"https:\/\/redestudiosafricanos.org\/en\/wp-json\/wp\/v2\/types\/comunicacion"}],"author":[{"embeddable":true,"href":"https:\/\/redestudiosafricanos.org\/en\/wp-json\/wp\/v2\/users\/1177"}],"version-history":[{"count":1,"href":"https:\/\/redestudiosafricanos.org\/en\/wp-json\/wp\/v2\/comunicacion\/6454\/revisions"}],"predecessor-version":[{"id":6455,"href":"https:\/\/redestudiosafricanos.org\/en\/wp-json\/wp\/v2\/comunicacion\/6454\/revisions\/6455"}],"wp:attachment":[{"href":"https:\/\/redestudiosafricanos.org\/en\/wp-json\/wp\/v2\/media?parent=6454"}],"wp:term":[{"taxonomy":"ciea","embeddable":true,"href":"https:\/\/redestudiosafricanos.org\/en\/wp-json\/wp\/v2\/ciea?post=6454"}],"curies":[{"name":"wp","href":"https:\/\/api.w.org\/{rel}","templated":true}]}}

Narrativas e Interfaces em Terras Africanas, Afrodescendentes, Ameríndias e Afroameríndias

<p>Essa comunicação compreende um projeto que integra as áreas da Linguística, da Literatura, da Educação, da Estatística, da Antropologia e das Artes, vinculado ao Grupo de Pesquisa ALEA. Ele amplia a definição de “narrativas” para além da tipologia textual, agregando ao conceito a noção de expoente semiótico atemporal e multimodal do homem por meio da linguagem, porque tudo o que existe conta uma história: desde palavras a pessoas, desde acontecimentos a objetos. O objetivo geral do projeto é realizar pesquisas em interface e multidisciplinares, por meio de bibliografias e incursões etnográficas, para coletar e estudar contos, cantos, encantos, provérbios, conhecimentos tradicionais,  relatos, documentos, documentários, livros, artesanatos, quadros, obras de arte e músicas entre outros produtos relativos à riqueza cultural e linguística dos países que passaram por processos colonizatórios, recebendo línguas oficiais européias por imposição, mas que reagiram, proativamente, gerando novas línguas e variedades ou mantendo línguas locais como símbolos de resistência e de identidade.  Entre esses países, inicialmente, incluímos Brasil e Colômbia, que têm em sua constituição a decisiva contribuição ameríndia e africana, além da europeia, e países como Benin e África do Sul, Cabo Verde e São Tomé, que têm matrizes africanas ancestrais na sua composição etnolinguística. O objetivo específico é reunir amostras significativas das produções linguísticas e culturais para embasar estudos linguísticos e sociolinguísticos nas vertentes histórica, do contato, variacionista, interacional, educacional, crítica e paramétrica, estudos antropológicos e estudos educacionais, visando a produção e divulgação de conhecimento científico sob a forma de materiais paradidáticos e didáticos, mirando no despertar da consciência sociolinguística, do fortalecimento identitário e no aumento da autoestima linguística das comunidades. Assim, acreditamos colaborar  ativamente na luta por políticas linguísticas equivalentes aos direitos linguísticos dos falantes das línguas envolvidas. Entre outras referências, neste projeto, encontram-se Reis (2008), Rodrigues (2014) e Pessoa de Castro (2022).</p>
