{"id":6456,"date":"2024-09-26T20:33:04","date_gmt":"2024-09-26T18:33:04","guid":{"rendered":"https:\/\/redestudiosafricanos.org\/?post_type=comunicacion&#038;p=6456"},"modified":"2024-10-11T08:26:58","modified_gmt":"2024-10-11T06:26:58","slug":"africa-mobility-reflexions-sobre-els-reptes-de-la-mobilitat-metropolitana-des-de-les-institucions-publiques","status":"publish","type":"comunicacion","link":"https:\/\/redestudiosafricanos.org\/en\/comunicacion\/africa-mobility-reflexions-sobre-els-reptes-de-la-mobilitat-metropolitana-des-de-les-institucions-publiques\/","title":{"rendered":"Africa Mobility: reflexions sobre els reptes de la mobilitat metropolitana des de les institucions p\u00fabliques"},"content":{"rendered":"<p>La mobilitat a les metr\u00f2polis africanes es veu desbordada igual que les institucions p\u00fabliques responsables d&#039;ella. En aquesta pon\u00e8ncia reflexiona sobre tres reptes de la mobilitat a les metr\u00f2polis africanes a partir dels estudis de cas de la Gran Dakar, Gauteng i l&#039;\u00e0rea metropolitana de Maputo, elaborat en el marc de la xarxa Africa Mobility. S&#039;identifiquen els tres principals reptes segons les administracions p\u00fabliques responsables de l&#039;elaboraci\u00f3 i implementaci\u00f3 de la pol\u00edtica p\u00fablica de la mobilitat per fer un estudi de cas i extreure reflexions estrat\u00e8giques per les tres metr\u00f2polis. L&#039;estudi s&#039;ha realitzat en tres fases, en un primer moment s&#039;ha identificat els tres reptes principals segons les institucions responsables de la mobilitat: la governan\u00e7a de la mobilitat, la &quot;informalitat del transport&quot; i el BRT. En un segon moment, s&#039;ha descrit i analitzat la mobilitat en relaci\u00f3 amb aquests reptes en cada una de les metr\u00f2polis. I en un tercer moment s&#039;han posat en relaci\u00f3 les metr\u00f2polis, la qual cosa ha perm\u00e8s extreure els elements claus per repensar, aprofundir i transformar la mirada en relaci\u00f3 amb la mobilitat.<br \/>\nAquest estudi ha sorgit de les institucions responsables de fer i implementar pol\u00edtica p\u00fablica i un centre d&#039;investigaci\u00f3 i t\u00e9 com a objectiu final aportar coneixement i reflexi\u00f3 per millorar l&#039;estrat\u00e8gia i l&#039;operaci\u00f3 de la mobilitat urbana.<\/p>\n","protected":false},"author":1288,"featured_media":0,"template":"","meta":{"_acf_changed":false,"_et_pb_use_builder":"","_et_pb_old_content":"","_et_gb_content_width":"","footnotes":""},"ciea":[87],"class_list":["post-6456","comunicacion","type-comunicacion","status-publish","hentry","ciea-ciea12"],"acf":[],"_links":{"self":[{"href":"https:\/\/redestudiosafricanos.org\/en\/wp-json\/wp\/v2\/comunicacion\/6456","targetHints":{"allow":["GET"]}}],"collection":[{"href":"https:\/\/redestudiosafricanos.org\/en\/wp-json\/wp\/v2\/comunicacion"}],"about":[{"href":"https:\/\/redestudiosafricanos.org\/en\/wp-json\/wp\/v2\/types\/comunicacion"}],"author":[{"embeddable":true,"href":"https:\/\/redestudiosafricanos.org\/en\/wp-json\/wp\/v2\/users\/1288"}],"version-history":[{"count":1,"href":"https:\/\/redestudiosafricanos.org\/en\/wp-json\/wp\/v2\/comunicacion\/6456\/revisions"}],"predecessor-version":[{"id":6457,"href":"https:\/\/redestudiosafricanos.org\/en\/wp-json\/wp\/v2\/comunicacion\/6456\/revisions\/6457"}],"wp:attachment":[{"href":"https:\/\/redestudiosafricanos.org\/en\/wp-json\/wp\/v2\/media?parent=6456"}],"wp:term":[{"taxonomy":"ciea","embeddable":true,"href":"https:\/\/redestudiosafricanos.org\/en\/wp-json\/wp\/v2\/ciea?post=6456"}],"curies":[{"name":"wp","href":"https:\/\/api.w.org\/{rel}","templated":true}]}}

Africa Mobility: reflexions sobre els reptes de la mobilitat metropolitana des de les institucions públiques

<p>La mobilitat a les metròpolis africanes es veu desbordada igual que les institucions públiques responsables d&#039;ella. En aquesta ponència reflexiona sobre tres reptes de la mobilitat a les metròpolis africanes a partir dels estudis de cas de la Gran Dakar, Gauteng i l&#039;àrea metropolitana de Maputo, elaborat en el marc de la xarxa Africa Mobility. S&#039;identifiquen els tres principals reptes segons les administracions públiques responsables de l&#039;elaboració i implementació de la política pública de la mobilitat per fer un estudi de cas i extreure reflexions estratègiques per les tres metròpolis. L&#039;estudi s&#039;ha realitzat en tres fases, en un primer moment s&#039;ha identificat els tres reptes principals segons les institucions responsables de la mobilitat: la governança de la mobilitat, la &quot;informalitat del transport&quot; i el BRT. En un segon moment, s&#039;ha descrit i analitzat la mobilitat en relació amb aquests reptes en cada una de les metròpolis. I en un tercer moment s&#039;han posat en relació les metròpolis, la qual cosa ha permès extreure els elements claus per repensar, aprofundir i transformar la mirada en relació amb la mobilitat.<br />
Aquest estudi ha sorgit de les institucions responsables de fer i implementar política pública i un centre d&#039;investigació i té com a objectiu final aportar coneixement i reflexió per millorar l&#039;estratègia i l&#039;operació de la mobilitat urbana.</p>
