{"id":6460,"date":"2024-09-27T00:35:36","date_gmt":"2024-09-26T22:35:36","guid":{"rendered":"https:\/\/redestudiosafricanos.org\/?post_type=comunicacion&#038;p=6460"},"modified":"2024-10-07T11:37:24","modified_gmt":"2024-10-07T09:37:24","slug":"memoria-e-imaginario-afro-na-argentina-do-seculo-xix-atraves-dos-oculos-dos-viajantes-europeus-identidades-racializacao-e-representacoes","status":"publish","type":"comunicacion","link":"https:\/\/redestudiosafricanos.org\/en\/comunicacion\/memoria-e-imaginario-afro-na-argentina-do-seculo-xix-atraves-dos-oculos-dos-viajantes-europeus-identidades-racializacao-e-representacoes\/","title":{"rendered":"MEM\u00d3RIA E IMAGIN\u00c1RIO AFRO NA ARGENTINA DO S\u00c9CULO XIX ATRAV\u00c9S DOS \u00d3CULOS DOS VIAJANTES EUROPEUS. Identidades, racializa\u00e7\u00e3o e representa\u00e7\u00f5es."},"content":{"rendered":"<p>No final do per\u00edodo colonial hisp\u00e2nico na Am\u00e9rica, come\u00e7ou um per\u00edodo turbulento para as nascentes na\u00e7\u00f5es independentes. Estas lutas entre o tradicional e o moderno n\u00e3o foram travadas apenas no espa\u00e7o material, mas tamb\u00e9m -e especialmente a\u00ed- no espa\u00e7o intelectual.<br \/>\nAs elites dominantes uma identidade imagin\u00e1ria foi constru\u00edda de acordo com suas necessidades. No caso da Argentina, este discurso tentou homogeneizar a sociedade, escondendo ou negando a presen\u00e7a de africanos e seus descendentes. No entanto, esses povos existiam e participavam da vida pol\u00edtica, econ\u00f4mica e social da \u00e9poca. Essa presen\u00e7a foi relatada por viajantes que visitaram Buenos Aires durante o s\u00e9culo XIX e que deixaram algum tipo de registro, seja ele liter\u00e1rio ou pict\u00f3rico, que serviu \u00e0s classes dominantes, tanto pol\u00edticas ou intelectuais, para cimentar a sua posi\u00e7\u00e3o ideol\u00f3gica enraizada nesta \u201cnova forma de olhar\u201d o mundo que a Europa prop\u00f5e. O eurocentrismo adquire dimens\u00f5es cient\u00edficas, descreve-se e cataloga-se o mundo, os seus seres vivos, incluindo aqueles \u201cOutros\u201d, que s\u00e3o o retardamento da modernidade.<br \/>\nMuitos desses viajantes deixaram registros visuais por meio de pinturas e desenhos que eles pr\u00f3prios fizeram de determinadas cenas, o que nos permite observar setores subalternizados, principalmente os afrodescendentes, em suas atividades cotidianas. Esses viajantes retratavam principalmente a sociedade que vivia nos centros urbanos mais importantes, como Buenos Aires. \u00c9 por isso que neste trabalho nos concentramos nas narrativas e na iconografia deixadas pelos viajantes que visitaram Buenos Aires durante o s\u00e9culo XIX, analisando como retratavam os africanos e seus descendentes.<br \/>\nNossa inten\u00e7\u00e3o neste exposi\u00e7\u00e3o \u00e9 apontar que, apesar das diferen\u00e7as e especificidades individuais, havia nesses viajantes um arcabou\u00e7o ideol\u00f3gico comum que os levou a destacar determinados elementos que alimentaram o discurso oficial das classes dominantes locais.<\/p>\n","protected":false},"author":56,"featured_media":0,"template":"","meta":{"_acf_changed":false,"_et_pb_use_builder":"","_et_pb_old_content":"","_et_gb_content_width":"","footnotes":""},"ciea":[87],"class_list":["post-6460","comunicacion","type-comunicacion","status-publish","hentry","ciea-ciea12"],"acf":[],"_links":{"self":[{"href":"https:\/\/redestudiosafricanos.org\/en\/wp-json\/wp\/v2\/comunicacion\/6460","targetHints":{"allow":["GET"]}}],"collection":[{"href":"https:\/\/redestudiosafricanos.org\/en\/wp-json\/wp\/v2\/comunicacion"}],"about":[{"href":"https:\/\/redestudiosafricanos.org\/en\/wp-json\/wp\/v2\/types\/comunicacion"}],"author":[{"embeddable":true,"href":"https:\/\/redestudiosafricanos.org\/en\/wp-json\/wp\/v2\/users\/56"}],"version-history":[{"count":1,"href":"https:\/\/redestudiosafricanos.org\/en\/wp-json\/wp\/v2\/comunicacion\/6460\/revisions"}],"predecessor-version":[{"id":6461,"href":"https:\/\/redestudiosafricanos.org\/en\/wp-json\/wp\/v2\/comunicacion\/6460\/revisions\/6461"}],"wp:attachment":[{"href":"https:\/\/redestudiosafricanos.org\/en\/wp-json\/wp\/v2\/media?parent=6460"}],"wp:term":[{"taxonomy":"ciea","embeddable":true,"href":"https:\/\/redestudiosafricanos.org\/en\/wp-json\/wp\/v2\/ciea?post=6460"}],"curies":[{"name":"wp","href":"https:\/\/api.w.org\/{rel}","templated":true}]}}

MEMÓRIA E IMAGINÁRIO AFRO NA ARGENTINA DO SÉCULO XIX ATRAVÉS DOS ÓCULOS DOS VIAJANTES EUROPEUS. Identidades, racialização e representações.

<p>No final do período colonial hispânico na América, começou um período turbulento para as nascentes nações independentes. Estas lutas entre o tradicional e o moderno não foram travadas apenas no espaço material, mas também -e especialmente aí- no espaço intelectual.<br />
As elites dominantes uma identidade imaginária foi construída de acordo com suas necessidades. No caso da Argentina, este discurso tentou homogeneizar a sociedade, escondendo ou negando a presença de africanos e seus descendentes. No entanto, esses povos existiam e participavam da vida política, econômica e social da época. Essa presença foi relatada por viajantes que visitaram Buenos Aires durante o século XIX e que deixaram algum tipo de registro, seja ele literário ou pictórico, que serviu às classes dominantes, tanto políticas ou intelectuais, para cimentar a sua posição ideológica enraizada nesta “nova forma de olhar” o mundo que a Europa propõe. O eurocentrismo adquire dimensões científicas, descreve-se e cataloga-se o mundo, os seus seres vivos, incluindo aqueles “Outros”, que são o retardamento da modernidade.<br />
Muitos desses viajantes deixaram registros visuais por meio de pinturas e desenhos que eles próprios fizeram de determinadas cenas, o que nos permite observar setores subalternizados, principalmente os afrodescendentes, em suas atividades cotidianas. Esses viajantes retratavam principalmente a sociedade que vivia nos centros urbanos mais importantes, como Buenos Aires. É por isso que neste trabalho nos concentramos nas narrativas e na iconografia deixadas pelos viajantes que visitaram Buenos Aires durante o século XIX, analisando como retratavam os africanos e seus descendentes.<br />
Nossa intenção neste exposição é apontar que, apesar das diferenças e especificidades individuais, havia nesses viajantes um arcabouço ideológico comum que os levou a destacar determinados elementos que alimentaram o discurso oficial das classes dominantes locais.</p>
