{"id":6492,"date":"2024-09-27T20:07:13","date_gmt":"2024-09-27T18:07:13","guid":{"rendered":"https:\/\/redestudiosafricanos.org\/?post_type=comunicacion&#038;p=6492"},"modified":"2024-10-07T11:42:02","modified_gmt":"2024-10-07T09:42:02","slug":"entre-somalia-y-cabo-delegado-mozambique-un-analisis-ecofeminsita-situado-de-la-guerra-y-la-paz","status":"publish","type":"comunicacion","link":"https:\/\/redestudiosafricanos.org\/en\/comunicacion\/entre-somalia-y-cabo-delegado-mozambique-un-analisis-ecofeminsita-situado-de-la-guerra-y-la-paz\/","title":{"rendered":"Entre Somalia y Cabo Delegado (Mozambique): un an\u00e1lisis ecofeminsita situado de la guerra y la paz."},"content":{"rendered":"<p>La comunicacion busca aplicar un an\u00e1lisis multinescalar, multidimensional, multifactorial y una mirada ecofeminista y decolonial a dos de los actuales espacios de conflictividad armada (Somalia y Mozambique) con la finalidad de, por un lado, desvelar las limitaciones conceptuales y anal\u00edticas de las narrativas explicativas imperantes sobre la pervivencia de la violencia armada pol\u00edtica en ambos espacios como, por otro, indagar las potencialidades de otras explicaciones que pongan en el centro de su investigaci\u00f3n el papel co-constitutivo tanto de factores globales como locales, la dimensi\u00f3n de g\u00e9nero y las situadas formas en las que, en ambos escenarios, se despliega el conflicto capital contra la trama de la vida, as\u00ed como muy diversas formas de hacer las paces, casi siempre silenciadas en las narrativas imperantes.<\/p>\n","protected":false},"author":54,"featured_media":0,"template":"","meta":{"_acf_changed":false,"_et_pb_use_builder":"","_et_pb_old_content":"","_et_gb_content_width":"","footnotes":""},"ciea":[87],"class_list":["post-6492","comunicacion","type-comunicacion","status-publish","hentry","ciea-ciea12"],"acf":[],"_links":{"self":[{"href":"https:\/\/redestudiosafricanos.org\/en\/wp-json\/wp\/v2\/comunicacion\/6492","targetHints":{"allow":["GET"]}}],"collection":[{"href":"https:\/\/redestudiosafricanos.org\/en\/wp-json\/wp\/v2\/comunicacion"}],"about":[{"href":"https:\/\/redestudiosafricanos.org\/en\/wp-json\/wp\/v2\/types\/comunicacion"}],"author":[{"embeddable":true,"href":"https:\/\/redestudiosafricanos.org\/en\/wp-json\/wp\/v2\/users\/54"}],"version-history":[{"count":1,"href":"https:\/\/redestudiosafricanos.org\/en\/wp-json\/wp\/v2\/comunicacion\/6492\/revisions"}],"predecessor-version":[{"id":6493,"href":"https:\/\/redestudiosafricanos.org\/en\/wp-json\/wp\/v2\/comunicacion\/6492\/revisions\/6493"}],"wp:attachment":[{"href":"https:\/\/redestudiosafricanos.org\/en\/wp-json\/wp\/v2\/media?parent=6492"}],"wp:term":[{"taxonomy":"ciea","embeddable":true,"href":"https:\/\/redestudiosafricanos.org\/en\/wp-json\/wp\/v2\/ciea?post=6492"}],"curies":[{"name":"wp","href":"https:\/\/api.w.org\/{rel}","templated":true}]}}

Entre Somalia y Cabo Delegado (Mozambique): un análisis ecofeminsita situado de la guerra y la paz.

<p>La comunicacion busca aplicar un análisis multinescalar, multidimensional, multifactorial y una mirada ecofeminista y decolonial a dos de los actuales espacios de conflictividad armada (Somalia y Mozambique) con la finalidad de, por un lado, desvelar las limitaciones conceptuales y analíticas de las narrativas explicativas imperantes sobre la pervivencia de la violencia armada política en ambos espacios como, por otro, indagar las potencialidades de otras explicaciones que pongan en el centro de su investigación el papel co-constitutivo tanto de factores globales como locales, la dimensión de género y las situadas formas en las que, en ambos escenarios, se despliega el conflicto capital contra la trama de la vida, así como muy diversas formas de hacer las paces, casi siempre silenciadas en las narrativas imperantes.</p>
