{"id":6514,"date":"2024-09-28T19:40:46","date_gmt":"2024-09-28T17:40:46","guid":{"rendered":"https:\/\/redestudiosafricanos.org\/?post_type=comunicacion&#038;p=6514"},"modified":"2024-10-07T11:42:05","modified_gmt":"2024-10-07T09:42:05","slug":"mas-alla-de-la-fortaleza-mas-alla-de-la-frontera-canarias-y-el-continente-africano-hacia-un-internacionalismo-analogico","status":"publish","type":"comunicacion","link":"https:\/\/redestudiosafricanos.org\/en\/comunicacion\/mas-alla-de-la-fortaleza-mas-alla-de-la-frontera-canarias-y-el-continente-africano-hacia-un-internacionalismo-analogico\/","title":{"rendered":"M\u00e1s all\u00e1 de la fortaleza, m\u00e1s all\u00e1 de la frontera. Canarias y el continente africano, hacia un internacionalismo anal\u00f3gico"},"content":{"rendered":"<p>El estrecho espacio en el Oc\u00e9ano Atl\u00e1ntico que separa al Archipi\u00e9lago canario del resto del continente africano ha sido el escenario en los \u00faltimos a\u00f1os del tr\u00e1nsito de decenas de miles de personas hacia las Islas. Entre las dos orillas se vienen materializando los efectos de las necropol\u00edticas racistas europeas y de la intensificaci\u00f3n de la afirmaci\u00f3n fronteriza, cuyos relieves rodean el continente europeo como una \u201cfortaleza\u201d que \u201cdeja morir\u201d (Foucault, 2004) a estas personas en el mar. Como parte de este dise\u00f1o espacial biopol\u00edtico, el archipi\u00e9lago ha funcionado en este periodo como instancia intermedia del poder fronterizo y como espacio limitado en el que el territorio es organizado como \u201cc\u00e1rcel\u201d de personas migrantes. Pero, \u00bfqu\u00e9 sentido tienen estos movimientos de personas para la maquinaria del poder territorial? \u00bfQu\u00e9 desaf\u00edos plantea? En este trabajo, partiremos de la hip\u00f3tesis seg\u00fan la cual las migraciones desaf\u00edan al r\u00e9gimen de fronteras nacido de la crisis de la globalizaci\u00f3n capitalista, activando por parte de los Estados centrales medios de contrainsurgencia (Mezzadra, Nielson, 2013), que afirman el car\u00e1cter pol\u00edticamente subversivo e incluso internacionalista de estos movimientos sociales transfronterizos. Adem\u00e1s, analizaremos la manera en que estos \u00faltimos desaf\u00edan las construcciones hegem\u00f3nicas de la \u201ccanariedad\u201d, volviendo a situar al archipi\u00e9lago en su contexto africano, como centro e instrumento de las econom\u00edas de la violencia neocolonial fronteriza; pero, sobre todo, volviendo a situarlo \u201cfrente\u201d al continente, \u201crostro a rostro\u201d (Dussel, 1996). Esta nueva proximidad abre posibilidades en los modos de relaci\u00f3n entre sujetos distintos, analizaremos, en este sentido, las potencialidades de los procesos y esfuerzos de traducci\u00f3n (Bashir Diagne, 2022), como pr\u00e1cticas internacionalistas que habiliten un esclarecimiento y un fortalecimiento de las luchas rec\u00edprocas, luchas que por su semejanza nos permitan pensar \u00c1frica en com\u00fan y desde distintos lugares del continente.<\/p>\n","protected":false},"author":1308,"featured_media":0,"template":"","meta":{"_acf_changed":false,"_et_pb_use_builder":"","_et_pb_old_content":"","_et_gb_content_width":"","footnotes":""},"ciea":[87],"class_list":["post-6514","comunicacion","type-comunicacion","status-publish","hentry","ciea-ciea12"],"acf":[],"_links":{"self":[{"href":"https:\/\/redestudiosafricanos.org\/en\/wp-json\/wp\/v2\/comunicacion\/6514","targetHints":{"allow":["GET"]}}],"collection":[{"href":"https:\/\/redestudiosafricanos.org\/en\/wp-json\/wp\/v2\/comunicacion"}],"about":[{"href":"https:\/\/redestudiosafricanos.org\/en\/wp-json\/wp\/v2\/types\/comunicacion"}],"author":[{"embeddable":true,"href":"https:\/\/redestudiosafricanos.org\/en\/wp-json\/wp\/v2\/users\/1308"}],"version-history":[{"count":1,"href":"https:\/\/redestudiosafricanos.org\/en\/wp-json\/wp\/v2\/comunicacion\/6514\/revisions"}],"predecessor-version":[{"id":6515,"href":"https:\/\/redestudiosafricanos.org\/en\/wp-json\/wp\/v2\/comunicacion\/6514\/revisions\/6515"}],"wp:attachment":[{"href":"https:\/\/redestudiosafricanos.org\/en\/wp-json\/wp\/v2\/media?parent=6514"}],"wp:term":[{"taxonomy":"ciea","embeddable":true,"href":"https:\/\/redestudiosafricanos.org\/en\/wp-json\/wp\/v2\/ciea?post=6514"}],"curies":[{"name":"wp","href":"https:\/\/api.w.org\/{rel}","templated":true}]}}

Más allá de la fortaleza, más allá de la frontera. Canarias y el continente africano, hacia un internacionalismo analógico

<p>El estrecho espacio en el Océano Atlántico que separa al Archipiélago canario del resto del continente africano ha sido el escenario en los últimos años del tránsito de decenas de miles de personas hacia las Islas. Entre las dos orillas se vienen materializando los efectos de las necropolíticas racistas europeas y de la intensificación de la afirmación fronteriza, cuyos relieves rodean el continente europeo como una “fortaleza” que “deja morir” (Foucault, 2004) a estas personas en el mar. Como parte de este diseño espacial biopolítico, el archipiélago ha funcionado en este periodo como instancia intermedia del poder fronterizo y como espacio limitado en el que el territorio es organizado como “cárcel” de personas migrantes. Pero, ¿qué sentido tienen estos movimientos de personas para la maquinaria del poder territorial? ¿Qué desafíos plantea? En este trabajo, partiremos de la hipótesis según la cual las migraciones desafían al régimen de fronteras nacido de la crisis de la globalización capitalista, activando por parte de los Estados centrales medios de contrainsurgencia (Mezzadra, Nielson, 2013), que afirman el carácter políticamente subversivo e incluso internacionalista de estos movimientos sociales transfronterizos. Además, analizaremos la manera en que estos últimos desafían las construcciones hegemónicas de la “canariedad”, volviendo a situar al archipiélago en su contexto africano, como centro e instrumento de las economías de la violencia neocolonial fronteriza; pero, sobre todo, volviendo a situarlo “frente” al continente, “rostro a rostro” (Dussel, 1996). Esta nueva proximidad abre posibilidades en los modos de relación entre sujetos distintos, analizaremos, en este sentido, las potencialidades de los procesos y esfuerzos de traducción (Bashir Diagne, 2022), como prácticas internacionalistas que habiliten un esclarecimiento y un fortalecimiento de las luchas recíprocas, luchas que por su semejanza nos permitan pensar África en común y desde distintos lugares del continente.</p>
