{"id":6536,"date":"2024-09-29T10:42:49","date_gmt":"2024-09-29T08:42:49","guid":{"rendered":"https:\/\/redestudiosafricanos.org\/?post_type=comunicacion&#038;p=6536"},"modified":"2024-10-07T11:37:23","modified_gmt":"2024-10-07T09:37:23","slug":"coup-detat-militaire-au-sahel-mobilisation-de-la-religion-et-des-religiosites-dans-le-processus-de-refondation-dune-nouvelle-republique-au-niger","status":"publish","type":"comunicacion","link":"https:\/\/redestudiosafricanos.org\/en\/comunicacion\/coup-detat-militaire-au-sahel-mobilisation-de-la-religion-et-des-religiosites-dans-le-processus-de-refondation-dune-nouvelle-republique-au-niger\/","title":{"rendered":"Coup d&#8217;\u00c9tat militaire au sahel: mobilisation de la religion et des religiosit\u00e9s dans le processus de &#8220;refondation&#8221; d&#8217;une nouvelle R\u00e9publique au Niger"},"content":{"rendered":"<p>Depuis 2020, les \u00c9tats du Sahel sont travers\u00e9s par une s\u00e9rie de crise militaro-politique. Si le Niger a \u00e9t\u00e9 \u00e9pargn\u00e9 de ces crises politico-militaires, il sera de courte dur\u00e9e car le 26 juillet 2023 des officiers regroup\u00e9s au sein du Conseil National pour la Sauvegarde de la Patrie (CNSP) dirig\u00e9 par le G\u00e9n\u00e9ral de brigade Abdourahamane Tiani renverse le r\u00e9gime du Pr\u00e9sident Bazoum Mohamed. Ce qui va plonger le pays dans une crise politique et \u00e9conomique entra\u00eenant des sanctions et embargos de la Communaut\u00e9 \u00e9conomique des \u00c9tats de l&#039;Afrique de l&#039;Ouest (CEDEAO), mais aussi des menaces d\u2019interventions militaire afin de r\u00e9tablir l\u2019ordre constitutionnel interrompu. En r\u00e9ponse \u00e0 cette situation, le r\u00e9gime militaire s\u2019est align\u00e9 sur le Burkina Faso et le Mali pour former une coalition contre les menaces de la CEDEAO au niveau r\u00e9gional et s&#039;est tourn\u00e9 vers la Russie au niveau international. Sur le plan int\u00e9rieur, un discours souverainiste invitant la population \u00e0 un sursaut patriotique a \u00e9t\u00e9 adopt\u00e9, impliquant la mobilisation des acteurs de la soci\u00e9t\u00e9 civile, des personnalit\u00e9s religieuses et des chefs traditionnels. Le soutien des acteurs religieux continue de s\u2019observer \u00e0 travers l\u2019organisation de s\u00e9ances de pr\u00eache et de pri\u00e8res collectives entrainant ainsi l\u2019irruption du religieux dans la sph\u00e8re politique. Les autorit\u00e9s militaires, en qu\u00eate de l\u00e9gitimit\u00e9 politique, s\u2019appuient sur cette dynamique religieuse pour faire de celle-ci, un espace o\u00f9 les difficult\u00e9s li\u00e9es aux sanctions de la CEDEAO, les d\u00e9fis s\u00e9curitaires et un futur incertain se conjurent dans une ferveur religieuse. Cette communication se propose d&#039;analyser les mobilisations religieuses comme un espace d&#039;opportunit\u00e9 permettant la r\u00e9surgence des contestations du principe de la la\u00efcit\u00e9.<\/p>\n","protected":false},"author":1315,"featured_media":0,"template":"","meta":{"_acf_changed":false,"_et_pb_use_builder":"","_et_pb_old_content":"","_et_gb_content_width":"","footnotes":""},"ciea":[87],"class_list":["post-6536","comunicacion","type-comunicacion","status-publish","hentry","ciea-ciea12"],"acf":[],"_links":{"self":[{"href":"https:\/\/redestudiosafricanos.org\/en\/wp-json\/wp\/v2\/comunicacion\/6536","targetHints":{"allow":["GET"]}}],"collection":[{"href":"https:\/\/redestudiosafricanos.org\/en\/wp-json\/wp\/v2\/comunicacion"}],"about":[{"href":"https:\/\/redestudiosafricanos.org\/en\/wp-json\/wp\/v2\/types\/comunicacion"}],"author":[{"embeddable":true,"href":"https:\/\/redestudiosafricanos.org\/en\/wp-json\/wp\/v2\/users\/1315"}],"version-history":[{"count":1,"href":"https:\/\/redestudiosafricanos.org\/en\/wp-json\/wp\/v2\/comunicacion\/6536\/revisions"}],"predecessor-version":[{"id":6537,"href":"https:\/\/redestudiosafricanos.org\/en\/wp-json\/wp\/v2\/comunicacion\/6536\/revisions\/6537"}],"wp:attachment":[{"href":"https:\/\/redestudiosafricanos.org\/en\/wp-json\/wp\/v2\/media?parent=6536"}],"wp:term":[{"taxonomy":"ciea","embeddable":true,"href":"https:\/\/redestudiosafricanos.org\/en\/wp-json\/wp\/v2\/ciea?post=6536"}],"curies":[{"name":"wp","href":"https:\/\/api.w.org\/{rel}","templated":true}]}}

Coup d&#8217;État militaire au sahel: mobilisation de la religion et des religiosités dans le processus de &#8220;refondation&#8221; d&#8217;une nouvelle République au Niger

<p>Depuis 2020, les États du Sahel sont traversés par une série de crise militaro-politique. Si le Niger a été épargné de ces crises politico-militaires, il sera de courte durée car le 26 juillet 2023 des officiers regroupés au sein du Conseil National pour la Sauvegarde de la Patrie (CNSP) dirigé par le Général de brigade Abdourahamane Tiani renverse le régime du Président Bazoum Mohamed. Ce qui va plonger le pays dans une crise politique et économique entraînant des sanctions et embargos de la Communauté économique des États de l&#039;Afrique de l&#039;Ouest (CEDEAO), mais aussi des menaces d’interventions militaire afin de rétablir l’ordre constitutionnel interrompu. En réponse à cette situation, le régime militaire s’est aligné sur le Burkina Faso et le Mali pour former une coalition contre les menaces de la CEDEAO au niveau régional et s&#039;est tourné vers la Russie au niveau international. Sur le plan intérieur, un discours souverainiste invitant la population à un sursaut patriotique a été adopté, impliquant la mobilisation des acteurs de la société civile, des personnalités religieuses et des chefs traditionnels. Le soutien des acteurs religieux continue de s’observer à travers l’organisation de séances de prêche et de prières collectives entrainant ainsi l’irruption du religieux dans la sphère politique. Les autorités militaires, en quête de légitimité politique, s’appuient sur cette dynamique religieuse pour faire de celle-ci, un espace où les difficultés liées aux sanctions de la CEDEAO, les défis sécuritaires et un futur incertain se conjurent dans une ferveur religieuse. Cette communication se propose d&#039;analyser les mobilisations religieuses comme un espace d&#039;opportunité permettant la résurgence des contestations du principe de la laïcité.</p>
