{"id":6546,"date":"2024-09-29T13:02:46","date_gmt":"2024-09-29T11:02:46","guid":{"rendered":"https:\/\/redestudiosafricanos.org\/?post_type=comunicacion&#038;p=6546"},"modified":"2024-10-07T11:04:44","modified_gmt":"2024-10-07T09:04:44","slug":"narrando-lisboa-tracos-afetivos-de-um-arquivo-afro-portugues","status":"publish","type":"comunicacion","link":"https:\/\/redestudiosafricanos.org\/en\/comunicacion\/narrando-lisboa-tracos-afetivos-de-um-arquivo-afro-portugues\/","title":{"rendered":"Narrando Lisboa: tra\u00e7os afetivos de um arquivo afro-portugu\u00eas"},"content":{"rendered":"<p>As cidades n\u00e3o s\u00e3o apenas um palco est\u00e1tico para as intera\u00e7\u00f5es sociais, mas acabam por ser continuidamente (re)produzidas a partir das condicionantes hist\u00f3ricas, socioculturais, pol\u00edticas e econ\u00f3micas em voga (Massey 1996). De facto, como argumenta Burgum, a cidade na sua arquitetura e infraestruturas torna-se um arquivo de \u201ccontested urban memories, denied histories, and (im)possibilities\u201d (Burgum 2022, 512). No caso da capital portuguesa, a malha urbana encapsula, por um lado, tra\u00e7os da hist\u00f3ria da expans\u00e3o ultramarina e do colonialismo, com o Padr\u00e3o dos Descobrimentos como o s\u00edmbolo de um passado supostamente glorioso, tornando a aus\u00eancia at\u00e9 \u00e0 data de monumentos p\u00fablicos que testemunhem a viol\u00eancia e opress\u00e3o do sistema colonial ainda mais marcante. Por outro lado, olhando fora dos marcos tur\u00edsticos, Lisboa conta as hist\u00f3rias e as mem\u00f3rias da resist\u00eancia ao colonialismo e \u00e0 discrimina\u00e7\u00e3o e racializa\u00e7\u00e3o que persistem na sociedade portuguesa mesmo na altura das celebra\u00e7\u00f5es dos 50 anos da Revolu\u00e7\u00e3o de 25 de abril.<br \/>\nPartindo das premissas te\u00f3ricas na interse\u00e7\u00e3o de Estudos Urbanos e Estudos Cr\u00edticos Arquivistas, a presente comunica\u00e7\u00e3o pretende estudar obras liter\u00e1rias contempor\u00e2neas que retratam a presen\u00e7a e importantemente, a negocia\u00e7\u00e3o de perten\u00e7a entre as comunidades lisboetas africanas e afrodescendentes. Fic\u00e7\u00e3o, como argumentarei, torna-se uma fonte de arquivo imagin\u00e1ria, usando o conceito introduzido por Gilliland and Caswell (2016) para poder refletir sobre o afeto surgido face \u00e0s lacunas e os sil\u00eancios dos arquivos. Atrav\u00e9s de uma leitura comparada de Os vivos, o morto e o peixe frito de Ondjaki e Um preto muito portugu\u00eas de Telma Tvon, analisarei o imagin\u00e1rio narrativo de Lisboa como um arquivo afro-portugu\u00eas que abre o espa\u00e7o para explorar as quest\u00f5es de afeto, comunidade e direito \u00e0 cidade no contexto p\u00f3s-colonial e p\u00f3s-migrat\u00f3rio.<\/p>\n","protected":false},"author":1311,"featured_media":0,"template":"","meta":{"_acf_changed":false,"_et_pb_use_builder":"","_et_pb_old_content":"","_et_gb_content_width":"","footnotes":""},"ciea":[87],"class_list":["post-6546","comunicacion","type-comunicacion","status-publish","hentry","ciea-ciea12"],"acf":[],"_links":{"self":[{"href":"https:\/\/redestudiosafricanos.org\/en\/wp-json\/wp\/v2\/comunicacion\/6546","targetHints":{"allow":["GET"]}}],"collection":[{"href":"https:\/\/redestudiosafricanos.org\/en\/wp-json\/wp\/v2\/comunicacion"}],"about":[{"href":"https:\/\/redestudiosafricanos.org\/en\/wp-json\/wp\/v2\/types\/comunicacion"}],"author":[{"embeddable":true,"href":"https:\/\/redestudiosafricanos.org\/en\/wp-json\/wp\/v2\/users\/1311"}],"version-history":[{"count":2,"href":"https:\/\/redestudiosafricanos.org\/en\/wp-json\/wp\/v2\/comunicacion\/6546\/revisions"}],"predecessor-version":[{"id":7186,"href":"https:\/\/redestudiosafricanos.org\/en\/wp-json\/wp\/v2\/comunicacion\/6546\/revisions\/7186"}],"wp:attachment":[{"href":"https:\/\/redestudiosafricanos.org\/en\/wp-json\/wp\/v2\/media?parent=6546"}],"wp:term":[{"taxonomy":"ciea","embeddable":true,"href":"https:\/\/redestudiosafricanos.org\/en\/wp-json\/wp\/v2\/ciea?post=6546"}],"curies":[{"name":"wp","href":"https:\/\/api.w.org\/{rel}","templated":true}]}}

Narrando Lisboa: traços afetivos de um arquivo afro-português

<p>As cidades não são apenas um palco estático para as interações sociais, mas acabam por ser continuidamente (re)produzidas a partir das condicionantes históricas, socioculturais, políticas e económicas em voga (Massey 1996). De facto, como argumenta Burgum, a cidade na sua arquitetura e infraestruturas torna-se um arquivo de “contested urban memories, denied histories, and (im)possibilities” (Burgum 2022, 512). No caso da capital portuguesa, a malha urbana encapsula, por um lado, traços da história da expansão ultramarina e do colonialismo, com o Padrão dos Descobrimentos como o símbolo de um passado supostamente glorioso, tornando a ausência até à data de monumentos públicos que testemunhem a violência e opressão do sistema colonial ainda mais marcante. Por outro lado, olhando fora dos marcos turísticos, Lisboa conta as histórias e as memórias da resistência ao colonialismo e à discriminação e racialização que persistem na sociedade portuguesa mesmo na altura das celebrações dos 50 anos da Revolução de 25 de abril.<br />
Partindo das premissas teóricas na interseção de Estudos Urbanos e Estudos Críticos Arquivistas, a presente comunicação pretende estudar obras literárias contemporâneas que retratam a presença e importantemente, a negociação de pertença entre as comunidades lisboetas africanas e afrodescendentes. Ficção, como argumentarei, torna-se uma fonte de arquivo imaginária, usando o conceito introduzido por Gilliland and Caswell (2016) para poder refletir sobre o afeto surgido face às lacunas e os silêncios dos arquivos. Através de uma leitura comparada de Os vivos, o morto e o peixe frito de Ondjaki e Um preto muito português de Telma Tvon, analisarei o imaginário narrativo de Lisboa como um arquivo afro-português que abre o espaço para explorar as questões de afeto, comunidade e direito à cidade no contexto pós-colonial e pós-migratório.</p>
