{"id":6550,"date":"2024-09-29T13:53:19","date_gmt":"2024-09-29T11:53:19","guid":{"rendered":"https:\/\/redestudiosafricanos.org\/?post_type=comunicacion&#038;p=6550"},"modified":"2024-10-07T11:42:02","modified_gmt":"2024-10-07T09:42:02","slug":"los-conflictos-africanos-en-la-cinematografia-occidental-del-siglo-xxi-caracteristicas-y-consecuencias","status":"publish","type":"comunicacion","link":"https:\/\/redestudiosafricanos.org\/en\/comunicacion\/los-conflictos-africanos-en-la-cinematografia-occidental-del-siglo-xxi-caracteristicas-y-consecuencias\/","title":{"rendered":"Los conflictos africanos en la cinematograf\u00eda occidental del siglo XXI: caracter\u00edsticas y consecuencias"},"content":{"rendered":"<p>Mudimbe (1988) se\u00f1al\u00f3 que el conocimiento que el no africano tiene de \u00c1frica ser\u00eda fruto de una intertextualidad derivada de la literatura, la ciencia y los medios de comunicaci\u00f3n. Entre estos \u00faltimos, el cine ha representado \u00c1frica desde sus inicios, creando tendencias hasta la actualidad. Una de ellas guarda relaci\u00f3n con los conflictos africanos, cuyo comienzo se suele ubicar en 2001 con Black Hawk Down (Scott), sobre el conflicto de Somalia (1993). Estados Unidos es el pa\u00eds con m\u00e1s pel\u00edculas de este tipo, aunque otras cinematograf\u00edas, sean m\u00e1s o menos comerciales, tambi\u00e9n se unen a esta tendencia. Este es el caso de la pel\u00edcula espa\u00f1ola El cuaderno de Sara (L\u00f3pez Amado, 2018), ambientada en el este de la RD Congo, o la francesa Camille (Lojkine, 2019) ambientada en la Rep\u00fablica Centroafricana entre 2013 y 2014. Estos son tres ejemplos de las producciones sobre unos conflictos que, utilizando las palabras de  Send\u00edn (2012), medi\u00e1ticamente existen de forma peculiar o no \u201cexisten\u201d, pero se utilizan en el entretenimiento cinematogr\u00e1fico.  <br \/>\nEsta comunicaci\u00f3n, derivada de varios estudios propios m\u00e1s amplios, tiene como objetivo exponer las caracter\u00edsticas generales de la representaci\u00f3n de los conflictos africanos en el cine occidental, para otorgarle importancia tras m\u00e1s de veinte a\u00f1os e incidir en que la representaci\u00f3n repercute en la acci\u00f3n (y el tipo) o inacci\u00f3n, de la poblaci\u00f3n mundial ante los conflictos africanos presentes y consecuencias como la migraci\u00f3n. Es especialmente relevante exponer los resultados respecto a la repercusi\u00f3n para con los negroafricanos, sobre todo, vinculado a la representaci\u00f3n de los muertos. Los estudios se han realizado con metodolog\u00eda mixta (Dise\u00f1o Transformativo Concurrente) y cualitativa. De ambas maneras, la metodolog\u00eda est\u00e1 inspirada en la obra de Said (1978) Orientalismo, trasladada al africanismo y a la perspectiva necropol\u00edtica de Mbembe (2016) desde una dimensi\u00f3n audiovisual.<\/p>\n","protected":false},"author":1321,"featured_media":0,"template":"","meta":{"_acf_changed":false,"_et_pb_use_builder":"","_et_pb_old_content":"","_et_gb_content_width":"","footnotes":""},"ciea":[87],"class_list":["post-6550","comunicacion","type-comunicacion","status-publish","hentry","ciea-ciea12"],"acf":[],"_links":{"self":[{"href":"https:\/\/redestudiosafricanos.org\/en\/wp-json\/wp\/v2\/comunicacion\/6550","targetHints":{"allow":["GET"]}}],"collection":[{"href":"https:\/\/redestudiosafricanos.org\/en\/wp-json\/wp\/v2\/comunicacion"}],"about":[{"href":"https:\/\/redestudiosafricanos.org\/en\/wp-json\/wp\/v2\/types\/comunicacion"}],"author":[{"embeddable":true,"href":"https:\/\/redestudiosafricanos.org\/en\/wp-json\/wp\/v2\/users\/1321"}],"version-history":[{"count":1,"href":"https:\/\/redestudiosafricanos.org\/en\/wp-json\/wp\/v2\/comunicacion\/6550\/revisions"}],"predecessor-version":[{"id":6551,"href":"https:\/\/redestudiosafricanos.org\/en\/wp-json\/wp\/v2\/comunicacion\/6550\/revisions\/6551"}],"wp:attachment":[{"href":"https:\/\/redestudiosafricanos.org\/en\/wp-json\/wp\/v2\/media?parent=6550"}],"wp:term":[{"taxonomy":"ciea","embeddable":true,"href":"https:\/\/redestudiosafricanos.org\/en\/wp-json\/wp\/v2\/ciea?post=6550"}],"curies":[{"name":"wp","href":"https:\/\/api.w.org\/{rel}","templated":true}]}}

Los conflictos africanos en la cinematografía occidental del siglo XXI: características y consecuencias

<p>Mudimbe (1988) señaló que el conocimiento que el no africano tiene de África sería fruto de una intertextualidad derivada de la literatura, la ciencia y los medios de comunicación. Entre estos últimos, el cine ha representado África desde sus inicios, creando tendencias hasta la actualidad. Una de ellas guarda relación con los conflictos africanos, cuyo comienzo se suele ubicar en 2001 con Black Hawk Down (Scott), sobre el conflicto de Somalia (1993). Estados Unidos es el país con más películas de este tipo, aunque otras cinematografías, sean más o menos comerciales, también se unen a esta tendencia. Este es el caso de la película española El cuaderno de Sara (López Amado, 2018), ambientada en el este de la RD Congo, o la francesa Camille (Lojkine, 2019) ambientada en la República Centroafricana entre 2013 y 2014. Estos son tres ejemplos de las producciones sobre unos conflictos que, utilizando las palabras de  Sendín (2012), mediáticamente existen de forma peculiar o no “existen”, pero se utilizan en el entretenimiento cinematográfico.  <br />
Esta comunicación, derivada de varios estudios propios más amplios, tiene como objetivo exponer las características generales de la representación de los conflictos africanos en el cine occidental, para otorgarle importancia tras más de veinte años e incidir en que la representación repercute en la acción (y el tipo) o inacción, de la población mundial ante los conflictos africanos presentes y consecuencias como la migración. Es especialmente relevante exponer los resultados respecto a la repercusión para con los negroafricanos, sobre todo, vinculado a la representación de los muertos. Los estudios se han realizado con metodología mixta (Diseño Transformativo Concurrente) y cualitativa. De ambas maneras, la metodología está inspirada en la obra de Said (1978) Orientalismo, trasladada al africanismo y a la perspectiva necropolítica de Mbembe (2016) desde una dimensión audiovisual.</p>
