{"id":6568,"date":"2024-09-29T18:31:49","date_gmt":"2024-09-29T16:31:49","guid":{"rendered":"https:\/\/redestudiosafricanos.org\/?post_type=comunicacion&#038;p=6568"},"modified":"2024-10-07T11:41:58","modified_gmt":"2024-10-07T09:41:58","slug":"na-barganha-comercio-ilicito-de-africanos-entre-o-atlantico-e-as-provincias-brasileiras-pernambuco-sec-xix","status":"publish","type":"comunicacion","link":"https:\/\/redestudiosafricanos.org\/en\/comunicacion\/na-barganha-comercio-ilicito-de-africanos-entre-o-atlantico-e-as-provincias-brasileiras-pernambuco-sec-xix\/","title":{"rendered":"Na barganha! Com\u00e9rcio il\u00edcito de africanos entre o Atl\u00e2ntico e as prov\u00edncias brasileiras: Pernambuco (s\u00e9c. XIX)"},"content":{"rendered":"<p>O presente trabalho apresenta os dados iniciais de pesquisa acerca da \u201crede mi\u00fada\u201d do tr\u00e1fico transatl\u00e2ntico de escravizados africanos para o Brasil, em particular, Pernambuco no s\u00e9culo XIX, manejando um leque diversificado de fontes (livros de tabeli\u00e3o, testamentos,  registros paroquiais). Por ora, demostro fragmentos de trajet\u00f3rias individuais e coletivas \u2013de sujeitos sociais que fizeram a travessia ao sul do Atl\u00e2ntico negro, escrutinados nos registros de compra e venda de cativos e impostos de meia Siza, entre as d\u00e9cadas de 1820 a 1870, contidos nos livros de notas do Cart\u00f3rio do 2\u00ba Of\u00edcio do Recife \u2013 Paulo Guerra e 4\u00ba Tabelionato Josaphat Albuquerque e Instituto. A historiografia brasileira j\u00e1 mostrou diversos caminhos para cotejar as experi\u00eancias escravizadas a partir dessa documenta\u00e7\u00e3o, apontando para as ocupa\u00e7\u00f5es, os arranjos familiares, a faixa et\u00e1ria, o g\u00eanero, o tr\u00e2nsito do indiv\u00edduo no trabalho escravo, o valor de com\u00e9rcio dos cativos. Todavia, outros desvios podem ser feitos, a partir da an\u00e1lise densa das fontes e investiga\u00e7\u00e3o onom\u00e1stica de indiv\u00edduos, para observarmos as experi\u00eancias cativas como a moradia, a elabora\u00e7\u00e3o da identidade etnia, o perfil dos vendedores e comprados, peda\u00e7os de vidas cativas, uni\u00e3o e separa\u00e7\u00e3o de parentes, o letramento de escravizados quando assinavam a rogo de seus propriet\u00e1rios e os fluxos desse com\u00e9rcio infame. A despeito disto, cogito, ainda, a continuidade do tr\u00e1fico transatl\u00e2ntico, ap\u00f3s a Lei de 04 de setembro de 1850, conhecida como Lei Eus\u00e9bio de Queiroz, que decretou oficialmente o fim do tr\u00e1fico atl\u00e2ntico de escravizados, que foi maquiado pela circularidade de escravizados via com\u00e9rcio interprovincial. No Brasil, as companhias de com\u00e9rcio de prov\u00edncias, como Rio de Janeiro, Alagoas e Pernambuco intercruzaram mares, sert\u00f5es, portos e praias entre a costa da \u00c1frica e aquela Na\u00e7\u00e3o, fortalecendo o tr\u00e2nsito de cativos internamente, nutrindo esfor\u00e7os para a continuidade da engenharia da escravid\u00e3o no Mundo Atl\u00e2ntico.<\/p>\n","protected":false},"author":369,"featured_media":0,"template":"","meta":{"_acf_changed":false,"_et_pb_use_builder":"","_et_pb_old_content":"","_et_gb_content_width":"","footnotes":""},"ciea":[87],"class_list":["post-6568","comunicacion","type-comunicacion","status-publish","hentry","ciea-ciea12"],"acf":[],"_links":{"self":[{"href":"https:\/\/redestudiosafricanos.org\/en\/wp-json\/wp\/v2\/comunicacion\/6568","targetHints":{"allow":["GET"]}}],"collection":[{"href":"https:\/\/redestudiosafricanos.org\/en\/wp-json\/wp\/v2\/comunicacion"}],"about":[{"href":"https:\/\/redestudiosafricanos.org\/en\/wp-json\/wp\/v2\/types\/comunicacion"}],"author":[{"embeddable":true,"href":"https:\/\/redestudiosafricanos.org\/en\/wp-json\/wp\/v2\/users\/369"}],"version-history":[{"count":1,"href":"https:\/\/redestudiosafricanos.org\/en\/wp-json\/wp\/v2\/comunicacion\/6568\/revisions"}],"predecessor-version":[{"id":6569,"href":"https:\/\/redestudiosafricanos.org\/en\/wp-json\/wp\/v2\/comunicacion\/6568\/revisions\/6569"}],"wp:attachment":[{"href":"https:\/\/redestudiosafricanos.org\/en\/wp-json\/wp\/v2\/media?parent=6568"}],"wp:term":[{"taxonomy":"ciea","embeddable":true,"href":"https:\/\/redestudiosafricanos.org\/en\/wp-json\/wp\/v2\/ciea?post=6568"}],"curies":[{"name":"wp","href":"https:\/\/api.w.org\/{rel}","templated":true}]}}

Na barganha! Comércio ilícito de africanos entre o Atlântico e as províncias brasileiras: Pernambuco (séc. XIX)

<p>O presente trabalho apresenta os dados iniciais de pesquisa acerca da “rede miúda” do tráfico transatlântico de escravizados africanos para o Brasil, em particular, Pernambuco no século XIX, manejando um leque diversificado de fontes (livros de tabelião, testamentos,  registros paroquiais). Por ora, demostro fragmentos de trajetórias individuais e coletivas –de sujeitos sociais que fizeram a travessia ao sul do Atlântico negro, escrutinados nos registros de compra e venda de cativos e impostos de meia Siza, entre as décadas de 1820 a 1870, contidos nos livros de notas do Cartório do 2º Ofício do Recife – Paulo Guerra e 4º Tabelionato Josaphat Albuquerque e Instituto. A historiografia brasileira já mostrou diversos caminhos para cotejar as experiências escravizadas a partir dessa documentação, apontando para as ocupações, os arranjos familiares, a faixa etária, o gênero, o trânsito do indivíduo no trabalho escravo, o valor de comércio dos cativos. Todavia, outros desvios podem ser feitos, a partir da análise densa das fontes e investigação onomástica de indivíduos, para observarmos as experiências cativas como a moradia, a elaboração da identidade etnia, o perfil dos vendedores e comprados, pedaços de vidas cativas, união e separação de parentes, o letramento de escravizados quando assinavam a rogo de seus proprietários e os fluxos desse comércio infame. A despeito disto, cogito, ainda, a continuidade do tráfico transatlântico, após a Lei de 04 de setembro de 1850, conhecida como Lei Eusébio de Queiroz, que decretou oficialmente o fim do tráfico atlântico de escravizados, que foi maquiado pela circularidade de escravizados via comércio interprovincial. No Brasil, as companhias de comércio de províncias, como Rio de Janeiro, Alagoas e Pernambuco intercruzaram mares, sertões, portos e praias entre a costa da África e aquela Nação, fortalecendo o trânsito de cativos internamente, nutrindo esforços para a continuidade da engenharia da escravidão no Mundo Atlântico.</p>
