{"id":6574,"date":"2024-09-29T20:57:02","date_gmt":"2024-09-29T18:57:02","guid":{"rendered":"https:\/\/redestudiosafricanos.org\/?post_type=comunicacion&#038;p=6574"},"modified":"2024-10-11T02:54:53","modified_gmt":"2024-10-11T00:54:53","slug":"o-feminismo-na-identidade-mocambicana-percepcoes-das-combatentes-da-luta-de-libertacao-face-a-guerra-desde-1964-ate-ao-presente","status":"publish","type":"comunicacion","link":"https:\/\/redestudiosafricanos.org\/en\/comunicacion\/o-feminismo-na-identidade-mocambicana-percepcoes-das-combatentes-da-luta-de-libertacao-face-a-guerra-desde-1964-ate-ao-presente\/","title":{"rendered":"O Feminismo na Identidade Mo\u00e7ambicana: Percep\u00e7\u00f5es das Combatentes da Luta de Liberta\u00e7\u00e3o face \u00e0 Guerra, desde 1964 at\u00e9 ao Presente."},"content":{"rendered":"<p>O presente texto pretende problematizar as iniciativas femininas numa sociedade culturalmente matrilinear do Norte de Mo\u00e7ambique, identificando as lutas pelo Feminismo e comparando as percep\u00e7\u00f5es das mulheres que se integraram no Destacamento Feminino da FRELIMO, com as que hoje combatem a insurg\u00eancia armada.<br \/>\nCruzando as informa\u00e7\u00f5es analisadas em fontes orais, escritas e iconogr\u00e1ficas, combinando m\u00e9todos qualitativos com quantitativos, desenvolveu-se um modelo de desfragmenta\u00e7\u00e3o, que permite a compreens\u00e3o da complexidade da sociedade mo\u00e7ambicana.<br \/>\nO estudo de caso, das iniciativas feministas africanas no Distrito de Montepuez, possibilitou o aprofundamento da problem\u00e1tica selecionada e, como investiga\u00e7\u00e3o-a\u00e7\u00e3o, poder\u00e1 ser uma contribui\u00e7\u00e3o para uma ci\u00eancia-cidad\u00e3, construtora da Paz em Mo\u00e7ambique.<\/p>\n<p>Palavras-Chave: Feminismo; Mo\u00e7ambique; Movimento independentista.<\/p>\n<p>Elsa Morais e Olga Igl\u00e9sias<\/p>\n","protected":false},"author":1331,"featured_media":0,"template":"","meta":{"_acf_changed":false,"_et_pb_use_builder":"","_et_pb_old_content":"","_et_gb_content_width":"","footnotes":""},"ciea":[87],"class_list":["post-6574","comunicacion","type-comunicacion","status-publish","hentry","ciea-ciea12"],"acf":[],"_links":{"self":[{"href":"https:\/\/redestudiosafricanos.org\/en\/wp-json\/wp\/v2\/comunicacion\/6574","targetHints":{"allow":["GET"]}}],"collection":[{"href":"https:\/\/redestudiosafricanos.org\/en\/wp-json\/wp\/v2\/comunicacion"}],"about":[{"href":"https:\/\/redestudiosafricanos.org\/en\/wp-json\/wp\/v2\/types\/comunicacion"}],"author":[{"embeddable":true,"href":"https:\/\/redestudiosafricanos.org\/en\/wp-json\/wp\/v2\/users\/1331"}],"version-history":[{"count":1,"href":"https:\/\/redestudiosafricanos.org\/en\/wp-json\/wp\/v2\/comunicacion\/6574\/revisions"}],"predecessor-version":[{"id":6575,"href":"https:\/\/redestudiosafricanos.org\/en\/wp-json\/wp\/v2\/comunicacion\/6574\/revisions\/6575"}],"wp:attachment":[{"href":"https:\/\/redestudiosafricanos.org\/en\/wp-json\/wp\/v2\/media?parent=6574"}],"wp:term":[{"taxonomy":"ciea","embeddable":true,"href":"https:\/\/redestudiosafricanos.org\/en\/wp-json\/wp\/v2\/ciea?post=6574"}],"curies":[{"name":"wp","href":"https:\/\/api.w.org\/{rel}","templated":true}]}}

O Feminismo na Identidade Moçambicana: Percepções das Combatentes da Luta de Libertação face à Guerra, desde 1964 até ao Presente.

<p>O presente texto pretende problematizar as iniciativas femininas numa sociedade culturalmente matrilinear do Norte de Moçambique, identificando as lutas pelo Feminismo e comparando as percepções das mulheres que se integraram no Destacamento Feminino da FRELIMO, com as que hoje combatem a insurgência armada.<br />
Cruzando as informações analisadas em fontes orais, escritas e iconográficas, combinando métodos qualitativos com quantitativos, desenvolveu-se um modelo de desfragmentação, que permite a compreensão da complexidade da sociedade moçambicana.<br />
O estudo de caso, das iniciativas feministas africanas no Distrito de Montepuez, possibilitou o aprofundamento da problemática selecionada e, como investigação-ação, poderá ser uma contribuição para uma ciência-cidadã, construtora da Paz em Moçambique.</p>
<p>Palavras-Chave: Feminismo; Moçambique; Movimento independentista.</p>
<p>Elsa Morais e Olga Iglésias</p>
