{"id":6576,"date":"2024-09-29T21:01:56","date_gmt":"2024-09-29T19:01:56","guid":{"rendered":"https:\/\/redestudiosafricanos.org\/?post_type=comunicacion&#038;p=6576"},"modified":"2024-10-07T11:41:54","modified_gmt":"2024-10-07T09:41:54","slug":"didactique-de-la-traduction-en-contexte-multilingue-methodes-et-pratiques","status":"publish","type":"comunicacion","link":"https:\/\/redestudiosafricanos.org\/en\/comunicacion\/didactique-de-la-traduction-en-contexte-multilingue-methodes-et-pratiques\/","title":{"rendered":"Didactique de la traduction en contexte multilingue : m\u00e9thodes et pratiques"},"content":{"rendered":"<p>L\u2019 Afrique est un espace multilingue. Sur le continent, la traduction occupe une place privil\u00e9gi\u00e9e en raison du paysage linguistique, des besoins en coop\u00e9ration, des d\u00e9fis li\u00e9s \u00e0 la mondialisation et aux nouvelles technologies. La didactique explore les m\u00e9thodes, les pratiques et les enjeux de l\u2019enseignement et de l\u2019apprentissage. La formation des professionnels de la traduction est un processus dynamique. Elle s\u2019adapte aux attentes de la soci\u00e9t\u00e9 et \u00e0 la demande du march\u00e9. L\u2019 environnement de travail du traducteur \u00e9volue. <br \/>\nTout traducteur form\u00e9 doit d\u00e9montrer des comp\u00e9tences linguistiques, ma\u00eetriser les techniques de traduction, de documentation et d\u2019information, ainsi que les outils informatiques, la phras\u00e9ologie et la terminologie. Il doit aussi \u00eatre dot\u00e9 de solides connaissances transversales, \u00eatre instruit aux comportements \u00e0 adopter dans sa future carri\u00e8re professionnelle et acqu\u00e9rir de l\u2019exp\u00e9rience dans la gestion des projets. Les programmes de formation des traducteurs se multiplient. Il s\u2019av\u00e8re utile de r\u00e9fl\u00e9chir aux probl\u00e8mes que suscite la didactique de la traduction et les solutions envisageables. Il importe en effet de former des traducteurs capables de r\u00e9pondre aux d\u00e9fis professionnels et technologiques \u00e0 venir. <br \/>\nSur quelles comp\u00e9tences repose l\u2019offre de formation des traducteurs ? Doit-on la diversifier? Est-elle adapt\u00e9e \u00e0 la demande du march\u00e9? Quel est l\u2019impact des nouvelles technologies sur les cursus? Comment les introduire dans les programmes? Comment les \u00e9tudiants s\u2019approprient-ils ces outils? Comment am\u00e9liorer la formation en traduction sp\u00e9cialis\u00e9e ? Comment renforcer les capacit\u00e9s des formateurs? Quelle formation pour relever les d\u00e9fis dans le contexte multilingue africain?<br \/>\nNotre \u00e9tude porte sur les th\u00e9ories et pratiques de la traduction. Elle se base les enqu\u00eates et exp\u00e9riences de terrain. Nous analyserons la didactique de la traduction dans trois contextes : le Cameroun, le Canada et l\u2019Union europ\u00e9enne. Une attention particuli\u00e8re sera aussi port\u00e9e au projet de Master panafricain en interpr\u00e9tation et traduction (PAMCIT).<\/p>\n","protected":false},"author":981,"featured_media":0,"template":"","meta":{"_acf_changed":false,"_et_pb_use_builder":"","_et_pb_old_content":"","_et_gb_content_width":"","footnotes":""},"ciea":[87],"class_list":["post-6576","comunicacion","type-comunicacion","status-publish","hentry","ciea-ciea12"],"acf":[],"_links":{"self":[{"href":"https:\/\/redestudiosafricanos.org\/en\/wp-json\/wp\/v2\/comunicacion\/6576","targetHints":{"allow":["GET"]}}],"collection":[{"href":"https:\/\/redestudiosafricanos.org\/en\/wp-json\/wp\/v2\/comunicacion"}],"about":[{"href":"https:\/\/redestudiosafricanos.org\/en\/wp-json\/wp\/v2\/types\/comunicacion"}],"author":[{"embeddable":true,"href":"https:\/\/redestudiosafricanos.org\/en\/wp-json\/wp\/v2\/users\/981"}],"version-history":[{"count":1,"href":"https:\/\/redestudiosafricanos.org\/en\/wp-json\/wp\/v2\/comunicacion\/6576\/revisions"}],"predecessor-version":[{"id":6577,"href":"https:\/\/redestudiosafricanos.org\/en\/wp-json\/wp\/v2\/comunicacion\/6576\/revisions\/6577"}],"wp:attachment":[{"href":"https:\/\/redestudiosafricanos.org\/en\/wp-json\/wp\/v2\/media?parent=6576"}],"wp:term":[{"taxonomy":"ciea","embeddable":true,"href":"https:\/\/redestudiosafricanos.org\/en\/wp-json\/wp\/v2\/ciea?post=6576"}],"curies":[{"name":"wp","href":"https:\/\/api.w.org\/{rel}","templated":true}]}}

Didactique de la traduction en contexte multilingue : méthodes et pratiques

<p>L’ Afrique est un espace multilingue. Sur le continent, la traduction occupe une place privilégiée en raison du paysage linguistique, des besoins en coopération, des défis liés à la mondialisation et aux nouvelles technologies. La didactique explore les méthodes, les pratiques et les enjeux de l’enseignement et de l’apprentissage. La formation des professionnels de la traduction est un processus dynamique. Elle s’adapte aux attentes de la société et à la demande du marché. L’ environnement de travail du traducteur évolue. <br />
Tout traducteur formé doit démontrer des compétences linguistiques, maîtriser les techniques de traduction, de documentation et d’information, ainsi que les outils informatiques, la phraséologie et la terminologie. Il doit aussi être doté de solides connaissances transversales, être instruit aux comportements à adopter dans sa future carrière professionnelle et acquérir de l’expérience dans la gestion des projets. Les programmes de formation des traducteurs se multiplient. Il s’avère utile de réfléchir aux problèmes que suscite la didactique de la traduction et les solutions envisageables. Il importe en effet de former des traducteurs capables de répondre aux défis professionnels et technologiques à venir. <br />
Sur quelles compétences repose l’offre de formation des traducteurs ? Doit-on la diversifier? Est-elle adaptée à la demande du marché? Quel est l’impact des nouvelles technologies sur les cursus? Comment les introduire dans les programmes? Comment les étudiants s’approprient-ils ces outils? Comment améliorer la formation en traduction spécialisée ? Comment renforcer les capacités des formateurs? Quelle formation pour relever les défis dans le contexte multilingue africain?<br />
Notre étude porte sur les théories et pratiques de la traduction. Elle se base les enquêtes et expériences de terrain. Nous analyserons la didactique de la traduction dans trois contextes : le Cameroun, le Canada et l’Union européenne. Une attention particulière sera aussi portée au projet de Master panafricain en interprétation et traduction (PAMCIT).</p>
