{"id":6580,"date":"2024-09-29T21:17:32","date_gmt":"2024-09-29T19:17:32","guid":{"rendered":"https:\/\/redestudiosafricanos.org\/?post_type=comunicacion&#038;p=6580"},"modified":"2024-10-07T10:52:41","modified_gmt":"2024-10-07T08:52:41","slug":"geopolitica-da-lingua-no-municipio-do-amboim-identidade-cultural-resistencia-e-ocupacao-colonial","status":"publish","type":"comunicacion","link":"https:\/\/redestudiosafricanos.org\/en\/comunicacion\/geopolitica-da-lingua-no-municipio-do-amboim-identidade-cultural-resistencia-e-ocupacao-colonial\/","title":{"rendered":"Geopol\u00edtica da L\u00edngua no Munic\u00edpio do Amboim| Identidade Cultural, Resist\u00eancia e Ocupa\u00e7\u00e3o Colonial"},"content":{"rendered":"<p>O munic\u00edpio do Amboim, localizado na prov\u00edncia do Kwanza Sul, Angola, ainda \u00e9 pouco explorado e estudado. Com uma hist\u00f3ria rica e uma geografia significativa, duas palavras ligadas \u00e0s express\u00f5es da l\u00edngua omumbuim despontam na topon\u00edmia, o &quot;Amboim&quot; derivado de mbuim, que significa paz ou tranquilidade e &quot;Gabela&quot; tem sua etimologia associada ao verbo ukuepa, que significa esquivar-se ou esconder-se, referindo-se ao ref\u00fagio dos nativos durante a persegui\u00e7\u00e3o colonial portuguesa. A contribui\u00e7\u00e3o aborda quest\u00f5es lingu\u00edsticas e hist\u00f3ricas, destacando a presen\u00e7a de dois grupos etnolingu\u00edsticos no Kwanza Sul: o Umbundu e o Kimbundu. Ambos representativos de uma popula\u00e7\u00e3o cujas l\u00ednguas est\u00e3o em risco de extin\u00e7\u00e3o, sendo urgente a implementa\u00e7\u00e3o de medidas legislativas que garantam a preserva\u00e7\u00e3o desses idiomas. A quest\u00e3o lingu\u00edstica emerge do prop\u00f3sito de fomentar o necess\u00e1rio debate sobre a geopol\u00edtica da l\u00edngua nos doze munic\u00edpios da prov\u00edncia do Kwanza Sul. A l\u00edngua da prov\u00edncia reflete, assim, o equil\u00edbrio de poder entre as comunidades etnolingu\u00edsticas na forma\u00e7\u00e3o de identidades nacionais e as tens\u00f5es entre a preserva\u00e7\u00e3o lingu\u00edstica e o colonialismo. A contribui\u00e7\u00e3o reanalisa a organiza\u00e7\u00e3o pol\u00edtico-administrativa pr\u00e9-colonial local, seguindo um conjunto de metodologias, abordagens hist\u00f3ricas e antropol\u00f3gicas, incluindo a historiografia comparativa, an\u00e1lise antropol\u00f3gica, an\u00e1lise documental e a reconstru\u00e7\u00e3o de narrativas orais, para comprovar a organiza\u00e7\u00e3o socioespacial do reino do Kualunga, cuja resist\u00eancia marcou a hist\u00f3ria do Amboim.<\/p>\n<p>PALAVRAS-CHAVE: Geopol\u00edtica da l\u00edngua, Kwanza Sul, Amboim, Gabela, Cultura.<\/p>\n<p>RECONHECIMENTO: A presente comunica\u00e7\u00e3o baseia-se na informa\u00e7\u00e3o contida no livro AMBOIM: Identidade Cultural, Resist\u00eancia \u00e0 Ocupa\u00e7\u00e3o Colonial e a Guerra de 1961, da autoria de Vasco Catala e Job Francisco, que explora a hist\u00f3ria e a resist\u00eancia do Amboim face ao colonialismo portugu\u00eas e os seus impactos culturais.<\/p>\n","protected":false},"author":1329,"featured_media":0,"template":"","meta":{"_acf_changed":false,"_et_pb_use_builder":"","_et_pb_old_content":"","_et_gb_content_width":"","footnotes":""},"ciea":[87],"class_list":["post-6580","comunicacion","type-comunicacion","status-publish","hentry","ciea-ciea12"],"acf":[],"_links":{"self":[{"href":"https:\/\/redestudiosafricanos.org\/en\/wp-json\/wp\/v2\/comunicacion\/6580","targetHints":{"allow":["GET"]}}],"collection":[{"href":"https:\/\/redestudiosafricanos.org\/en\/wp-json\/wp\/v2\/comunicacion"}],"about":[{"href":"https:\/\/redestudiosafricanos.org\/en\/wp-json\/wp\/v2\/types\/comunicacion"}],"author":[{"embeddable":true,"href":"https:\/\/redestudiosafricanos.org\/en\/wp-json\/wp\/v2\/users\/1329"}],"version-history":[{"count":1,"href":"https:\/\/redestudiosafricanos.org\/en\/wp-json\/wp\/v2\/comunicacion\/6580\/revisions"}],"predecessor-version":[{"id":6581,"href":"https:\/\/redestudiosafricanos.org\/en\/wp-json\/wp\/v2\/comunicacion\/6580\/revisions\/6581"}],"wp:attachment":[{"href":"https:\/\/redestudiosafricanos.org\/en\/wp-json\/wp\/v2\/media?parent=6580"}],"wp:term":[{"taxonomy":"ciea","embeddable":true,"href":"https:\/\/redestudiosafricanos.org\/en\/wp-json\/wp\/v2\/ciea?post=6580"}],"curies":[{"name":"wp","href":"https:\/\/api.w.org\/{rel}","templated":true}]}}

Geopolítica da Língua no Município do Amboim| Identidade Cultural, Resistência e Ocupação Colonial

<p>O município do Amboim, localizado na província do Kwanza Sul, Angola, ainda é pouco explorado e estudado. Com uma história rica e uma geografia significativa, duas palavras ligadas às expressões da língua omumbuim despontam na toponímia, o &quot;Amboim&quot; derivado de mbuim, que significa paz ou tranquilidade e &quot;Gabela&quot; tem sua etimologia associada ao verbo ukuepa, que significa esquivar-se ou esconder-se, referindo-se ao refúgio dos nativos durante a perseguição colonial portuguesa. A contribuição aborda questões linguísticas e históricas, destacando a presença de dois grupos etnolinguísticos no Kwanza Sul: o Umbundu e o Kimbundu. Ambos representativos de uma população cujas línguas estão em risco de extinção, sendo urgente a implementação de medidas legislativas que garantam a preservação desses idiomas. A questão linguística emerge do propósito de fomentar o necessário debate sobre a geopolítica da língua nos doze municípios da província do Kwanza Sul. A língua da província reflete, assim, o equilíbrio de poder entre as comunidades etnolinguísticas na formação de identidades nacionais e as tensões entre a preservação linguística e o colonialismo. A contribuição reanalisa a organização político-administrativa pré-colonial local, seguindo um conjunto de metodologias, abordagens históricas e antropológicas, incluindo a historiografia comparativa, análise antropológica, análise documental e a reconstrução de narrativas orais, para comprovar a organização socioespacial do reino do Kualunga, cuja resistência marcou a história do Amboim.</p>
<p>PALAVRAS-CHAVE: Geopolítica da língua, Kwanza Sul, Amboim, Gabela, Cultura.</p>
<p>RECONHECIMENTO: A presente comunicação baseia-se na informação contida no livro AMBOIM: Identidade Cultural, Resistência à Ocupação Colonial e a Guerra de 1961, da autoria de Vasco Catala e Job Francisco, que explora a história e a resistência do Amboim face ao colonialismo português e os seus impactos culturais.</p>
