{"id":6598,"date":"2024-09-29T23:57:09","date_gmt":"2024-09-29T21:57:09","guid":{"rendered":"https:\/\/redestudiosafricanos.org\/?post_type=comunicacion&#038;p=6598"},"modified":"2024-10-07T11:42:02","modified_gmt":"2024-10-07T09:42:02","slug":"desmantellant-la-monusco-praxi-descolonial-al-kivu-nord","status":"publish","type":"comunicacion","link":"https:\/\/redestudiosafricanos.org\/en\/comunicacion\/desmantellant-la-monusco-praxi-descolonial-al-kivu-nord\/","title":{"rendered":"Desmantellant la MONUSCO: praxi descolonial al Kivu Nord"},"content":{"rendered":"<p>Un dels principals debats dels Estudis Cr\u00edtics de Pau i Conflictes aborda les estrat\u00e8gies de les Nacions Unides a l\u2019hora de cooptar termes postliberals com un afany per a guanyar legitimitat. Tanmateix, prenent d\u2019exemple l\u2019estudi de cas congol\u00e8s, aquests intents han estat en va. L\u2019onada de protestes contra la Missi\u00f3 d\u2019Estabilitzaci\u00f3 de les Nacions Unides a la Rep\u00fablica Democr\u00e0tica del Congo (MONUSCO) posa de manifest el frac\u00e0s del seu mandat de l\u2019any 2000 (l\u2019aleshores MONUC), que tenia com a objectiu protegir la societat civil de la viol\u00e8ncia dels grups armats.<br \/>\nDe 2019 en\u00e7\u00e0 acusacions per la p\u00e8rdua de control en l\u2019escalada de viol\u00e8ncia provocada per les Allied Democratic Forces (ADF), d\u2019Uganda. I des de 2020 per ser incapa\u00e7 de frenar l\u2019actual invasi\u00f3 dels rebels ruandesos, el Movement 23 Mars (M23), a la prov\u00edncia del Kivu Nord. Un territori on l\u2019any 2012 ja van prendre el control de la capital, Goma (Weenink, 2022). L\u2019auge de la viol\u00e8ncia ha deslegitimat la MONUSCO fins a tal punt que el Consell de Seguretat ha adoptat un\u00e0nimement la resoluci\u00f3 2717(2023) per la seva retirada al desembre de 2024. <br \/>\nM\u00e9s enll\u00e0 de les tensions actuals sobre el seu ritme i efectivitat, les protestes han forjat espais de contestaci\u00f3 que han contribu\u00eft al desmantellament de la MONUSCO al Kivu Sud i a la den\u00fancia d\u2019inger\u00e8ncies i complicitats regionals i internacionals. Lutte Pour le Changement (LUCHA), un moviment social apartidista de marcat car\u00e0cter pacifista (Mwendike, 2022), ha fet crides a la mobilitzaci\u00f3 i ha portat a terme accions de resist\u00e8ncia. L\u2019actual factor diferencial \u00e9s que una part de la societat congolesa est\u00e0 proposant maneres alternatives de viure la \u2018pau decolonial\u2019 (Cruz, 2021) mitjan\u00e7ant l\u2019art, l\u2019activisme i l\u2019educaci\u00f3. La recerca explora la conting\u00e8ncia d\u2019aquesta praxi descolonial en la reapropiaci\u00f3 de la terra i la lluita congolesa per la pau.<\/p>\n","protected":false},"author":1102,"featured_media":0,"template":"","meta":{"_acf_changed":false,"_et_pb_use_builder":"","_et_pb_old_content":"","_et_gb_content_width":"","footnotes":""},"ciea":[87],"class_list":["post-6598","comunicacion","type-comunicacion","status-publish","hentry","ciea-ciea12"],"acf":[],"_links":{"self":[{"href":"https:\/\/redestudiosafricanos.org\/en\/wp-json\/wp\/v2\/comunicacion\/6598","targetHints":{"allow":["GET"]}}],"collection":[{"href":"https:\/\/redestudiosafricanos.org\/en\/wp-json\/wp\/v2\/comunicacion"}],"about":[{"href":"https:\/\/redestudiosafricanos.org\/en\/wp-json\/wp\/v2\/types\/comunicacion"}],"author":[{"embeddable":true,"href":"https:\/\/redestudiosafricanos.org\/en\/wp-json\/wp\/v2\/users\/1102"}],"version-history":[{"count":1,"href":"https:\/\/redestudiosafricanos.org\/en\/wp-json\/wp\/v2\/comunicacion\/6598\/revisions"}],"predecessor-version":[{"id":6599,"href":"https:\/\/redestudiosafricanos.org\/en\/wp-json\/wp\/v2\/comunicacion\/6598\/revisions\/6599"}],"wp:attachment":[{"href":"https:\/\/redestudiosafricanos.org\/en\/wp-json\/wp\/v2\/media?parent=6598"}],"wp:term":[{"taxonomy":"ciea","embeddable":true,"href":"https:\/\/redestudiosafricanos.org\/en\/wp-json\/wp\/v2\/ciea?post=6598"}],"curies":[{"name":"wp","href":"https:\/\/api.w.org\/{rel}","templated":true}]}}

<p>Un dels principals debats dels Estudis Crítics de Pau i Conflictes aborda les estratègies de les Nacions Unides a l’hora de cooptar termes postliberals com un afany per a guanyar legitimitat. Tanmateix, prenent d’exemple l’estudi de cas congolès, aquests intents han estat en va. L’onada de protestes contra la Missió d’Estabilització de les Nacions Unides a la República Democràtica del Congo (MONUSCO) posa de manifest el fracàs del seu mandat de l’any 2000 (l’aleshores MONUC), que tenia com a objectiu protegir la societat civil de la violència dels grups armats.<br />
De 2019 ençà acusacions per la pèrdua de control en l’escalada de violència provocada per les Allied Democratic Forces (ADF), d’Uganda. I des de 2020 per ser incapaç de frenar l’actual invasió dels rebels ruandesos, el Movement 23 Mars (M23), a la província del Kivu Nord. Un territori on l’any 2012 ja van prendre el control de la capital, Goma (Weenink, 2022). L’auge de la violència ha deslegitimat la MONUSCO fins a tal punt que el Consell de Seguretat ha adoptat unànimement la resolució 2717(2023) per la seva retirada al desembre de 2024. <br />
Més enllà de les tensions actuals sobre el seu ritme i efectivitat, les protestes han forjat espais de contestació que han contribuït al desmantellament de la MONUSCO al Kivu Sud i a la denúncia d’ingerències i complicitats regionals i internacionals. Lutte Pour le Changement (LUCHA), un moviment social apartidista de marcat caràcter pacifista (Mwendike, 2022), ha fet crides a la mobilització i ha portat a terme accions de resistència. L’actual factor diferencial és que una part de la societat congolesa està proposant maneres alternatives de viure la ‘pau decolonial’ (Cruz, 2021) mitjançant l’art, l’activisme i l’educació. La recerca explora la contingència d’aquesta praxi descolonial en la reapropiació de la terra i la lluita congolesa per la pau.</p>
