{"id":6632,"date":"2024-09-30T11:13:12","date_gmt":"2024-09-30T09:13:12","guid":{"rendered":"https:\/\/redestudiosafricanos.org\/?post_type=comunicacion&#038;p=6632"},"modified":"2024-10-06T13:53:37","modified_gmt":"2024-10-06T11:53:37","slug":"el-derecho-a-la-inmovilidad-humana-en-africa-frente-a-la-necropolitica-migratoria-y-su-externalizacion","status":"publish","type":"comunicacion","link":"https:\/\/redestudiosafricanos.org\/en\/comunicacion\/el-derecho-a-la-inmovilidad-humana-en-africa-frente-a-la-necropolitica-migratoria-y-su-externalizacion\/","title":{"rendered":"El derecho a la (in)movilidad humana en \u00c1frica frente a la necropol\u00edtica migratoria y su externalizaci\u00f3n"},"content":{"rendered":"<p>Una de las profundas herencias de la colonizaci\u00f3n, de la pugna por \u00c1frica en el siglo XIX y del resultante trazado de sus fronteras a lo largo de las l\u00edneas coloniales es el haber convertido el continente africano en un espacio carcelario, una penitenciar\u00eda de masas y a cada africano\/a negro\/a en un emigrante ilegal en potencia, incapaz de desplazarse salvo en condiciones cada vez m\u00e1s punitivas. Desde entonces, ser africano y ser negro significa ser relegado a uno u otro de los numerosos espacios de confinamiento inventados por la modernidad y sus imparables din\u00e1micas capitalistas y racistas; significa, en todo caso, ser despojado a la vez del derecho a la movilidad y del derecho a la inmovilidad (el de permanecer y vivir en paz y dignidad en su propia tierra). No en vano las luchas africanas y diasp\u00f3ricas por la libertad y la autodeterminaci\u00f3n siempre han estado entrelazadas con la aspiraci\u00f3n a moverse y establecerse sin cadenas. <br \/>\nSobre la base de lo anterior y utilizando el enfoque anal\u00edtico de los derechos humanos y de los pueblos, la presente contribuci\u00f3n persigue calibrar la envergadura de la iniciativa impulsada por la Uni\u00f3n Africana, en 2018, en materia de libre circulaci\u00f3n de personas, derecho de residencia y derecho de establecimiento. Se esfuerza por examinar hasta qu\u00e9 punto esta iniciativa configura una pol\u00edtica migratoria internacional centrada en los pueblos africanos y supone una ruptura con el paradigma occidental dominante (necropol\u00edtica migratoria). Y avanza la conclusi\u00f3n seg\u00fan la cual la exitosa implementaci\u00f3n de dicha pol\u00edtica permitir\u00eda a los\/as africanos\/as y afrodescendientes de todo el mundo romper las cadenas, desplazarse sin trabas a trav\u00e9s de las fronteras coloniales y establecerse donde deseen, dentro de su colosal continente.<\/p>\n","protected":false},"author":1101,"featured_media":0,"template":"","meta":{"_acf_changed":false,"_et_pb_use_builder":"","_et_pb_old_content":"","_et_gb_content_width":"","footnotes":""},"ciea":[87],"class_list":["post-6632","comunicacion","type-comunicacion","status-publish","hentry","ciea-ciea12"],"acf":[],"_links":{"self":[{"href":"https:\/\/redestudiosafricanos.org\/en\/wp-json\/wp\/v2\/comunicacion\/6632","targetHints":{"allow":["GET"]}}],"collection":[{"href":"https:\/\/redestudiosafricanos.org\/en\/wp-json\/wp\/v2\/comunicacion"}],"about":[{"href":"https:\/\/redestudiosafricanos.org\/en\/wp-json\/wp\/v2\/types\/comunicacion"}],"author":[{"embeddable":true,"href":"https:\/\/redestudiosafricanos.org\/en\/wp-json\/wp\/v2\/users\/1101"}],"version-history":[{"count":1,"href":"https:\/\/redestudiosafricanos.org\/en\/wp-json\/wp\/v2\/comunicacion\/6632\/revisions"}],"predecessor-version":[{"id":6633,"href":"https:\/\/redestudiosafricanos.org\/en\/wp-json\/wp\/v2\/comunicacion\/6632\/revisions\/6633"}],"wp:attachment":[{"href":"https:\/\/redestudiosafricanos.org\/en\/wp-json\/wp\/v2\/media?parent=6632"}],"wp:term":[{"taxonomy":"ciea","embeddable":true,"href":"https:\/\/redestudiosafricanos.org\/en\/wp-json\/wp\/v2\/ciea?post=6632"}],"curies":[{"name":"wp","href":"https:\/\/api.w.org\/{rel}","templated":true}]}}

El derecho a la (in)movilidad humana en África frente a la necropolítica migratoria y su externalización

<p>Una de las profundas herencias de la colonización, de la pugna por África en el siglo XIX y del resultante trazado de sus fronteras a lo largo de las líneas coloniales es el haber convertido el continente africano en un espacio carcelario, una penitenciaría de masas y a cada africano/a negro/a en un emigrante ilegal en potencia, incapaz de desplazarse salvo en condiciones cada vez más punitivas. Desde entonces, ser africano y ser negro significa ser relegado a uno u otro de los numerosos espacios de confinamiento inventados por la modernidad y sus imparables dinámicas capitalistas y racistas; significa, en todo caso, ser despojado a la vez del derecho a la movilidad y del derecho a la inmovilidad (el de permanecer y vivir en paz y dignidad en su propia tierra). No en vano las luchas africanas y diaspóricas por la libertad y la autodeterminación siempre han estado entrelazadas con la aspiración a moverse y establecerse sin cadenas. <br />
Sobre la base de lo anterior y utilizando el enfoque analítico de los derechos humanos y de los pueblos, la presente contribución persigue calibrar la envergadura de la iniciativa impulsada por la Unión Africana, en 2018, en materia de libre circulación de personas, derecho de residencia y derecho de establecimiento. Se esfuerza por examinar hasta qué punto esta iniciativa configura una política migratoria internacional centrada en los pueblos africanos y supone una ruptura con el paradigma occidental dominante (necropolítica migratoria). Y avanza la conclusión según la cual la exitosa implementación de dicha política permitiría a los/as africanos/as y afrodescendientes de todo el mundo romper las cadenas, desplazarse sin trabas a través de las fronteras coloniales y establecerse donde deseen, dentro de su colosal continente.</p>
