{"id":6642,"date":"2024-09-30T12:19:43","date_gmt":"2024-09-30T10:19:43","guid":{"rendered":"https:\/\/redestudiosafricanos.org\/?post_type=comunicacion&#038;p=6642"},"modified":"2024-10-07T11:42:05","modified_gmt":"2024-10-07T09:42:05","slug":"el-archipielago-canario-frontera-imperial-de-europa-en-el-noroeste-africano","status":"publish","type":"comunicacion","link":"https:\/\/redestudiosafricanos.org\/en\/comunicacion\/el-archipielago-canario-frontera-imperial-de-europa-en-el-noroeste-africano\/","title":{"rendered":"El archipi\u00e9lago canario: frontera imperial de Europa en el noroeste africano"},"content":{"rendered":"<p>A Canarias le ha sido negada su africanidad a pesar de haber sido durante siglos frontera imperial de Europa en el oeste africano. Parad\u00f3jicamente, el papel jugado por el archipi\u00e9lago en su realidad regional le ha impedido reconocerse como parte de ella. A trav\u00e9s del an\u00e1lisis de la bibliograf\u00eda disponible sobre las relaciones entre las Islas y el continente, esta comunicaci\u00f3n eval\u00faa los efectos de dicha negaci\u00f3n. Desde el punto de vista descolonial, se concluye afirmando que el Archipi\u00e9lago, pese a sus v\u00ednculos con Occidente, puede reconocerse en la pluralidad pol\u00edtica, cultural y epist\u00e9mica africana cuando esta es analizada desde su complejidad.<\/p>\n","protected":false},"author":107,"featured_media":0,"template":"","meta":{"_acf_changed":false,"_et_pb_use_builder":"","_et_pb_old_content":"","_et_gb_content_width":"","footnotes":""},"ciea":[87],"class_list":["post-6642","comunicacion","type-comunicacion","status-publish","hentry","ciea-ciea12"],"acf":[],"_links":{"self":[{"href":"https:\/\/redestudiosafricanos.org\/en\/wp-json\/wp\/v2\/comunicacion\/6642","targetHints":{"allow":["GET"]}}],"collection":[{"href":"https:\/\/redestudiosafricanos.org\/en\/wp-json\/wp\/v2\/comunicacion"}],"about":[{"href":"https:\/\/redestudiosafricanos.org\/en\/wp-json\/wp\/v2\/types\/comunicacion"}],"author":[{"embeddable":true,"href":"https:\/\/redestudiosafricanos.org\/en\/wp-json\/wp\/v2\/users\/107"}],"version-history":[{"count":1,"href":"https:\/\/redestudiosafricanos.org\/en\/wp-json\/wp\/v2\/comunicacion\/6642\/revisions"}],"predecessor-version":[{"id":6643,"href":"https:\/\/redestudiosafricanos.org\/en\/wp-json\/wp\/v2\/comunicacion\/6642\/revisions\/6643"}],"wp:attachment":[{"href":"https:\/\/redestudiosafricanos.org\/en\/wp-json\/wp\/v2\/media?parent=6642"}],"wp:term":[{"taxonomy":"ciea","embeddable":true,"href":"https:\/\/redestudiosafricanos.org\/en\/wp-json\/wp\/v2\/ciea?post=6642"}],"curies":[{"name":"wp","href":"https:\/\/api.w.org\/{rel}","templated":true}]}}

El archipiélago canario: frontera imperial de Europa en el noroeste africano

<p>A Canarias le ha sido negada su africanidad a pesar de haber sido durante siglos frontera imperial de Europa en el oeste africano. Paradójicamente, el papel jugado por el archipiélago en su realidad regional le ha impedido reconocerse como parte de ella. A través del análisis de la bibliografía disponible sobre las relaciones entre las Islas y el continente, esta comunicación evalúa los efectos de dicha negación. Desde el punto de vista descolonial, se concluye afirmando que el Archipiélago, pese a sus vínculos con Occidente, puede reconocerse en la pluralidad política, cultural y epistémica africana cuando esta es analizada desde su complejidad.</p>
