{"id":6682,"date":"2024-09-30T16:20:43","date_gmt":"2024-09-30T14:20:43","guid":{"rendered":"https:\/\/redestudiosafricanos.org\/?post_type=comunicacion&#038;p=6682"},"modified":"2024-10-07T10:22:54","modified_gmt":"2024-10-07T08:22:54","slug":"diaspora-cabo-verdiana-em-portugal-e-no-brasil-aspectos-antigos-e-contemporaneos-sobre-um-tema-constante","status":"publish","type":"comunicacion","link":"https:\/\/redestudiosafricanos.org\/en\/comunicacion\/diaspora-cabo-verdiana-em-portugal-e-no-brasil-aspectos-antigos-e-contemporaneos-sobre-um-tema-constante\/","title":{"rendered":"DI\u00c1SPORA CABO-VERDIANA EM PORTUGAL E NO BRASIL: ASPECTOS ANTIGOS E CONTEMPOR\u00c2NEOS SOBRE UM TEMA CONSTANTE"},"content":{"rendered":"<p>Esta comunica\u00e7\u00e3o contempla a tem\u00e1tica da di\u00e1spora cabo-verdiana no Brasil e em Portugal sob a perspectiva da Lingu\u00edstica do Contato, da Crioul\u00edstica e da Sociolingu\u00edstica. Trata-se de um estudo explorat\u00f3rio que inaugura os estudos sobre a di\u00e1spora cabo-verdiana na Universidade de Bras\u00edlia (UnB). Pretendemos dar a conhecer estudos em diversas \u00e1reas, via pesquisa digital e bibliogr\u00e1fica, em sites de universidades cabo-verdianas, portuguesas e brasileiras, em artigos, teses e disserta\u00e7\u00f5es que versem sobre o estado de coisas  desse fen\u00f4meno do fluxo migrat\u00f3rio constante de Cabo Verde para o mundo.  Embora a di\u00e1spora seja determinante na vida dos cabo-verdianos, ainda h\u00e1 poucos estudos realizados por pesquisadores cabo-verdianos que vivem essa realidade em fun\u00e7\u00e3o do trabalho ou do estudo em outros pa\u00edses. Por isso, entendemos ser de extrema import\u00e2ncia e urg\u00eancia que pesquisadores cabo-verdianos elaborem quest\u00f5es sobre a di\u00e1spora que consigam atrair e  conjugar olhares estrangeiros e naturais, bem como perspectivas de \u00e1reas multidisciplinares para ampliarem o entendimento a respeito dos aspectos hist\u00f3ricos, sociais e pol\u00edticos que fomentam a di\u00e1spora cabo-verdiana pelo mundo e os aspectos culturais e lingu\u00edsticos que mant\u00e9m os imigrantes unidos fora das ilhas. Nesse contexto, os objetivos centrais deste estudo s\u00e3o (1) explorar o fundo s\u00f3cio-hist\u00f3rico motivador das migra\u00e7\u00f5es ou mobilidades para identificar quem s\u00e3o os emigrantes de Cabo Verde, qual a dire\u00e7\u00e3o antiga e atual das emigra\u00e7\u00f5es, qual o valor social e a import\u00e2ncia que esse movimento adquire dentro e fora das ilhas;  (2) investigar como os caboverdianos, em Portugal e no Brasil, vivem, pensam e influenciam pol\u00edtica, social e culturalmente o arquip\u00e9lago, destacando o modo como retornam  e qual sua rela\u00e7\u00e3o com a identidade lingu\u00edstica e cultural crioula e (3) realizar um estudo comparativo entre a di\u00e1spora para Portugal e para o Brasil. As refer\u00eancias b\u00e1sicas para este trabalho, entre outros, ser\u00e3o Carreira (1972) e Duarte (2024).<\/p>\n","protected":false},"author":1341,"featured_media":0,"template":"","meta":{"_acf_changed":false,"_et_pb_use_builder":"","_et_pb_old_content":"","_et_gb_content_width":"","footnotes":""},"ciea":[87],"class_list":["post-6682","comunicacion","type-comunicacion","status-publish","hentry","ciea-ciea12"],"acf":[],"_links":{"self":[{"href":"https:\/\/redestudiosafricanos.org\/en\/wp-json\/wp\/v2\/comunicacion\/6682","targetHints":{"allow":["GET"]}}],"collection":[{"href":"https:\/\/redestudiosafricanos.org\/en\/wp-json\/wp\/v2\/comunicacion"}],"about":[{"href":"https:\/\/redestudiosafricanos.org\/en\/wp-json\/wp\/v2\/types\/comunicacion"}],"author":[{"embeddable":true,"href":"https:\/\/redestudiosafricanos.org\/en\/wp-json\/wp\/v2\/users\/1341"}],"version-history":[{"count":1,"href":"https:\/\/redestudiosafricanos.org\/en\/wp-json\/wp\/v2\/comunicacion\/6682\/revisions"}],"predecessor-version":[{"id":6683,"href":"https:\/\/redestudiosafricanos.org\/en\/wp-json\/wp\/v2\/comunicacion\/6682\/revisions\/6683"}],"wp:attachment":[{"href":"https:\/\/redestudiosafricanos.org\/en\/wp-json\/wp\/v2\/media?parent=6682"}],"wp:term":[{"taxonomy":"ciea","embeddable":true,"href":"https:\/\/redestudiosafricanos.org\/en\/wp-json\/wp\/v2\/ciea?post=6682"}],"curies":[{"name":"wp","href":"https:\/\/api.w.org\/{rel}","templated":true}]}}

DIÁSPORA CABO-VERDIANA EM PORTUGAL E NO BRASIL: ASPECTOS ANTIGOS E CONTEMPORÂNEOS SOBRE UM TEMA CONSTANTE

<p>Esta comunicação contempla a temática da diáspora cabo-verdiana no Brasil e em Portugal sob a perspectiva da Linguística do Contato, da Crioulística e da Sociolinguística. Trata-se de um estudo exploratório que inaugura os estudos sobre a diáspora cabo-verdiana na Universidade de Brasília (UnB). Pretendemos dar a conhecer estudos em diversas áreas, via pesquisa digital e bibliográfica, em sites de universidades cabo-verdianas, portuguesas e brasileiras, em artigos, teses e dissertações que versem sobre o estado de coisas  desse fenômeno do fluxo migratório constante de Cabo Verde para o mundo.  Embora a diáspora seja determinante na vida dos cabo-verdianos, ainda há poucos estudos realizados por pesquisadores cabo-verdianos que vivem essa realidade em função do trabalho ou do estudo em outros países. Por isso, entendemos ser de extrema importância e urgência que pesquisadores cabo-verdianos elaborem questões sobre a diáspora que consigam atrair e  conjugar olhares estrangeiros e naturais, bem como perspectivas de áreas multidisciplinares para ampliarem o entendimento a respeito dos aspectos históricos, sociais e políticos que fomentam a diáspora cabo-verdiana pelo mundo e os aspectos culturais e linguísticos que mantém os imigrantes unidos fora das ilhas. Nesse contexto, os objetivos centrais deste estudo são (1) explorar o fundo sócio-histórico motivador das migrações ou mobilidades para identificar quem são os emigrantes de Cabo Verde, qual a direção antiga e atual das emigrações, qual o valor social e a importância que esse movimento adquire dentro e fora das ilhas;  (2) investigar como os caboverdianos, em Portugal e no Brasil, vivem, pensam e influenciam política, social e culturalmente o arquipélago, destacando o modo como retornam  e qual sua relação com a identidade linguística e cultural crioula e (3) realizar um estudo comparativo entre a diáspora para Portugal e para o Brasil. As referências básicas para este trabalho, entre outros, serão Carreira (1972) e Duarte (2024).</p>
