{"id":6684,"date":"2024-09-30T16:23:15","date_gmt":"2024-09-30T14:23:15","guid":{"rendered":"https:\/\/redestudiosafricanos.org\/?post_type=comunicacion&#038;p=6684"},"modified":"2024-10-07T11:41:50","modified_gmt":"2024-10-07T09:41:50","slug":"do-atlantico-para-o-indo-pacifico-a-cplp-como-mecanismo-de-projecao-estrategica-portuguesa","status":"publish","type":"comunicacion","link":"https:\/\/redestudiosafricanos.org\/en\/comunicacion\/do-atlantico-para-o-indo-pacifico-a-cplp-como-mecanismo-de-projecao-estrategica-portuguesa\/","title":{"rendered":"Do Atla\u0302ntico para o Indo-Paci\u0301fico: a CPLP como mecanismo de projec\u0327a\u0303o estrate\u0301gica portuguesa"},"content":{"rendered":"<p>O s\u00e9culo XXI demarca-se dos demais por uma revaloriza\u00e7\u00e3o gradativa das extens\u00f5es geopol\u00edticas e geoestrat\u00e9gicas atribu\u00eddas aos mares e oceanos, registando-se um decl\u00ednio relativo do Atl\u00e2ntico Norte em detrimento do Indo-Paci\u0301fico, onde um regionalismo emergente permite concentrar o debate sobre a seguran\u00e7a internacional entre os principais atores detentores dos convencionais indicadores agregados de poder. Deste modo, a fim de participar nos processos de tomada de decis\u00e3o inerentes, Portugal deve garantir um maior envolvimento nacional nos espa\u00e7os de di\u00e1logo multilaterais com inser\u00e7\u00e3o geopol\u00edtica regional, assumindo o continente africano particular preponder\u00e2ncia para o efeito. <br \/>\nNeste sentido, a Comunidade dos Pa\u00edses de L\u00edngua Portuguesa (CPLP) \u2013 da qual Portugal \u00e9 membro-fundador \u2013 adquire especial destaque pela sua concerta\u00e7\u00e3o pol\u00edtico-diplom\u00e1tica e a sua afirma\u00e7\u00e3o estrat\u00e9gica no sistema internacional, sendo ainda constitu\u00edda por alguns Estados cujas fronteiras abrangem a regi\u00e3o referida (Mo\u00e7ambique e Timor-Leste). A sua import\u00e2ncia geoestrat\u00e9gica \u00e9 tamb\u00e9m refor\u00e7ada pelo seu car\u00e1cter multidisciplinar de interven\u00e7\u00e3o e pelo acompanhamento feito por um conjunto de Estados asi\u00e1ticos, que a frequentam sob o estatuto de membros observadores a fim de contribu\u00edrem para o objetivo geral comum de rentabilizar as sinergias resultantes da integra\u00e7\u00e3o da organiza\u00e7\u00e3o em todos os blocos regionais, num contexto de mundializa\u00e7\u00e3o. <br \/>\nDesta forma, a presente comunica\u00e7\u00e3o faz uso de uma abordagem qualitativa e recorre \u00e0 an\u00e1lise documental de fontes prim\u00e1rias, secund\u00e1rias e de imprensa, para demonstrar a potencialidade da CPLP enquanto mecanismo mediante o qual Portugal se poder\u00e1 projetar estrategicamente para o Indo-Paci\u0301fico. Para tal, prop\u00f5e-se o refor\u00e7o da coopera\u00e7\u00e3o de Portugal no dom\u00ednio da seguran\u00e7a e defesa da CPLP com dois dos Estados asi\u00e1ticos que nela participam e que possuem fortes liga\u00e7\u00f5es lus\u00f3fonas \u2013 o Jap\u00e3o e a \u00cdndia \u2013 contribuindo assim para os objetivos estrat\u00e9gicos da pol\u00edtica externa portuguesa mediante uma componente que lhe e\u0301 estruturante: a coopera\u00e7\u00e3o bi-multilateral.<\/p>\n","protected":false},"author":1318,"featured_media":0,"template":"","meta":{"_acf_changed":false,"_et_pb_use_builder":"","_et_pb_old_content":"","_et_gb_content_width":"","footnotes":""},"ciea":[87],"class_list":["post-6684","comunicacion","type-comunicacion","status-publish","hentry","ciea-ciea12"],"acf":[],"_links":{"self":[{"href":"https:\/\/redestudiosafricanos.org\/en\/wp-json\/wp\/v2\/comunicacion\/6684","targetHints":{"allow":["GET"]}}],"collection":[{"href":"https:\/\/redestudiosafricanos.org\/en\/wp-json\/wp\/v2\/comunicacion"}],"about":[{"href":"https:\/\/redestudiosafricanos.org\/en\/wp-json\/wp\/v2\/types\/comunicacion"}],"author":[{"embeddable":true,"href":"https:\/\/redestudiosafricanos.org\/en\/wp-json\/wp\/v2\/users\/1318"}],"version-history":[{"count":3,"href":"https:\/\/redestudiosafricanos.org\/en\/wp-json\/wp\/v2\/comunicacion\/6684\/revisions"}],"predecessor-version":[{"id":6687,"href":"https:\/\/redestudiosafricanos.org\/en\/wp-json\/wp\/v2\/comunicacion\/6684\/revisions\/6687"}],"wp:attachment":[{"href":"https:\/\/redestudiosafricanos.org\/en\/wp-json\/wp\/v2\/media?parent=6684"}],"wp:term":[{"taxonomy":"ciea","embeddable":true,"href":"https:\/\/redestudiosafricanos.org\/en\/wp-json\/wp\/v2\/ciea?post=6684"}],"curies":[{"name":"wp","href":"https:\/\/api.w.org\/{rel}","templated":true}]}}

<p>O século XXI demarca-se dos demais por uma revalorização gradativa das extensões geopolíticas e geoestratégicas atribuídas aos mares e oceanos, registando-se um declínio relativo do Atlântico Norte em detrimento do Indo-Pacífico, onde um regionalismo emergente permite concentrar o debate sobre a segurança internacional entre os principais atores detentores dos convencionais indicadores agregados de poder. Deste modo, a fim de participar nos processos de tomada de decisão inerentes, Portugal deve garantir um maior envolvimento nacional nos espaços de diálogo multilaterais com inserção geopolítica regional, assumindo o continente africano particular preponderância para o efeito. <br />
Neste sentido, a Comunidade dos Países de Língua Portuguesa (CPLP) – da qual Portugal é membro-fundador – adquire especial destaque pela sua concertação político-diplomática e a sua afirmação estratégica no sistema internacional, sendo ainda constituída por alguns Estados cujas fronteiras abrangem a região referida (Moçambique e Timor-Leste). A sua importância geoestratégica é também reforçada pelo seu carácter multidisciplinar de intervenção e pelo acompanhamento feito por um conjunto de Estados asiáticos, que a frequentam sob o estatuto de membros observadores a fim de contribuírem para o objetivo geral comum de rentabilizar as sinergias resultantes da integração da organização em todos os blocos regionais, num contexto de mundialização. <br />
Desta forma, a presente comunicação faz uso de uma abordagem qualitativa e recorre à análise documental de fontes primárias, secundárias e de imprensa, para demonstrar a potencialidade da CPLP enquanto mecanismo mediante o qual Portugal se poderá projetar estrategicamente para o Indo-Pacífico. Para tal, propõe-se o reforço da cooperação de Portugal no domínio da segurança e defesa da CPLP com dois dos Estados asiáticos que nela participam e que possuem fortes ligações lusófonas – o Japão e a Índia – contribuindo assim para os objetivos estratégicos da política externa portuguesa mediante uma componente que lhe é estruturante: a cooperação bi-multilateral.</p>
