{"id":6704,"date":"2024-09-30T17:37:52","date_gmt":"2024-09-30T15:37:52","guid":{"rendered":"https:\/\/redestudiosafricanos.org\/?post_type=comunicacion&#038;p=6704"},"modified":"2024-10-07T11:42:01","modified_gmt":"2024-10-07T09:42:01","slug":"i-semana-internacional-de-humanidades-da-unilab-espaco-decolonial-da-exercicio-das-africanidades-na-redencao-ceara-brasil","status":"publish","type":"comunicacion","link":"https:\/\/redestudiosafricanos.org\/en\/comunicacion\/i-semana-internacional-de-humanidades-da-unilab-espaco-decolonial-da-exercicio-das-africanidades-na-redencao-ceara-brasil\/","title":{"rendered":"I Semana Internacional de Humanidades da UNILAB: espa\u00e7o decolonial da exerc\u00edcio das africanidades na Reden\u00e7\u00e3o (Cear\u00e1-Brasil)"},"content":{"rendered":"<p>Em 2010 o governo federal do Brasil pressionado pelo movimento social negro cria a Universidade da Integra\u00e7\u00e3o Internacional da Lusofonia Afro-Brasileira, na primeira cidade do pa\u00eds que libertou as pessoas escravizadas, Reden\u00e7\u00e3o (Cear\u00e1-Brasil).Isto seria um exerc\u00edcio de repara\u00e7\u00e3o hist\u00f3rica \u00bfdo ocidente? pelo tr\u00e1fico de seres humanos negros no Atl\u00e2ntico (Paul Gilroy, 2001). <br \/>\n\u00bfO Brasil \u00e9 ocidente? certamente n\u00e3o, mas \u00e9 um espa\u00e7o produtor de conhecimentos, de facto, posiciona-se como uma periferia muito importante do sul (BRICS) em v\u00e1rios assuntos (ind\u00fastria, economia, cultura, etc.) e at\u00e9 como um centro, ultrapassando a sua antiga metr\u00f3pole (Lisboa), na gera\u00e7\u00e3o de epistemologias em geral e contracoloniais em particular (Ribeiro, Lins, etc.). <br \/>\nA UNILAB \u00e9 um espa\u00e7o de gera\u00e7\u00e3o de conhecimento afrodiasp\u00f3rico, com uma grande aceita\u00e7\u00e3o de discursos descoloniais. Desde a sua funda\u00e7\u00e3o, tem se destacado das demais universidades federais, estabelecendo-se como aquela que pode n\u00e3o apenas aparecer, sen\u00e3o ter uma alta valoriza\u00e7\u00e3o dos discursos diasp\u00f3ricos. A I Semana Internacional de Humanidades da UNILAB decorreu de 26 a 30 de agosto 2024, o Instituto de Humanidades, dirigido pelo primeira doutora transexual do Brasil, Luma Nogueira de Andrade, quem foi a que organizou o evento onde estudantes africanos, quilombolas, ind\u00edgenas, ciganos, povos de terreiros de matriz africana, e LGTBIQAPN+ trabalharam envolvidos na integra\u00e7\u00e3o com 742 inscri\u00e7\u00f5es em comunica\u00e7\u00f5es orais (133: Internacional \u2013 62 e Nacional \u2013 71), apresenta\u00e7\u00f5es culturais (13: Internacional \u2013 4 e Nacional \u2013 9), minicursos (16: Internacional \u2013 5 e Nacional \u2013 11) e lan\u00e7amento de livros (10: Internacional \u2013 2 e Nacional \u2013 8). Os resultados desta comunica\u00e7\u00e3o e mostrar a integra\u00e7\u00e3o a partir da horizontalidade na gera\u00e7\u00e3o de conhecimento africano diasp\u00f3rico. Esta comunica\u00e7\u00e3o pretende partilhar a integra\u00e7\u00e3o de diferentes singularidades diasp\u00f3ricas africanas num territ\u00f3rio com elevada popula\u00e7\u00e3o negra, refletindo sobre estrat\u00e9gias contracoloniais, musicalidade e espa\u00e7os de resili\u00eancia universit\u00e1ria.<\/p>\n","protected":false},"author":1188,"featured_media":0,"template":"","meta":{"_acf_changed":false,"_et_pb_use_builder":"","_et_pb_old_content":"","_et_gb_content_width":"","footnotes":""},"ciea":[87],"class_list":["post-6704","comunicacion","type-comunicacion","status-publish","hentry","ciea-ciea12"],"acf":[],"_links":{"self":[{"href":"https:\/\/redestudiosafricanos.org\/en\/wp-json\/wp\/v2\/comunicacion\/6704","targetHints":{"allow":["GET"]}}],"collection":[{"href":"https:\/\/redestudiosafricanos.org\/en\/wp-json\/wp\/v2\/comunicacion"}],"about":[{"href":"https:\/\/redestudiosafricanos.org\/en\/wp-json\/wp\/v2\/types\/comunicacion"}],"author":[{"embeddable":true,"href":"https:\/\/redestudiosafricanos.org\/en\/wp-json\/wp\/v2\/users\/1188"}],"version-history":[{"count":1,"href":"https:\/\/redestudiosafricanos.org\/en\/wp-json\/wp\/v2\/comunicacion\/6704\/revisions"}],"predecessor-version":[{"id":6705,"href":"https:\/\/redestudiosafricanos.org\/en\/wp-json\/wp\/v2\/comunicacion\/6704\/revisions\/6705"}],"wp:attachment":[{"href":"https:\/\/redestudiosafricanos.org\/en\/wp-json\/wp\/v2\/media?parent=6704"}],"wp:term":[{"taxonomy":"ciea","embeddable":true,"href":"https:\/\/redestudiosafricanos.org\/en\/wp-json\/wp\/v2\/ciea?post=6704"}],"curies":[{"name":"wp","href":"https:\/\/api.w.org\/{rel}","templated":true}]}}

I Semana Internacional de Humanidades da UNILAB: espaço decolonial da exercício das africanidades na Redenção (Ceará-Brasil)

<p>Em 2010 o governo federal do Brasil pressionado pelo movimento social negro cria a Universidade da Integração Internacional da Lusofonia Afro-Brasileira, na primeira cidade do país que libertou as pessoas escravizadas, Redenção (Ceará-Brasil).Isto seria um exercício de reparação histórica ¿do ocidente? pelo tráfico de seres humanos negros no Atlântico (Paul Gilroy, 2001). <br />
¿O Brasil é ocidente? certamente não, mas é um espaço produtor de conhecimentos, de facto, posiciona-se como uma periferia muito importante do sul (BRICS) em vários assuntos (indústria, economia, cultura, etc.) e até como um centro, ultrapassando a sua antiga metrópole (Lisboa), na geração de epistemologias em geral e contracoloniais em particular (Ribeiro, Lins, etc.). <br />
A UNILAB é um espaço de geração de conhecimento afrodiaspórico, com uma grande aceitação de discursos descoloniais. Desde a sua fundação, tem se destacado das demais universidades federais, estabelecendo-se como aquela que pode não apenas aparecer, senão ter uma alta valorização dos discursos diaspóricos. A I Semana Internacional de Humanidades da UNILAB decorreu de 26 a 30 de agosto 2024, o Instituto de Humanidades, dirigido pelo primeira doutora transexual do Brasil, Luma Nogueira de Andrade, quem foi a que organizou o evento onde estudantes africanos, quilombolas, indígenas, ciganos, povos de terreiros de matriz africana, e LGTBIQAPN+ trabalharam envolvidos na integração com 742 inscrições em comunicações orais (133: Internacional – 62 e Nacional – 71), apresentações culturais (13: Internacional – 4 e Nacional – 9), minicursos (16: Internacional – 5 e Nacional – 11) e lançamento de livros (10: Internacional – 2 e Nacional – 8). Os resultados desta comunicação e mostrar a integração a partir da horizontalidade na geração de conhecimento africano diaspórico. Esta comunicação pretende partilhar a integração de diferentes singularidades diaspóricas africanas num território com elevada população negra, refletindo sobre estratégias contracoloniais, musicalidade e espaços de resiliência universitária.</p>
