{"id":6749,"date":"2024-09-30T20:57:47","date_gmt":"2024-09-30T18:57:47","guid":{"rendered":"https:\/\/redestudiosafricanos.org\/?post_type=comunicacion&#038;p=6749"},"modified":"2024-10-07T11:41:51","modified_gmt":"2024-10-07T09:41:51","slug":"actitudes-linguisticas-de-los-santotomenses-e-identidad","status":"publish","type":"comunicacion","link":"https:\/\/redestudiosafricanos.org\/en\/comunicacion\/actitudes-linguisticas-de-los-santotomenses-e-identidad\/","title":{"rendered":"Actitudes ling\u00fc\u00edsticas de los santotomenses e identidad"},"content":{"rendered":"<p>Actitudes ling\u00fc\u00edsticas de los santotomenses e identidad<\/p>\n<p>Salvador G. Ben\u00edtez Rodr\u00edguez<br \/>\nUniversidad de Las Palmas de Gran Canaria<br \/>\nsalvador.benitez@ulpgc.es<\/p>\n<p>Resumen: En el marco de las actitudes ling\u00fc\u00edsticas en la lusofon\u00eda, nos centramos en el estudio de las actitudes ling\u00fc\u00edsticas de los santotomenses para lo cual dise\u00f1amos un cuestionario que contempla las variables socioling\u00fc\u00edsticas de edad, sexo, procedencia, profesi\u00f3n, lugar de residencia y tipo, y que se llev\u00f3 a cabo con una muestra de m\u00e1s de una centena de informantes a trav\u00e9s de entrevistas durante las que se les requer\u00eda conocer sus niveles competenciales en lenguas, sus contextos de uso (m\u00fasica, redes sociales, entorno espiritual, formativo, laboral, social, \u00edntimo y dom\u00e9stico) y sus valoraciones en cuanto a las lenguas y a las actitudes de los usuarios. Los resultados reflejan una realidad que debe ser la base para el dise\u00f1o de pol\u00edticas ling\u00fc\u00edsticas que tengan como objetivo el fortalecimiento de las autoestimas ling\u00fc\u00edsticas en la b\u00fasqueda de una identidad santotomense decolonial.<br \/>\nAbstract:<br \/>\nWithin the framework of linguistic attitudes in Lusophony, we focus on the study of the linguistic attitudes of Santo Tomeans, for which we designed a questionnaire that includes the sociolinguistic variables of age, sex, origin, profession, place of residence and type, and which was carried out with a sample of more than a hundred informants through interviews during which they were required to know their levels of competence in languages, their contexts of use (music, social networks, spiritual environment, training, work, social , intimate and domestic) and their evaluations regarding the languages and attitudes of the users. The results reflect a reality that must be the basis for the design of linguistic policies that aim to strengthen linguistic self-esteem in the search for a decolonial Sao Tomean identity.<\/p>\n","protected":false},"author":1234,"featured_media":0,"template":"","meta":{"_acf_changed":false,"_et_pb_use_builder":"","_et_pb_old_content":"","_et_gb_content_width":"","footnotes":""},"ciea":[87],"class_list":["post-6749","comunicacion","type-comunicacion","status-publish","hentry","ciea-ciea12"],"acf":[],"_links":{"self":[{"href":"https:\/\/redestudiosafricanos.org\/en\/wp-json\/wp\/v2\/comunicacion\/6749","targetHints":{"allow":["GET"]}}],"collection":[{"href":"https:\/\/redestudiosafricanos.org\/en\/wp-json\/wp\/v2\/comunicacion"}],"about":[{"href":"https:\/\/redestudiosafricanos.org\/en\/wp-json\/wp\/v2\/types\/comunicacion"}],"author":[{"embeddable":true,"href":"https:\/\/redestudiosafricanos.org\/en\/wp-json\/wp\/v2\/users\/1234"}],"version-history":[{"count":1,"href":"https:\/\/redestudiosafricanos.org\/en\/wp-json\/wp\/v2\/comunicacion\/6749\/revisions"}],"predecessor-version":[{"id":6750,"href":"https:\/\/redestudiosafricanos.org\/en\/wp-json\/wp\/v2\/comunicacion\/6749\/revisions\/6750"}],"wp:attachment":[{"href":"https:\/\/redestudiosafricanos.org\/en\/wp-json\/wp\/v2\/media?parent=6749"}],"wp:term":[{"taxonomy":"ciea","embeddable":true,"href":"https:\/\/redestudiosafricanos.org\/en\/wp-json\/wp\/v2\/ciea?post=6749"}],"curies":[{"name":"wp","href":"https:\/\/api.w.org\/{rel}","templated":true}]}}

Actitudes lingüísticas de los santotomenses e identidad

<p>Actitudes lingüísticas de los santotomenses e identidad</p>
<p>Salvador G. Benítez Rodríguez<br />
Universidad de Las Palmas de Gran Canaria<br />
salvador.benitez@ulpgc.es</p>
<p>Resumen: En el marco de las actitudes lingüísticas en la lusofonía, nos centramos en el estudio de las actitudes lingüísticas de los santotomenses para lo cual diseñamos un cuestionario que contempla las variables sociolingüísticas de edad, sexo, procedencia, profesión, lugar de residencia y tipo, y que se llevó a cabo con una muestra de más de una centena de informantes a través de entrevistas durante las que se les requería conocer sus niveles competenciales en lenguas, sus contextos de uso (música, redes sociales, entorno espiritual, formativo, laboral, social, íntimo y doméstico) y sus valoraciones en cuanto a las lenguas y a las actitudes de los usuarios. Los resultados reflejan una realidad que debe ser la base para el diseño de políticas lingüísticas que tengan como objetivo el fortalecimiento de las autoestimas lingüísticas en la búsqueda de una identidad santotomense decolonial.<br />
Abstract:<br />
Within the framework of linguistic attitudes in Lusophony, we focus on the study of the linguistic attitudes of Santo Tomeans, for which we designed a questionnaire that includes the sociolinguistic variables of age, sex, origin, profession, place of residence and type, and which was carried out with a sample of more than a hundred informants through interviews during which they were required to know their levels of competence in languages, their contexts of use (music, social networks, spiritual environment, training, work, social , intimate and domestic) and their evaluations regarding the languages and attitudes of the users. The results reflect a reality that must be the basis for the design of linguistic policies that aim to strengthen linguistic self-esteem in the search for a decolonial Sao Tomean identity.</p>
