{"id":6779,"date":"2024-09-30T22:23:31","date_gmt":"2024-09-30T20:23:31","guid":{"rendered":"https:\/\/redestudiosafricanos.org\/?post_type=comunicacion&#038;p=6779"},"modified":"2024-10-07T11:37:24","modified_gmt":"2024-10-07T09:37:24","slug":"cartografia-de-la-cultura-intangible-negritud-epistemica-estilo-y-politica-de-representacion","status":"publish","type":"comunicacion","link":"https:\/\/redestudiosafricanos.org\/en\/comunicacion\/cartografia-de-la-cultura-intangible-negritud-epistemica-estilo-y-politica-de-representacion\/","title":{"rendered":"Cartograf\u00eda de la cultura intangible: negritud epist\u00e9mica, estilo y pol\u00edtica de representaci\u00f3n"},"content":{"rendered":"<p>La presentaci\u00f3n trae la perspectiva de los estudios afroepist\u00e9micos en torno a las pol\u00edticas de representaci\u00f3n, estilo y presentificaci\u00f3n en la cultura negra, cuyo hilo conductor es ser parte de la cartograf\u00eda de la identidad afrodescendiente, perfilando as\u00ed un patrimonio cultural intangible entre narrativas, dial\u00e9cticas. de identidades y agendas pol\u00edticas practicadas<br \/>\ncomo resistencia negra.<br \/>\nFundamentar las particularidades afroepist\u00e9micas en la cultura negra ayuda a comprender sus diferentes momentos donde la diversidad, alteridad y tolerancias, convergen como punto de encuentro de las diferencias, un espacio que presenta herramientas simb\u00f3licas en diferentes momentos de inserci\u00f3n, social y psicol\u00f3gica.<\/p>\n","protected":false},"author":1256,"featured_media":0,"template":"","meta":{"_acf_changed":false,"_et_pb_use_builder":"","_et_pb_old_content":"","_et_gb_content_width":"","footnotes":""},"ciea":[87],"class_list":["post-6779","comunicacion","type-comunicacion","status-publish","hentry","ciea-ciea12"],"acf":[],"_links":{"self":[{"href":"https:\/\/redestudiosafricanos.org\/en\/wp-json\/wp\/v2\/comunicacion\/6779","targetHints":{"allow":["GET"]}}],"collection":[{"href":"https:\/\/redestudiosafricanos.org\/en\/wp-json\/wp\/v2\/comunicacion"}],"about":[{"href":"https:\/\/redestudiosafricanos.org\/en\/wp-json\/wp\/v2\/types\/comunicacion"}],"author":[{"embeddable":true,"href":"https:\/\/redestudiosafricanos.org\/en\/wp-json\/wp\/v2\/users\/1256"}],"version-history":[{"count":1,"href":"https:\/\/redestudiosafricanos.org\/en\/wp-json\/wp\/v2\/comunicacion\/6779\/revisions"}],"predecessor-version":[{"id":6780,"href":"https:\/\/redestudiosafricanos.org\/en\/wp-json\/wp\/v2\/comunicacion\/6779\/revisions\/6780"}],"wp:attachment":[{"href":"https:\/\/redestudiosafricanos.org\/en\/wp-json\/wp\/v2\/media?parent=6779"}],"wp:term":[{"taxonomy":"ciea","embeddable":true,"href":"https:\/\/redestudiosafricanos.org\/en\/wp-json\/wp\/v2\/ciea?post=6779"}],"curies":[{"name":"wp","href":"https:\/\/api.w.org\/{rel}","templated":true}]}}

Cartografía de la cultura intangible: negritud epistémica, estilo y política de representación

<p>La presentación trae la perspectiva de los estudios afroepistémicos en torno a las políticas de representación, estilo y presentificación en la cultura negra, cuyo hilo conductor es ser parte de la cartografía de la identidad afrodescendiente, perfilando así un patrimonio cultural intangible entre narrativas, dialécticas. de identidades y agendas políticas practicadas<br />
como resistencia negra.<br />
Fundamentar las particularidades afroepistémicas en la cultura negra ayuda a comprender sus diferentes momentos donde la diversidad, alteridad y tolerancias, convergen como punto de encuentro de las diferencias, un espacio que presenta herramientas simbólicas en diferentes momentos de inserción, social y psicológica.</p>
