{"id":6785,"date":"2024-09-30T22:39:51","date_gmt":"2024-09-30T20:39:51","guid":{"rendered":"https:\/\/redestudiosafricanos.org\/?post_type=comunicacion&#038;p=6785"},"modified":"2024-10-07T11:41:58","modified_gmt":"2024-10-07T09:41:58","slug":"ciencia-e-colonialismo-em-portugal-e-suas-colonias-concepcao-e-circulacao-de-projetos-de-colonizacao","status":"publish","type":"comunicacion","link":"https:\/\/redestudiosafricanos.org\/en\/comunicacion\/ciencia-e-colonialismo-em-portugal-e-suas-colonias-concepcao-e-circulacao-de-projetos-de-colonizacao\/","title":{"rendered":"Ci\u00eancia e colonialismo em Portugal e suas col\u00f4nias: concep\u00e7\u00e3o e circula\u00e7\u00e3o de projetos de coloniza\u00e7\u00e3o"},"content":{"rendered":"<p>Essa comunica\u00e7\u00e3o comp\u00f5e parte da pesquisa de doutorado iniciada no ano de 2023, que tem como<br \/>\nobjetivo analisar o ecossistema intelectual de autores que produziram conhecimento sobre<br \/>\nra\u00e7a e coloniza\u00e7\u00e3o em Portugal na segunda metade do s\u00e9culo XIX.\u00a0 Esse universo era<br \/>\ncomposto por m\u00e9dicos, militares, ge\u00f3grafos, historiadores, te\u00f3logos, dentre outros. Esses<br \/>\nintelectuais escreviam de Portugal a partir de refer\u00eancias produzidas sobre o continente<br \/>\nafricano, como livros de viajantes e mission\u00e1rios, ou a partir da experi\u00eancia nas col\u00f4nias,<br \/>\natuando enquanto m\u00e9dicos, militares e pesquisadores. Alguns autores pregavam que a tarefa<br \/>\nde colonizar seria uma forma de restaurar a gl\u00f3ria de outrora dos homens portugueses a partir<br \/>\nda supera\u00e7\u00e3o dos perigos que o ambiente apresentava, outros acreditavam que a \u00c1frica era<br \/>\ncompletamente nociva aos corpos europeus, recha\u00e7ando a ideia de uma coloniza\u00e7\u00e3o de<br \/>\npovoamento. Os povos que habitavam o continente africano eram classificados a partir da<br \/>\nm\u00e9trica da diferen\u00e7a racial, mensurada e legitimada pelos pressupostos cient\u00edficos do per\u00edodo,<br \/>\natribuindo a eles caracter\u00edsticas e graus de desenvolvimento diferenciados. A partir da leitura,<br \/>\ncompara\u00e7\u00e3o e articula\u00e7\u00e3o de conceitos e refer\u00eancias presentes em uma diversidade de<br \/>\ndocumentos, procura-se trazer luz para as institui\u00e7\u00f5es, sujeitos e redes que possibilitaram que<br \/>\nesses textos fossem produzidos. O que se pretende \u00e9 analisar as interlocu\u00e7\u00f5es, cruzamentos,<br \/>\ntrocas e produ\u00e7\u00e3o de saberes, e perceber como o discurso de inferioridade racial atribu\u00edda aos<br \/>\npovos africanos circulava em diferentes espa\u00e7os de produ\u00e7\u00e3o de conhecimento. Com isso,<br \/>\ncontribuir para o debate de como o uso de teorias de hierarquias raciais foi usada para<br \/>\njustificar projetos de domina\u00e7\u00e3o no continente africano.<\/p>\n","protected":false},"author":1211,"featured_media":0,"template":"","meta":{"_acf_changed":false,"_et_pb_use_builder":"","_et_pb_old_content":"","_et_gb_content_width":"","footnotes":""},"ciea":[87],"class_list":["post-6785","comunicacion","type-comunicacion","status-publish","hentry","ciea-ciea12"],"acf":[],"_links":{"self":[{"href":"https:\/\/redestudiosafricanos.org\/en\/wp-json\/wp\/v2\/comunicacion\/6785","targetHints":{"allow":["GET"]}}],"collection":[{"href":"https:\/\/redestudiosafricanos.org\/en\/wp-json\/wp\/v2\/comunicacion"}],"about":[{"href":"https:\/\/redestudiosafricanos.org\/en\/wp-json\/wp\/v2\/types\/comunicacion"}],"author":[{"embeddable":true,"href":"https:\/\/redestudiosafricanos.org\/en\/wp-json\/wp\/v2\/users\/1211"}],"version-history":[{"count":1,"href":"https:\/\/redestudiosafricanos.org\/en\/wp-json\/wp\/v2\/comunicacion\/6785\/revisions"}],"predecessor-version":[{"id":6786,"href":"https:\/\/redestudiosafricanos.org\/en\/wp-json\/wp\/v2\/comunicacion\/6785\/revisions\/6786"}],"wp:attachment":[{"href":"https:\/\/redestudiosafricanos.org\/en\/wp-json\/wp\/v2\/media?parent=6785"}],"wp:term":[{"taxonomy":"ciea","embeddable":true,"href":"https:\/\/redestudiosafricanos.org\/en\/wp-json\/wp\/v2\/ciea?post=6785"}],"curies":[{"name":"wp","href":"https:\/\/api.w.org\/{rel}","templated":true}]}}

Ciência e colonialismo em Portugal e suas colônias: concepção e circulação de projetos de colonização

<p>Essa comunicação compõe parte da pesquisa de doutorado iniciada no ano de 2023, que tem como<br />
objetivo analisar o ecossistema intelectual de autores que produziram conhecimento sobre<br />
raça e colonização em Portugal na segunda metade do século XIX.  Esse universo era<br />
composto por médicos, militares, geógrafos, historiadores, teólogos, dentre outros. Esses<br />
intelectuais escreviam de Portugal a partir de referências produzidas sobre o continente<br />
africano, como livros de viajantes e missionários, ou a partir da experiência nas colônias,<br />
atuando enquanto médicos, militares e pesquisadores. Alguns autores pregavam que a tarefa<br />
de colonizar seria uma forma de restaurar a glória de outrora dos homens portugueses a partir<br />
da superação dos perigos que o ambiente apresentava, outros acreditavam que a África era<br />
completamente nociva aos corpos europeus, rechaçando a ideia de uma colonização de<br />
povoamento. Os povos que habitavam o continente africano eram classificados a partir da<br />
métrica da diferença racial, mensurada e legitimada pelos pressupostos científicos do período,<br />
atribuindo a eles características e graus de desenvolvimento diferenciados. A partir da leitura,<br />
comparação e articulação de conceitos e referências presentes em uma diversidade de<br />
documentos, procura-se trazer luz para as instituições, sujeitos e redes que possibilitaram que<br />
esses textos fossem produzidos. O que se pretende é analisar as interlocuções, cruzamentos,<br />
trocas e produção de saberes, e perceber como o discurso de inferioridade racial atribuída aos<br />
povos africanos circulava em diferentes espaços de produção de conhecimento. Com isso,<br />
contribuir para o debate de como o uso de teorias de hierarquias raciais foi usada para<br />
justificar projetos de dominação no continente africano.</p>
