{"id":6789,"date":"2024-09-30T22:48:27","date_gmt":"2024-09-30T20:48:27","guid":{"rendered":"https:\/\/redestudiosafricanos.org\/?post_type=comunicacion&#038;p=6789"},"modified":"2024-10-06T13:53:37","modified_gmt":"2024-10-06T11:53:37","slug":"la-violencia-como-elemento-estructural-de-la-gubernamentalidad-del-movimiento-de-personas-entre-africa-y-europa-hegemonia-colonialidad-y-espectaculo-en-la-frontera-racial","status":"publish","type":"comunicacion","link":"https:\/\/redestudiosafricanos.org\/en\/comunicacion\/la-violencia-como-elemento-estructural-de-la-gubernamentalidad-del-movimiento-de-personas-entre-africa-y-europa-hegemonia-colonialidad-y-espectaculo-en-la-frontera-racial\/","title":{"rendered":"La violencia como elemento estructural de la gubernamentalidad del movimiento de personas entre \u00c1frica y Europa: hegemon\u00eda, colonialidad y espect\u00e1culo en la frontera racial."},"content":{"rendered":"<p>Desde por lo menos tres d\u00e9cadas, la securitizaci\u00f3n de la cuesti\u00f3n migratoria ha ido impregnando cada vez m\u00e1s profundamente los discursos y las pr\u00e1cticas de la gubernamentalidad europea del movimiento de personas desde el continente africano.<br \/>\nEn dos d\u00e9cadas, el control fronterizo y la externalizaci\u00f3n del control migratorio hacia el continente africano se han transformado de un experimento pol\u00edtico algo improvisado a un modelo pol\u00edtico hegem\u00f3nico, un dogma aparentemente inamovible y sin alternativas, pese a la evidente inadecuaci\u00f3n de sus resultados. Adem\u00e1s de no reducir los flujos y de ampliar los mercados de los facilitadores de cruces fronterizos, esta pol\u00edtica ha producido un crecimiento exponencial de la violencia y de la muerte que emerge como un elemento estructural de esta, a pesar de querer minimizarla como un efecto colateral indeseado. Se ha consolidado as\u00ed una necropol\u00edtica extremadamente s\u00e1dica que se pone en muestra y se justifica por los espect\u00e1culos migratorios, estas representaciones cada vez m\u00e1s visibles de la violencia fronteriza que se apoyan en la colonialidad para generar denegar la humanidad al otro, el \u2018migrante\u2019 africano.<br \/>\nEsta l\u00f3gica (neo)colonial que refuerza la frontera racial, adem\u00e1s va permeando todos los estamentos de la pol\u00edtica migratoria y de fronteras en Europa cada vez m\u00e1s profundamente, incluyendo la cooperaci\u00f3n al desarrollo. Primero instrumentaliz\u00e1ndola para perseguir los objetivos de la pol\u00edtica migratoria, enseguida desarrollando la seguridad fronteriza de los pa\u00edses africanos en detrimento de sus sectores clave, para finalmente instaurar otro dogma, el de la resiliencia (frente a crisis ecol\u00f3gicas, clim\u00e1ticas, econ\u00f3micas y conflictos) como instrumento para imponer la inmovilidad de las poblaciones africanas.<br \/>\nA partir del estudio del caso espa\u00f1ol, pero situandolo en un contexto temporal y espacial amplio, esta comunicaci\u00f3n abordar\u00e1 las evoluciones recientes de la necropol\u00edtica fronteriza y de la externalizaci\u00f3n entre el estado espa\u00f1ol y los pa\u00edses del continente africano.<\/p>\n","protected":false},"author":1386,"featured_media":0,"template":"","meta":{"_acf_changed":false,"_et_pb_use_builder":"","_et_pb_old_content":"","_et_gb_content_width":"","footnotes":""},"ciea":[87],"class_list":["post-6789","comunicacion","type-comunicacion","status-publish","hentry","ciea-ciea12"],"acf":[],"_links":{"self":[{"href":"https:\/\/redestudiosafricanos.org\/en\/wp-json\/wp\/v2\/comunicacion\/6789","targetHints":{"allow":["GET"]}}],"collection":[{"href":"https:\/\/redestudiosafricanos.org\/en\/wp-json\/wp\/v2\/comunicacion"}],"about":[{"href":"https:\/\/redestudiosafricanos.org\/en\/wp-json\/wp\/v2\/types\/comunicacion"}],"author":[{"embeddable":true,"href":"https:\/\/redestudiosafricanos.org\/en\/wp-json\/wp\/v2\/users\/1386"}],"version-history":[{"count":1,"href":"https:\/\/redestudiosafricanos.org\/en\/wp-json\/wp\/v2\/comunicacion\/6789\/revisions"}],"predecessor-version":[{"id":6790,"href":"https:\/\/redestudiosafricanos.org\/en\/wp-json\/wp\/v2\/comunicacion\/6789\/revisions\/6790"}],"wp:attachment":[{"href":"https:\/\/redestudiosafricanos.org\/en\/wp-json\/wp\/v2\/media?parent=6789"}],"wp:term":[{"taxonomy":"ciea","embeddable":true,"href":"https:\/\/redestudiosafricanos.org\/en\/wp-json\/wp\/v2\/ciea?post=6789"}],"curies":[{"name":"wp","href":"https:\/\/api.w.org\/{rel}","templated":true}]}}

La violencia como elemento estructural de la gubernamentalidad del movimiento de personas entre África y Europa: hegemonía, colonialidad y espectáculo en la frontera racial.

<p>Desde por lo menos tres décadas, la securitización de la cuestión migratoria ha ido impregnando cada vez más profundamente los discursos y las prácticas de la gubernamentalidad europea del movimiento de personas desde el continente africano.<br />
En dos décadas, el control fronterizo y la externalización del control migratorio hacia el continente africano se han transformado de un experimento político algo improvisado a un modelo político hegemónico, un dogma aparentemente inamovible y sin alternativas, pese a la evidente inadecuación de sus resultados. Además de no reducir los flujos y de ampliar los mercados de los facilitadores de cruces fronterizos, esta política ha producido un crecimiento exponencial de la violencia y de la muerte que emerge como un elemento estructural de esta, a pesar de querer minimizarla como un efecto colateral indeseado. Se ha consolidado así una necropolítica extremadamente sádica que se pone en muestra y se justifica por los espectáculos migratorios, estas representaciones cada vez más visibles de la violencia fronteriza que se apoyan en la colonialidad para generar denegar la humanidad al otro, el ‘migrante’ africano.<br />
Esta lógica (neo)colonial que refuerza la frontera racial, además va permeando todos los estamentos de la política migratoria y de fronteras en Europa cada vez más profundamente, incluyendo la cooperación al desarrollo. Primero instrumentalizándola para perseguir los objetivos de la política migratoria, enseguida desarrollando la seguridad fronteriza de los países africanos en detrimento de sus sectores clave, para finalmente instaurar otro dogma, el de la resiliencia (frente a crisis ecológicas, climáticas, económicas y conflictos) como instrumento para imponer la inmovilidad de las poblaciones africanas.<br />
A partir del estudio del caso español, pero situandolo en un contexto temporal y espacial amplio, esta comunicación abordará las evoluciones recientes de la necropolítica fronteriza y de la externalización entre el estado español y los países del continente africano.</p>
